{"id":9917,"date":"2024-07-09T13:40:27","date_gmt":"2024-07-09T16:40:27","guid":{"rendered":"https:\/\/letsgofitness.cl\/?post_type=product&#038;p=9917"},"modified":"2026-04-10T11:08:47","modified_gmt":"2026-04-10T14:08:47","slug":"standing-multi-flight-strength","status":"publish","type":"product","link":"https:\/\/letsgofitness.cl\/index.php\/producto\/standing-multi-flight-strength\/","title":{"rendered":"STANDING MULTI FLIGHT STRENGTH"},"content":{"rendered":"<p><strong>STANDING MULTI FLIGHT STRENGTH<\/strong>\u00a0una estaci\u00f3n que permite entrenar deltoides, dorsales y pectorales en posici\u00f3n vertical y de forma completa en diferentes \u00e1ngulos, de modo que los m\u00fasculos implicados en los ejercicios puedan desarrollarse plenamente.<\/p>\n<p><strong>Caracter\u00edsticas principales:<\/strong><\/p>\n<ul>\n<li>Estructura Solida<\/li>\n<li>\u00c1ngulo ergon\u00f3mico perfecto<\/li>\n<li>Poleas de aluminio<\/li>\n<li>Brazos de tubo redondo<\/li>\n<li>Tapices en espuma de alta densidad<\/li>\n<li>Cable de acero<\/li>\n<li>Bonito dise\u00f1o de excelente a calidad<\/li>\n<li>Pictograma descriptivo<\/li>\n<li>Cubierta trasera hecha de hierro<\/li>\n<li>Barras gu\u00edas de acero inoxidable<\/li>\n<li>Cables importados<\/li>\n<li>Etiquetas de placas de peso de Pvc<\/li>\n<li>Placas de peso negras<\/li>\n<li>Manijas y cubiertas de pl\u00e1stico<\/li>\n<\/ul>\n<p>DIMENCIONES : LARGO 149 Cm X ANCHO 93 Cm x Alto 200 Cm<\/p>\n<p>STACK : 100 KG<\/p>\n<p>&nbsp;<\/p>\n<p>&nbsp;<\/p>\n","protected":false},"excerpt":{"rendered":"<p>&nbsp;<\/p>\n<p>&nbsp;<\/p>\n","protected":false},"featured_media":10049,"template":"","meta":{"_joinchat":[]},"product_brand":[],"product_cat":[135,122,247,32,48],"product_tag":[],"class_list":{"0":"post-9917","1":"product","2":"type-product","3":"status-publish","4":"has-post-thumbnail","6":"product_cat-oferta","7":"product_cat-stock","8":"product_cat-strength","9":"product_cat-profesional","10":"product_cat-peso-integrado-profesional","12":"first","13":"outofstock","14":"sale","15":"shipping-taxable","16":"purchasable","17":"product-type-simple"},"_links":{"self":[{"href":"https:\/\/letsgofitness.cl\/index.php\/wp-json\/wp\/v2\/product\/9917","targetHints":{"allow":["GET"]}}],"collection":[{"href":"https:\/\/letsgofitness.cl\/index.php\/wp-json\/wp\/v2\/product"}],"about":[{"href":"https:\/\/letsgofitness.cl\/index.php\/wp-json\/wp\/v2\/types\/product"}],"wp:featuredmedia":[{"embeddable":true,"href":"https:\/\/letsgofitness.cl\/index.php\/wp-json\/wp\/v2\/media\/10049"}],"wp:attachment":[{"href":"https:\/\/letsgofitness.cl\/index.php\/wp-json\/wp\/v2\/media?parent=9917"}],"wp:term":[{"taxonomy":"product_brand","embeddable":true,"href":"https:\/\/letsgofitness.cl\/index.php\/wp-json\/wp\/v2\/product_brand?post=9917"},{"taxonomy":"product_cat","embeddable":true,"href":"https:\/\/letsgofitness.cl\/index.php\/wp-json\/wp\/v2\/product_cat?post=9917"},{"taxonomy":"product_tag","embeddable":true,"href":"https:\/\/letsgofitness.cl\/index.php\/wp-json\/wp\/v2\/product_tag?post=9917"}],"curies":[{"name":"wp","href":"https:\/\/api.w.org\/{rel}","templated":true}]}}