{"id":9696,"date":"2024-06-25T16:56:22","date_gmt":"2024-06-25T19:56:22","guid":{"rendered":"https:\/\/letsgofitness.cl\/?post_type=product&#038;p=9696"},"modified":"2026-05-05T11:24:03","modified_gmt":"2026-05-05T14:24:03","slug":"kettlebell-profesional","status":"publish","type":"product","link":"https:\/\/letsgofitness.cl\/index.php\/producto\/kettlebell-profesional\/","title":{"rendered":"KETTLEBELL PROFESIONAL"},"content":{"rendered":"<p>La forma y el dise\u00f1o de las kettlebells hacen que la transici\u00f3n entre movimientos resulte f\u00e1cil y fluida.<\/p>\n<p>El kettlebell tiene una\u00a0<strong>forma de esfera casi perfecta<\/strong>, con una base peque\u00f1a y plana, y un asa con una distancia interior m\u00e1s ancha que el tama\u00f1o que ocupa una mano.<\/p>\n<h2>Elecci\u00f3n del peso del Kettlebell<\/h2>\n<p><strong>C\u00f3mo elegir el peso del Kettlebell seg\u00fan el nivel de Fuerza:<\/strong><\/p>\n<table>\n<tbody>\n<tr>\n<td align=\"center\" width=\"290\"><strong>Nivel de fuerza<\/strong><\/td>\n<td align=\"center\" width=\"142\"><strong>Empezar con<\/strong><\/td>\n<td align=\"center\" width=\"180\"><strong>Kit\u00a0<\/strong><strong>Recomendado<\/strong><\/td>\n<\/tr>\n<tr>\n<td align=\"center\" width=\"290\">Mujer de fuerza media<\/td>\n<td align=\"center\" width=\"142\">8 Kg<\/td>\n<td align=\"center\" width=\"180\">8, 12, 16 Kg<\/td>\n<\/tr>\n<tr>\n<td align=\"center\" width=\"290\">Mujer fuerte o Hombre Principiante<\/td>\n<td align=\"center\" width=\"142\">12 Kg<\/td>\n<td align=\"center\" width=\"180\">12, 16, 20 Kg<\/td>\n<\/tr>\n<tr>\n<td align=\"center\" width=\"290\">Hombre de fuerza media<\/td>\n<td align=\"center\" width=\"142\">16 Kg<\/td>\n<td align=\"center\" width=\"180\">16, 20, 24 Kg<\/td>\n<\/tr>\n<tr>\n<td align=\"center\" width=\"290\">Hombre fuerte<\/td>\n<td align=\"center\" width=\"142\">20 Kg<\/td>\n<td align=\"center\" width=\"180\">20, 24, 28 Kg<\/td>\n<\/tr>\n<tr>\n<td align=\"center\" width=\"290\">Hombre muy fuerte<\/td>\n<td align=\"center\" width=\"142\">24 Kg<\/td>\n<td align=\"center\" width=\"180\">24, 28, 32 Kg<\/td>\n<\/tr>\n<\/tbody>\n<\/table>\n","protected":false},"excerpt":{"rendered":"<p>La forma y el dise\u00f1o de las kettlebells hacen que la transici\u00f3n entre movimientos resulte f\u00e1cil y fluida. El kettlebell tiene una\u00a0forma de esfera casi perfecta,<span class=\"excerpt-hellip\"> [\u2026]<\/span><\/p>\n","protected":false},"featured_media":9739,"template":"","meta":{"_joinchat":[]},"product_brand":[],"product_cat":[106,135,122,32,47],"product_tag":[],"class_list":{"0":"post-9696","1":"product","2":"type-product","3":"status-publish","4":"has-post-thumbnail","6":"product_cat-accesorios","7":"product_cat-oferta","8":"product_cat-stock","9":"product_cat-profesional","10":"product_cat-peso-libre-profesional","12":"first","13":"instock","14":"shipping-taxable","15":"purchasable","16":"product-type-variable"},"_links":{"self":[{"href":"https:\/\/letsgofitness.cl\/index.php\/wp-json\/wp\/v2\/product\/9696","targetHints":{"allow":["GET"]}}],"collection":[{"href":"https:\/\/letsgofitness.cl\/index.php\/wp-json\/wp\/v2\/product"}],"about":[{"href":"https:\/\/letsgofitness.cl\/index.php\/wp-json\/wp\/v2\/types\/product"}],"wp:featuredmedia":[{"embeddable":true,"href":"https:\/\/letsgofitness.cl\/index.php\/wp-json\/wp\/v2\/media\/9739"}],"wp:attachment":[{"href":"https:\/\/letsgofitness.cl\/index.php\/wp-json\/wp\/v2\/media?parent=9696"}],"wp:term":[{"taxonomy":"product_brand","embeddable":true,"href":"https:\/\/letsgofitness.cl\/index.php\/wp-json\/wp\/v2\/product_brand?post=9696"},{"taxonomy":"product_cat","embeddable":true,"href":"https:\/\/letsgofitness.cl\/index.php\/wp-json\/wp\/v2\/product_cat?post=9696"},{"taxonomy":"product_tag","embeddable":true,"href":"https:\/\/letsgofitness.cl\/index.php\/wp-json\/wp\/v2\/product_tag?post=9696"}],"curies":[{"name":"wp","href":"https:\/\/api.w.org\/{rel}","templated":true}]}}