{"id":9685,"date":"2024-06-24T00:08:13","date_gmt":"2024-06-24T03:08:13","guid":{"rendered":"https:\/\/letsgofitness.cl\/?post_type=product&#038;p=9685"},"modified":"2026-04-10T11:08:55","modified_gmt":"2026-04-10T14:08:55","slug":"pendulum-squat-strength-st","status":"publish","type":"product","link":"https:\/\/letsgofitness.cl\/index.php\/producto\/pendulum-squat-strength-st\/","title":{"rendered":"PENDULUM SQUAT STRENGTH ST3 **OFERTA PAGO CONTADO $1.100.000** (Transferencia)"},"content":{"rendered":"<p><strong>Pendulum Squat STRENGTH ST<\/strong> , MAQUINA DE PRENSA PENDULO PARA EJERCITAR PIERNAS (CU\u00c1DRICEPS).<\/p>\n<p>Permite maximizar la <strong>flexi\u00f3n de rodilla<\/strong> y <strong>reducir la presi\u00f3n en la espalda<\/strong>. Cuenta con una <strong>plataforma de pies ajustable en \u00e1ngulo<\/strong>, un soporte de espalda y hombros tapizados, y ajuste de peso y altura para personalizar el entrenamiento.<\/p>\n<p>Incluye soporte de carga de discos y un accesorio para banda reversa en la parte trasera del p\u00e9ndulo, permitiendo <strong>modificar la resistencia<\/strong> de forma efectiva, convierte una herramienta perfecta para un entrenamiento intensivo y seguro de cu\u00e1driceps.<\/p>\n<h5><strong>CARACTER\u00cdSTICAS T\u00c9CNICAS:<\/strong><\/h5>\n<ul>\n<li>TUBO: ACERO CUADRADO<\/li>\n<li>ESPESOR: 3 MM<\/li>\n<li>TAMA\u00d1O DE TUBO: 50 X 80 MM<\/li>\n<li>COLOR: NEGRO<\/li>\n<li>TAPIZ: ESPUMA DE POLIURETANO<\/li>\n<li>DIMENSIONES: 219 X 134 X 162 CM<\/li>\n<li>PESO: 162 KG<\/li>\n<li>PESO M\u00c1XIMO DE USUARIO: 200KG<\/li>\n<li>CARGA M\u00c1XIMA: 300 KG<\/li>\n<\/ul>\n<p>&nbsp;<\/p>\n","protected":false},"excerpt":{"rendered":"<p>Pendulum Squat STRENGTH ST , MAQUINA DE PRENSA PENDULO PARA EJERCITAR PIERNAS (CU\u00c1DRICEPS). Permite maximizar la flexi\u00f3n de rodilla y reducir la presi\u00f3n en la espalda.<span class=\"excerpt-hellip\"> [\u2026]<\/span><\/p>\n","protected":false},"featured_media":10070,"template":"","meta":{"_joinchat":[]},"product_brand":[],"product_cat":[135,122,32,47],"product_tag":[],"class_list":{"0":"post-9685","1":"product","2":"type-product","3":"status-publish","4":"has-post-thumbnail","6":"product_cat-oferta","7":"product_cat-stock","8":"product_cat-profesional","9":"product_cat-peso-libre-profesional","11":"first","12":"outofstock","13":"sale","14":"shipping-taxable","15":"purchasable","16":"product-type-simple"},"_links":{"self":[{"href":"https:\/\/letsgofitness.cl\/index.php\/wp-json\/wp\/v2\/product\/9685","targetHints":{"allow":["GET"]}}],"collection":[{"href":"https:\/\/letsgofitness.cl\/index.php\/wp-json\/wp\/v2\/product"}],"about":[{"href":"https:\/\/letsgofitness.cl\/index.php\/wp-json\/wp\/v2\/types\/product"}],"wp:featuredmedia":[{"embeddable":true,"href":"https:\/\/letsgofitness.cl\/index.php\/wp-json\/wp\/v2\/media\/10070"}],"wp:attachment":[{"href":"https:\/\/letsgofitness.cl\/index.php\/wp-json\/wp\/v2\/media?parent=9685"}],"wp:term":[{"taxonomy":"product_brand","embeddable":true,"href":"https:\/\/letsgofitness.cl\/index.php\/wp-json\/wp\/v2\/product_brand?post=9685"},{"taxonomy":"product_cat","embeddable":true,"href":"https:\/\/letsgofitness.cl\/index.php\/wp-json\/wp\/v2\/product_cat?post=9685"},{"taxonomy":"product_tag","embeddable":true,"href":"https:\/\/letsgofitness.cl\/index.php\/wp-json\/wp\/v2\/product_tag?post=9685"}],"curies":[{"name":"wp","href":"https:\/\/api.w.org\/{rel}","templated":true}]}}