{"id":9660,"date":"2024-06-25T12:52:41","date_gmt":"2024-06-25T15:52:41","guid":{"rendered":"https:\/\/letsgofitness.cl\/?post_type=product&#038;p=9660"},"modified":"2026-04-20T10:10:41","modified_gmt":"2026-04-20T13:10:41","slug":"aerobic-step","status":"publish","type":"product","link":"https:\/\/letsgofitness.cl\/index.php\/producto\/aerobic-step\/","title":{"rendered":"AEROBIC STEP"},"content":{"rendered":"<p><strong>\u00a0 \u00a0 \u00a0 \u00a0Caracter\u00edsticas t\u00e9cnicas:<\/strong><\/p>\n<ul>\n<li>Aerobic step est\u00e1 dise\u00f1ada para realizar ejercicios de gl\u00fateo y pierna.<\/li>\n<li>Podr\u00e1s realizar bailes r\u00edtmicos as\u00ed como tu propio entrenamiento intensivo para poder llevar una vida saludable.<\/li>\n<li>La plataforma de step se puede utilizar para esculpir su cuerpo inferior y desarrollar su sistema cardiovascular.<\/li>\n<\/ul>\n<p>&nbsp;<\/p>\n<p><strong> \u00a0Dimensiones:<\/strong><\/p>\n<ul>\n<li>110x42cm<\/li>\n<\/ul>\n","protected":false},"excerpt":{"rendered":"<p>\u00a0 \u00a0 \u00a0 \u00a0Caracter\u00edsticas t\u00e9cnicas: Aerobic step est\u00e1 dise\u00f1ada para realizar ejercicios de gl\u00fateo y pierna. Podr\u00e1s realizar bailes r\u00edtmicos as\u00ed como tu propio entrenamiento intensivo<span class=\"excerpt-hellip\"> [\u2026]<\/span><\/p>\n","protected":false},"featured_media":9710,"template":"","meta":{"_joinchat":[]},"product_brand":[],"product_cat":[106,218,135,122,32],"product_tag":[],"class_list":{"0":"post-9660","1":"product","2":"type-product","3":"status-publish","4":"has-post-thumbnail","6":"product_cat-accesorios","7":"product_cat-black-friday","8":"product_cat-oferta","9":"product_cat-stock","10":"product_cat-profesional","12":"first","13":"instock","14":"sale","15":"shipping-taxable","16":"purchasable","17":"product-type-simple"},"_links":{"self":[{"href":"https:\/\/letsgofitness.cl\/index.php\/wp-json\/wp\/v2\/product\/9660","targetHints":{"allow":["GET"]}}],"collection":[{"href":"https:\/\/letsgofitness.cl\/index.php\/wp-json\/wp\/v2\/product"}],"about":[{"href":"https:\/\/letsgofitness.cl\/index.php\/wp-json\/wp\/v2\/types\/product"}],"wp:featuredmedia":[{"embeddable":true,"href":"https:\/\/letsgofitness.cl\/index.php\/wp-json\/wp\/v2\/media\/9710"}],"wp:attachment":[{"href":"https:\/\/letsgofitness.cl\/index.php\/wp-json\/wp\/v2\/media?parent=9660"}],"wp:term":[{"taxonomy":"product_brand","embeddable":true,"href":"https:\/\/letsgofitness.cl\/index.php\/wp-json\/wp\/v2\/product_brand?post=9660"},{"taxonomy":"product_cat","embeddable":true,"href":"https:\/\/letsgofitness.cl\/index.php\/wp-json\/wp\/v2\/product_cat?post=9660"},{"taxonomy":"product_tag","embeddable":true,"href":"https:\/\/letsgofitness.cl\/index.php\/wp-json\/wp\/v2\/product_tag?post=9660"}],"curies":[{"name":"wp","href":"https:\/\/api.w.org\/{rel}","templated":true}]}}