{"id":9379,"date":"2024-05-27T11:28:15","date_gmt":"2024-05-27T14:28:15","guid":{"rendered":"https:\/\/letsgofitness.cl\/?post_type=product&#038;p=9379"},"modified":"2026-05-05T11:19:03","modified_gmt":"2026-05-05T14:19:03","slug":"powerlife-wide-chest-press-free-weight-boss-strength","status":"publish","type":"product","link":"https:\/\/letsgofitness.cl\/index.php\/producto\/powerlife-wide-chest-press-free-weight-boss-strength\/","title":{"rendered":"PowerLife Wide Chest Press Free Weight BOSS STRENGTH"},"content":{"rendered":"<h5 class=\"title\"><strong>Descripci\u00f3n<\/strong><\/h5>\n<div class=\"answer\">\n<div><\/div>\n<div class=\"mfn-builder-content mfn-default-content-buider\">Wide Chest Press <strong>BOSS STRENGTH POWERLIFE<\/strong>, se enfoca en\u00a0 los m\u00fasculos del pecho para los movimientos de empuje diarios.<\/div>\n<div class=\"mfn-builder-content mfn-default-content-buider\">El asiento acolchado es ajustable en diferentes alturas, es\u00a0 \u00a0ergon\u00f3mica;\u00a0 permite sentarse c\u00f3modamente y hacer ejercicio con el posicionamiento adecuado de la espalda y es fabricado en espuma de alta densidad.<\/div>\n<div><\/div>\n<div class=\"mfn-builder-content mfn-default-content-buider\">Los <strong>rodamientos de precisi\u00f3n<\/strong> brindan repeticiones suaves y naturales que no sienten la resistencia de la m\u00e1quina, solo la resistencia del peso.<\/div>\n<div><\/div>\n<div class=\"mfn-builder-content mfn-default-content-buider\">Las barras de almacenamiento de placas de peso niqueladas est\u00e1n dise\u00f1adas para resistir la corrosi\u00f3n, el \u00f3xido y el uso intensivo.<\/div>\n<div><\/div>\n<div class=\"mfn-builder-content mfn-default-content-buider\">Dise\u00f1ado para proporcionar un entrenamiento intenso y eliminar la tensi\u00f3n.<\/div>\n<div><\/div>\n<div class=\"mfn-builder-content mfn-default-content-buider\">Las almohadillas son gruesas y c\u00f3modas reducen la fatiga y la incomodidad y le permiten seguir entrenando.<\/div>\n<div><\/div>\n<div class=\"mfn-builder-content mfn-default-content-buider\">Maquina con gran estabilidad que entregan los<strong> tubos de acero de calibre 11<\/strong> y est\u00e1n recubiertos de polvo electrost\u00e1tico, sometidos a rigurosas pruebas de niebla salina.<\/div>\n<\/div>\n","protected":false},"excerpt":{"rendered":"<p>Descripci\u00f3n Wide Chest Press BOSS STRENGTH POWERLIFE, se enfoca en\u00a0 los m\u00fasculos del pecho para los movimientos de empuje diarios. El asiento acolchado es ajustable en<span class=\"excerpt-hellip\"> [\u2026]<\/span><\/p>\n","protected":false},"featured_media":9380,"template":"","meta":{"_joinchat":[]},"product_brand":[],"product_cat":[130,135,122,47],"product_tag":[],"class_list":{"0":"post-9379","1":"product","2":"type-product","3":"status-publish","4":"has-post-thumbnail","6":"product_cat-boss-strength","7":"product_cat-oferta","8":"product_cat-stock","9":"product_cat-peso-libre-profesional","11":"first","12":"outofstock","13":"sale","14":"shipping-taxable","15":"purchasable","16":"product-type-simple"},"_links":{"self":[{"href":"https:\/\/letsgofitness.cl\/index.php\/wp-json\/wp\/v2\/product\/9379","targetHints":{"allow":["GET"]}}],"collection":[{"href":"https:\/\/letsgofitness.cl\/index.php\/wp-json\/wp\/v2\/product"}],"about":[{"href":"https:\/\/letsgofitness.cl\/index.php\/wp-json\/wp\/v2\/types\/product"}],"wp:featuredmedia":[{"embeddable":true,"href":"https:\/\/letsgofitness.cl\/index.php\/wp-json\/wp\/v2\/media\/9380"}],"wp:attachment":[{"href":"https:\/\/letsgofitness.cl\/index.php\/wp-json\/wp\/v2\/media?parent=9379"}],"wp:term":[{"taxonomy":"product_brand","embeddable":true,"href":"https:\/\/letsgofitness.cl\/index.php\/wp-json\/wp\/v2\/product_brand?post=9379"},{"taxonomy":"product_cat","embeddable":true,"href":"https:\/\/letsgofitness.cl\/index.php\/wp-json\/wp\/v2\/product_cat?post=9379"},{"taxonomy":"product_tag","embeddable":true,"href":"https:\/\/letsgofitness.cl\/index.php\/wp-json\/wp\/v2\/product_tag?post=9379"}],"curies":[{"name":"wp","href":"https:\/\/api.w.org\/{rel}","templated":true}]}}