{"id":9242,"date":"2024-05-05T23:47:39","date_gmt":"2024-05-06T02:47:39","guid":{"rendered":"https:\/\/letsgofitness.cl\/?post_type=product&#038;p=9242"},"modified":"2026-05-05T11:19:04","modified_gmt":"2026-05-05T14:19:04","slug":"hip-thrust-strong-workout","status":"publish","type":"product","link":"https:\/\/letsgofitness.cl\/index.php\/producto\/hip-thrust-strong-workout\/","title":{"rendered":"STRONG WORKOUT PL Hip Thrust"},"content":{"rendered":"<p><strong> STRONG WORKOUT PL Hip Thrust B <\/strong>esta dise\u00f1ada para desarrollar, fortalecer y tonificar los m\u00fasculos de gl\u00fateos.<br \/>\nConstruida con materiales de primera calidad, su estructura de acero , garantiza una base s\u00f3lida y resistente.<br \/>\nPosee una plataforma para pies amplia, apoyo para espalda y cadera acolchado que permite realizar el ejercicio de manera c\u00f3moda, sin tener que agregar almohadillas.<br \/>\nPosee un mango delantero en la parte superior, que permite sujetarse mientras se realiza elevaci\u00f3n de cadera, asegurando una postura \u00f3ptima y un entrenamiento seguro.<br \/>\nIncluye en sus costados 2 soportes para la carga de discos.<\/p>\n<p>Peso Del Producto:110 kg.<br \/>\nDimensiones Del Producto Armado: 1745 x 1485 x 800 mm<br \/>\nDimensiones Del Producto embalado: 1370 x 920 x 550 mm<\/p>\n","protected":false},"excerpt":{"rendered":"<p>STRONG WORKOUT PL Hip Thrust B esta dise\u00f1ada para desarrollar, fortalecer y tonificar los m\u00fasculos de gl\u00fateos. Construida con materiales de primera calidad, su estructura de<span class=\"excerpt-hellip\"> [\u2026]<\/span><\/p>\n","protected":false},"featured_media":10302,"template":"","meta":{"_joinchat":[]},"product_brand":[],"product_cat":[213,135,88,122,32,47],"product_tag":[],"class_list":{"0":"post-9242","1":"product","2":"type-product","3":"status-publish","4":"has-post-thumbnail","6":"product_cat-gluteo","7":"product_cat-oferta","8":"product_cat-semiprofesional-peso-libre","9":"product_cat-stock","10":"product_cat-profesional","11":"product_cat-peso-libre-profesional","13":"first","14":"outofstock","15":"sale","16":"shipping-taxable","17":"purchasable","18":"product-type-simple"},"_links":{"self":[{"href":"https:\/\/letsgofitness.cl\/index.php\/wp-json\/wp\/v2\/product\/9242","targetHints":{"allow":["GET"]}}],"collection":[{"href":"https:\/\/letsgofitness.cl\/index.php\/wp-json\/wp\/v2\/product"}],"about":[{"href":"https:\/\/letsgofitness.cl\/index.php\/wp-json\/wp\/v2\/types\/product"}],"wp:featuredmedia":[{"embeddable":true,"href":"https:\/\/letsgofitness.cl\/index.php\/wp-json\/wp\/v2\/media\/10302"}],"wp:attachment":[{"href":"https:\/\/letsgofitness.cl\/index.php\/wp-json\/wp\/v2\/media?parent=9242"}],"wp:term":[{"taxonomy":"product_brand","embeddable":true,"href":"https:\/\/letsgofitness.cl\/index.php\/wp-json\/wp\/v2\/product_brand?post=9242"},{"taxonomy":"product_cat","embeddable":true,"href":"https:\/\/letsgofitness.cl\/index.php\/wp-json\/wp\/v2\/product_cat?post=9242"},{"taxonomy":"product_tag","embeddable":true,"href":"https:\/\/letsgofitness.cl\/index.php\/wp-json\/wp\/v2\/product_tag?post=9242"}],"curies":[{"name":"wp","href":"https:\/\/api.w.org\/{rel}","templated":true}]}}