{"id":9018,"date":"2024-05-15T15:35:49","date_gmt":"2024-05-15T18:35:49","guid":{"rendered":"https:\/\/letsgofitness.cl\/?post_type=product&#038;p=9018"},"modified":"2026-04-10T11:10:10","modified_gmt":"2026-04-10T14:10:10","slug":"dual-leg-extension-prone-leg-curl","status":"publish","type":"product","link":"https:\/\/letsgofitness.cl\/index.php\/producto\/dual-leg-extension-prone-leg-curl\/","title":{"rendered":"DUAL LEG EXTENSION\/PRONE LEG CURL"},"content":{"rendered":"<h5>Dise\u00f1ada espec\u00edficamente para entrenamientos de alto rendimiento con funci\u00f3n dual. Se adapta a las necesidades individuales del usuario y permite realizar tanto la extensi\u00f3n de cu\u00e1driceps como la contracci\u00f3n de femoral acostado, lo que favorece los ejercicios en superserie de piernas.<\/h5>\n<h5>Cuenta con la capacidad de regular el respaldo y los rodillos acolchados que sujetan las piernas, lo que proporciona un movimiento natural y c\u00f3modo al ejercitar los m\u00fasculos posteriores comprendidos entre la cadera y la rodilla.<\/h5>\n<h5>ESPECIFICACIONES T\u00c9CNICAS:<\/h5>\n<ul>\n<li>Dimensiones: 127.8 x 162.3 x 151.1 cm<\/li>\n<li>STACK: 127KG<\/li>\n<\/ul>\n","protected":false},"excerpt":{"rendered":"<h4><strong>STOCK DISPONIBLE\u00a0<\/strong><\/h4>\n","protected":false},"featured_media":9297,"template":"","meta":{"_joinchat":[]},"product_brand":[],"product_cat":[130,70,135,122,32,48],"product_tag":[],"class_list":{"0":"post-9018","1":"product","2":"type-product","3":"status-publish","4":"has-post-thumbnail","6":"product_cat-boss-strength","7":"product_cat-profesional-pesointegrado-extension-de-cuadripceps","8":"product_cat-oferta","9":"product_cat-stock","10":"product_cat-profesional","11":"product_cat-peso-integrado-profesional","13":"first","14":"outofstock","15":"sale","16":"shipping-taxable","17":"purchasable","18":"product-type-simple"},"_links":{"self":[{"href":"https:\/\/letsgofitness.cl\/index.php\/wp-json\/wp\/v2\/product\/9018","targetHints":{"allow":["GET"]}}],"collection":[{"href":"https:\/\/letsgofitness.cl\/index.php\/wp-json\/wp\/v2\/product"}],"about":[{"href":"https:\/\/letsgofitness.cl\/index.php\/wp-json\/wp\/v2\/types\/product"}],"wp:featuredmedia":[{"embeddable":true,"href":"https:\/\/letsgofitness.cl\/index.php\/wp-json\/wp\/v2\/media\/9297"}],"wp:attachment":[{"href":"https:\/\/letsgofitness.cl\/index.php\/wp-json\/wp\/v2\/media?parent=9018"}],"wp:term":[{"taxonomy":"product_brand","embeddable":true,"href":"https:\/\/letsgofitness.cl\/index.php\/wp-json\/wp\/v2\/product_brand?post=9018"},{"taxonomy":"product_cat","embeddable":true,"href":"https:\/\/letsgofitness.cl\/index.php\/wp-json\/wp\/v2\/product_cat?post=9018"},{"taxonomy":"product_tag","embeddable":true,"href":"https:\/\/letsgofitness.cl\/index.php\/wp-json\/wp\/v2\/product_tag?post=9018"}],"curies":[{"name":"wp","href":"https:\/\/api.w.org\/{rel}","templated":true}]}}