{"id":8655,"date":"2024-02-16T13:01:39","date_gmt":"2024-02-16T16:01:39","guid":{"rendered":"https:\/\/letsgofitness.cl\/?post_type=product&#038;p=8655"},"modified":"2026-04-10T11:10:11","modified_gmt":"2026-04-10T14:10:11","slug":"banco-ajustable-pro-boss-strength","status":"publish","type":"product","link":"https:\/\/letsgofitness.cl\/index.php\/producto\/banco-ajustable-pro-boss-strength\/","title":{"rendered":"BANCO AJUSTABLE PRO BOSS STRENGTH"},"content":{"rendered":"<p><span class=\"Y2IQFc\" lang=\"es\">Nuestro BANCO AJUSTABLE PRO BOSS STRENGTH combina belleza con fuerza, <\/span><span class=\"Y2IQFc\" lang=\"es\">cada equipo est\u00e1 dise\u00f1ado para lograr un rendimiento \u00f3ptimo del usuario y resultados sobresalientes. <\/span>La unidad tiene varios niveles de inclinaci\u00f3n. La almohadilla del respaldo y la almohadilla del asiento se ajustan individualmente entre s\u00ed. El banco ajustable tiene una capacidad de peso probada de m\u00e1s de 1000 libras con su acero de calibre once de 2 &#8220;x3&#8221;. La tapicer\u00eda gruesa y duradera se sostiene en cualquier entorno. Las ruedas de gran tama\u00f1o con un asa de transporte frontal hacen que el banco ajustable Pro sea muy f\u00e1cil de mover. La combinaci\u00f3n perfecta para entrenamientos con mancuernas, m\u00e1quinas Smith, racks de sentadillas y racks de potencia<\/p>\n<p>&nbsp;<\/p>\n<ul>\n<li>Seis posiciones ajustables del respaldo de 0\u00b0, 15\u00b0, 30\u00b0, 45\u00b0, 60\u00b0 y 80\u00b0 para ejercicios inclinados y de banco plano<\/li>\n<li>Cinco posiciones de asiento de trinquete ajustables que se adaptan a diferentes alturas de usuario<\/li>\n<li>Cubiertas de poliuretano termopl\u00e1stico para ajustadores de almohadillas traseras para reducir el desgaste<\/li>\n<li>La empu\u00f1adura y las ruedas integradas proporcionan capacidad de inclinaci\u00f3n y balanceo para un f\u00e1cil almacenamiento<\/li>\n<li>Capacidad m\u00e1xima de peso de ejercicio: 1,000 libras (454 kg)<\/li>\n<\/ul>\n","protected":false},"excerpt":{"rendered":"<p>Nuestro BANCO AJUSTABLE PRO BOSS STRENGTH combina belleza con fuerza, cada equipo est\u00e1 dise\u00f1ado para lograr un rendimiento \u00f3ptimo del usuario y resultados sobresalientes. La unidad<span class=\"excerpt-hellip\"> [\u2026]<\/span><\/p>\n","protected":false},"featured_media":8662,"template":"","meta":{"_joinchat":[]},"product_brand":[],"product_cat":[140,122,32],"product_tag":[],"class_list":{"0":"post-8655","1":"product","2":"type-product","3":"status-publish","4":"has-post-thumbnail","6":"product_cat-bancos-rack-smith","7":"product_cat-stock","8":"product_cat-profesional","10":"first","11":"instock","12":"sale","13":"shipping-taxable","14":"purchasable","15":"product-type-simple"},"_links":{"self":[{"href":"https:\/\/letsgofitness.cl\/index.php\/wp-json\/wp\/v2\/product\/8655","targetHints":{"allow":["GET"]}}],"collection":[{"href":"https:\/\/letsgofitness.cl\/index.php\/wp-json\/wp\/v2\/product"}],"about":[{"href":"https:\/\/letsgofitness.cl\/index.php\/wp-json\/wp\/v2\/types\/product"}],"wp:featuredmedia":[{"embeddable":true,"href":"https:\/\/letsgofitness.cl\/index.php\/wp-json\/wp\/v2\/media\/8662"}],"wp:attachment":[{"href":"https:\/\/letsgofitness.cl\/index.php\/wp-json\/wp\/v2\/media?parent=8655"}],"wp:term":[{"taxonomy":"product_brand","embeddable":true,"href":"https:\/\/letsgofitness.cl\/index.php\/wp-json\/wp\/v2\/product_brand?post=8655"},{"taxonomy":"product_cat","embeddable":true,"href":"https:\/\/letsgofitness.cl\/index.php\/wp-json\/wp\/v2\/product_cat?post=8655"},{"taxonomy":"product_tag","embeddable":true,"href":"https:\/\/letsgofitness.cl\/index.php\/wp-json\/wp\/v2\/product_tag?post=8655"}],"curies":[{"name":"wp","href":"https:\/\/api.w.org\/{rel}","templated":true}]}}