{"id":8466,"date":"2024-01-16T16:28:17","date_gmt":"2024-01-16T19:28:17","guid":{"rendered":"https:\/\/letsgofitness.cl\/?post_type=product&#038;p=8466"},"modified":"2026-04-10T11:10:11","modified_gmt":"2026-04-10T14:10:11","slug":"eliptica-profesional-boss-strength","status":"publish","type":"product","link":"https:\/\/letsgofitness.cl\/index.php\/producto\/eliptica-profesional-boss-strength\/","title":{"rendered":"EL\u00cdPTICA PROFESIONAL BOSS STRENGTH **OFERTA PAGO CONTADO $2.090.000** (TRANSFERENCIA)"},"content":{"rendered":"<p>Sum\u00e9rgete en una revoluci\u00f3n de fitness con la El\u00edptica Profesional Boss Strength, una obra maestra de elegancia y rendimiento en el mundo de las el\u00edpticas. Esta joya de ingenier\u00eda te invita a explorar una nueva dimensi\u00f3n de entrenamiento, donde la forma se encuentra con la funci\u00f3n de manera armoniosa.<\/p>\n<p>El dise\u00f1o fluido de la El\u00edptica Profesional Boss Strength se adapta perfectamente a tu gimnasio, convirti\u00e9ndose en un punto focal est\u00e9tico mientras te sumerges en un viaje fitness. Con cada movimiento, experimentar\u00e1s una sensaci\u00f3n de ingravidez que desaf\u00eda la gravedad, gracias a su movimiento el\u00edptico suave y sin impacto.<\/p>\n<p>La conectividad Bluetooth te permite sincronizar tu m\u00fasica favorita, transformando tu rutina en una sinfon\u00eda de energ\u00eda. Ajusta la resistencia y deja que la pantalla interactiva te gu\u00ede a trav\u00e9s de un abanico de programas personalizables que despiertan tu pasi\u00f3n por el ejercicio.<\/p>\n<p>La El\u00edptica Profesional Boss Strength no es solo una m\u00e1quina de ejercicios, es una expresi\u00f3n art\u00edstica del bienestar. Eleva tu experiencia fitness con estilo, innovaci\u00f3n y un rendimiento que te desaf\u00eda a alcanzar nuevas alturas en cada paso.<\/p>\n<p><strong>AUTOGENERACI\u00d3N DE ENERG\u00cdA<\/strong><\/p>\n<ul>\n<li>Soporte de botella: Si.<\/li>\n<li>Medidor de frecuencia card\u00edaca: Si.<\/li>\n<li>Tiempo de recorrido y calor\u00edas: Si.<\/li>\n<li>Posee: 9 programas de entrenamiento personalizables.<\/li>\n<li>Peso m\u00e1ximo usuario: 150 Kg.<\/li>\n<li>Pantalla interactiva: Si.<\/li>\n<li>Peso del empaque: 200 Kg.<\/li>\n<li>Dimensiones del empaque: 232 \u00d7 79 \u00d7 105 cm.<\/li>\n<\/ul>\n","protected":false},"excerpt":{"rendered":"<p><strong>STOCK DISPONIBLE DESDE EL 25 DE MARZO<\/strong><\/p>\n","protected":false},"featured_media":8468,"template":"","meta":{"_joinchat":[]},"product_brand":[],"product_cat":[135,122,32,46,55],"product_tag":[],"class_list":{"0":"post-8466","1":"product","2":"type-product","3":"status-publish","4":"has-post-thumbnail","6":"product_cat-oferta","7":"product_cat-stock","8":"product_cat-profesional","9":"product_cat-cardio-profesional","10":"product_cat-profesional-cardio-elipticas","12":"first","13":"instock","14":"sale","15":"shipping-taxable","16":"purchasable","17":"product-type-simple"},"_links":{"self":[{"href":"https:\/\/letsgofitness.cl\/index.php\/wp-json\/wp\/v2\/product\/8466","targetHints":{"allow":["GET"]}}],"collection":[{"href":"https:\/\/letsgofitness.cl\/index.php\/wp-json\/wp\/v2\/product"}],"about":[{"href":"https:\/\/letsgofitness.cl\/index.php\/wp-json\/wp\/v2\/types\/product"}],"wp:featuredmedia":[{"embeddable":true,"href":"https:\/\/letsgofitness.cl\/index.php\/wp-json\/wp\/v2\/media\/8468"}],"wp:attachment":[{"href":"https:\/\/letsgofitness.cl\/index.php\/wp-json\/wp\/v2\/media?parent=8466"}],"wp:term":[{"taxonomy":"product_brand","embeddable":true,"href":"https:\/\/letsgofitness.cl\/index.php\/wp-json\/wp\/v2\/product_brand?post=8466"},{"taxonomy":"product_cat","embeddable":true,"href":"https:\/\/letsgofitness.cl\/index.php\/wp-json\/wp\/v2\/product_cat?post=8466"},{"taxonomy":"product_tag","embeddable":true,"href":"https:\/\/letsgofitness.cl\/index.php\/wp-json\/wp\/v2\/product_tag?post=8466"}],"curies":[{"name":"wp","href":"https:\/\/api.w.org\/{rel}","templated":true}]}}