{"id":7697,"date":"2023-11-14T12:06:17","date_gmt":"2023-11-14T15:06:17","guid":{"rendered":"https:\/\/letsgofitness.cl\/?post_type=product&#038;p=7697"},"modified":"2026-05-05T11:25:25","modified_gmt":"2026-05-05T14:25:25","slug":"biceps-curl-pro-realleader-usa","status":"publish","type":"product","link":"https:\/\/letsgofitness.cl\/index.php\/producto\/biceps-curl-pro-realleader-usa\/","title":{"rendered":"BICEPS CURL PRO REALLEADER USA"},"content":{"rendered":"<p><strong>BICEPS CURL PRO <\/strong><\/p>\n<p>Serie PRO Realleader, adopta un dise\u00f1o ergon\u00f3mico perfecto y utiliza los mejores arcos y \u00e1ngulos dise\u00f1ados para la fisiolog\u00eda del ejercicio humano.<\/p>\n<p>Construido a partir de 3*40*80 mm secci\u00f3n de tubo de acero, es fuerte, resistente y robusto.<\/p>\n<p><strong>BICEPS CURL PRO<\/strong> cuenta con un brazo separado que proporciona movimientos divergentes y convergentes independientes.<\/p>\n<p>Los ajustes de la almohadilla y el asiento proporcionan posiciones neutras de la mu\u00f1eca y una colocaci\u00f3n \u00f3ptima del cuerpo.<\/p>\n<p><strong>CARACTERISTICAS T\u00c9CNICAS:<\/strong><\/p>\n<ul>\n<li>Dimensiones: Fondo\/largo 110 x ancho 142 x alto 106 cm<\/li>\n<li>Mango\/ polea: Aleaci\u00f3n de aluminio<\/li>\n<\/ul>\n","protected":false},"excerpt":{"rendered":"<p>COLOR DISPONIBLE:<\/p>\n<ul>\n<li>NEGRO \/TAPIZ CAF\u00c9<\/li>\n<\/ul>\n","protected":false},"featured_media":7997,"template":"","meta":{"_joinchat":[]},"product_brand":[],"product_cat":[135,122,32,47],"product_tag":[],"class_list":{"0":"post-7697","1":"product","2":"type-product","3":"status-publish","4":"has-post-thumbnail","6":"product_cat-oferta","7":"product_cat-stock","8":"product_cat-profesional","9":"product_cat-peso-libre-profesional","11":"first","12":"instock","13":"sale","14":"shipping-taxable","15":"purchasable","16":"product-type-simple"},"_links":{"self":[{"href":"https:\/\/letsgofitness.cl\/index.php\/wp-json\/wp\/v2\/product\/7697","targetHints":{"allow":["GET"]}}],"collection":[{"href":"https:\/\/letsgofitness.cl\/index.php\/wp-json\/wp\/v2\/product"}],"about":[{"href":"https:\/\/letsgofitness.cl\/index.php\/wp-json\/wp\/v2\/types\/product"}],"wp:featuredmedia":[{"embeddable":true,"href":"https:\/\/letsgofitness.cl\/index.php\/wp-json\/wp\/v2\/media\/7997"}],"wp:attachment":[{"href":"https:\/\/letsgofitness.cl\/index.php\/wp-json\/wp\/v2\/media?parent=7697"}],"wp:term":[{"taxonomy":"product_brand","embeddable":true,"href":"https:\/\/letsgofitness.cl\/index.php\/wp-json\/wp\/v2\/product_brand?post=7697"},{"taxonomy":"product_cat","embeddable":true,"href":"https:\/\/letsgofitness.cl\/index.php\/wp-json\/wp\/v2\/product_cat?post=7697"},{"taxonomy":"product_tag","embeddable":true,"href":"https:\/\/letsgofitness.cl\/index.php\/wp-json\/wp\/v2\/product_tag?post=7697"}],"curies":[{"name":"wp","href":"https:\/\/api.w.org\/{rel}","templated":true}]}}