{"id":7359,"date":"2025-12-30T01:00:07","date_gmt":"2025-12-30T04:00:07","guid":{"rendered":"https:\/\/letsgofitness.cl\/?post_type=product&#038;p=7359"},"modified":"2026-04-10T11:08:46","modified_gmt":"2026-04-10T14:08:46","slug":"leg-extension-impulse-exoform","status":"publish","type":"product","link":"https:\/\/letsgofitness.cl\/index.php\/producto\/leg-extension-impulse-exoform\/","title":{"rendered":"LEG EXTENSION IMPULSE EXOFORM"},"content":{"rendered":"<h6><strong>EXOFORM es una gama de equipos de fuerza comercial que ofrece al cliente un dise\u00f1o de primera calidad con funciones profesionales. Representa el nuevo equipo de resistencia de alto nivel, que combina un aspecto impresionante con un estilo duro y resultados de resistencia notables.<\/strong><\/h6>\n<h5>\u00a0 \u00a0CARACTER\u00cdSTICAS:<\/h5>\n<ul>\n<li>Los tubos verticales son con tubo especial en tama\u00f1o 72.8\u00d7141.7\u00d73mm, y la parte funcional con tubo de pista de carreras en tama\u00f1o 40\u00d7133\u00d73mm, tubos aplica doble recubrimiento en polvo y proceso de pintura que garantiza alta calidad y ultra durabilidad.<\/li>\n<li>Con el sistema de asistencia de resorte en espiral, el nuevo ajuste de asiento de 3 bieletajes dise\u00f1ado es conciso, ahorra costos y ofrece una instalaci\u00f3n f\u00e1cil.<\/li>\n<li>La tapicer\u00eda de dise\u00f1o ergon\u00f3mico es con espuma de PU que ofrece comodidad y protecci\u00f3n de seguridad.<\/li>\n<li>Se aplican tanto el sistema de transmisi\u00f3n por correa como por cable. El cable con 12 fibras complejas recubiertas de nylon garantiza una vida \u00fatil 300.000 veces. La correa es con alambre de acero incrustado que garantiza una ultra durabilidad y una larga vida \u00fatil.<\/li>\n<li>La potencia del resorte helicoidal coclear plano se ensambla de manera simple, de bajo costo, f\u00e1cil de usar y un dise\u00f1o de apariencia m\u00e1s concisa.<\/li>\n<li>Una variedad de posiciones de entrenamiento est\u00e1n especialmente dise\u00f1adas para satisfacer una variedad de necesidades de ejercicio.<\/li>\n<li>Manilla de dise\u00f1o ergon\u00f3mico hecho con material TPU y anillo de agarre de aluminio, y Todas las piezas de hardware expuestas son niqueladas o de acero inoxidable. El dise\u00f1o conciso ofrece comodidad y seguridad. Todos los componentes din\u00e1micos est\u00e1n protegidos por razones de seguridad.<\/li>\n<li>El iPad de dise\u00f1o amigable y los porta botellas est\u00e1n separados para cumplir con varios requisitos. La instrucci\u00f3n de entrenamiento est\u00e1 dise\u00f1ada por dise\u00f1adores estadounidenses, y el efecto 3D de los personajes es fuerte, con la funci\u00f3n de cronometraje y conteo de la mesa electr\u00f3nica.<\/li>\n<\/ul>\n<h5>\u00a0 \u00a0ESPECIFICACIONES T\u00c9CNICAS:<\/h5>\n<ul>\n<li>Dimensiones: 127 x 124 x 149 CM.<\/li>\n<li>Peso neto: 170 kg.<\/li>\n<li>Peso bruto: 197 kg.<\/li>\n<\/ul>\n","protected":false},"excerpt":{"rendered":"<p>COLOR DISPONIBLE:<\/p>\n<ul>\n<li>NEGRO<\/li>\n<\/ul>\n","protected":false},"featured_media":14220,"template":"","meta":{"_joinchat":[]},"product_brand":[],"product_cat":[211,135,122,32,48],"product_tag":[],"class_list":{"0":"post-7359","1":"product","2":"type-product","3":"status-publish","4":"has-post-thumbnail","6":"product_cat-impulse","7":"product_cat-oferta","8":"product_cat-stock","9":"product_cat-profesional","10":"product_cat-peso-integrado-profesional","12":"first","13":"instock","14":"sale","15":"shipping-taxable","16":"purchasable","17":"product-type-simple"},"_links":{"self":[{"href":"https:\/\/letsgofitness.cl\/index.php\/wp-json\/wp\/v2\/product\/7359","targetHints":{"allow":["GET"]}}],"collection":[{"href":"https:\/\/letsgofitness.cl\/index.php\/wp-json\/wp\/v2\/product"}],"about":[{"href":"https:\/\/letsgofitness.cl\/index.php\/wp-json\/wp\/v2\/types\/product"}],"wp:featuredmedia":[{"embeddable":true,"href":"https:\/\/letsgofitness.cl\/index.php\/wp-json\/wp\/v2\/media\/14220"}],"wp:attachment":[{"href":"https:\/\/letsgofitness.cl\/index.php\/wp-json\/wp\/v2\/media?parent=7359"}],"wp:term":[{"taxonomy":"product_brand","embeddable":true,"href":"https:\/\/letsgofitness.cl\/index.php\/wp-json\/wp\/v2\/product_brand?post=7359"},{"taxonomy":"product_cat","embeddable":true,"href":"https:\/\/letsgofitness.cl\/index.php\/wp-json\/wp\/v2\/product_cat?post=7359"},{"taxonomy":"product_tag","embeddable":true,"href":"https:\/\/letsgofitness.cl\/index.php\/wp-json\/wp\/v2\/product_tag?post=7359"}],"curies":[{"name":"wp","href":"https:\/\/api.w.org\/{rel}","templated":true}]}}