{"id":6896,"date":"2023-06-12T18:12:52","date_gmt":"2023-06-12T21:12:52","guid":{"rendered":"https:\/\/letsgofitness.cl\/?post_type=product&#038;p=6896"},"modified":"2024-02-13T17:37:02","modified_gmt":"2024-02-13T20:37:02","slug":"pack-1-yoga-full","status":"publish","type":"product","link":"https:\/\/letsgofitness.cl\/index.php\/producto\/pack-1-yoga-full\/","title":{"rendered":"PACK 1 YOGA FULL"},"content":{"rendered":"<p><span class=\"WdYUQQ text-decoration-none text-strikethrough-none\">PACK INCLUYE:<\/span><\/p>\n<ul>\n<li><span class=\"WdYUQQ text-decoration-none text-strikethrough-none\">4 PARES DE MANCUERNAS HEXAGONALES DE 2.5 KG<\/span><\/li>\n<li><span class=\"WdYUQQ text-decoration-none text-strikethrough-none\">4 SET GLUTE BAND BS<\/span><\/li>\n<li><span class=\"WdYUQQ text-decoration-none text-strikethrough-none\">4 YOGA MATT BOSS STRENGTH (15mm)<\/span><\/li>\n<\/ul>\n<p>&nbsp;<\/p>\n<p>MAT YOGA NBR, es una colchoneta ideal para realizar entrenamientos de yoga, pilates, stretching y otros\u00a0 entrenamiento funcionales. Excelente grosor (15mm) y textura adherente al piso, permitir\u00e1 absorber impactos, cuidar tus puntos de apoyos y articulaciones. Dise\u00f1ado para usos intensivos, c\u00f3modo para usar en suelos duros,\u00a0 gran durabilidad y f\u00e1cil de limpiar<br \/>\nCaracter\u00edsticas:<br \/>\n\u2022 Material NBR<br \/>\n\u2022 Gran durabilidad.<br \/>\n\u2022 C\u00f3modo para suelos duros.<br \/>\n\u2022 Enrollable para guardar f\u00e1cilmente<br \/>\n\u2022 Antideslizante.<\/p>\n","protected":false},"excerpt":{"rendered":"<p>PACK INCLUYE: 4 PARES DE MANCUERNAS HEXAGONALES DE 2.5 KG 4 SET GLUTE BAND BS 4 YOGA MATT BOSS STRENGTH (15mm) &nbsp; MAT YOGA NBR, es<span class=\"excerpt-hellip\"> [\u2026]<\/span><\/p>\n","protected":false},"featured_media":6897,"template":"","meta":{"_joinchat":[]},"product_brand":[],"product_cat":[106,135,122],"product_tag":[],"class_list":{"0":"post-6896","1":"product","2":"type-product","3":"status-publish","4":"has-post-thumbnail","6":"product_cat-accesorios","7":"product_cat-oferta","8":"product_cat-stock","10":"first","11":"outofstock","12":"sale","13":"shipping-taxable","14":"purchasable","15":"product-type-simple"},"_links":{"self":[{"href":"https:\/\/letsgofitness.cl\/index.php\/wp-json\/wp\/v2\/product\/6896","targetHints":{"allow":["GET"]}}],"collection":[{"href":"https:\/\/letsgofitness.cl\/index.php\/wp-json\/wp\/v2\/product"}],"about":[{"href":"https:\/\/letsgofitness.cl\/index.php\/wp-json\/wp\/v2\/types\/product"}],"wp:featuredmedia":[{"embeddable":true,"href":"https:\/\/letsgofitness.cl\/index.php\/wp-json\/wp\/v2\/media\/6897"}],"wp:attachment":[{"href":"https:\/\/letsgofitness.cl\/index.php\/wp-json\/wp\/v2\/media?parent=6896"}],"wp:term":[{"taxonomy":"product_brand","embeddable":true,"href":"https:\/\/letsgofitness.cl\/index.php\/wp-json\/wp\/v2\/product_brand?post=6896"},{"taxonomy":"product_cat","embeddable":true,"href":"https:\/\/letsgofitness.cl\/index.php\/wp-json\/wp\/v2\/product_cat?post=6896"},{"taxonomy":"product_tag","embeddable":true,"href":"https:\/\/letsgofitness.cl\/index.php\/wp-json\/wp\/v2\/product_tag?post=6896"}],"curies":[{"name":"wp","href":"https:\/\/api.w.org\/{rel}","templated":true}]}}