{"id":6304,"date":"2023-03-28T12:13:03","date_gmt":"2023-03-28T15:13:03","guid":{"rendered":"https:\/\/letsgofitness.cl\/?post_type=product&#038;p=6304"},"modified":"2026-04-10T11:13:18","modified_gmt":"2026-04-10T14:13:18","slug":"preventa-incline-pec-fly-free-weight","status":"publish","type":"product","link":"https:\/\/letsgofitness.cl\/index.php\/producto\/preventa-incline-pec-fly-free-weight\/","title":{"rendered":"INCLINE PECK FLY FREE WEIGHT STRENGTH **OFERTA PAGO CONTADO $530.000** (TRANSFERENCIA)"},"content":{"rendered":"<div class=\"answer\">\n<div class=\"section the_content has_content\">\n<div class=\"section_wrapper\">\n<div class=\"the_content_wrapper \">\n<h5>CARACTER\u00cdSTICAS:<\/h5>\n<ul>\n<li>Marco hecho de tubo cuadrado y brazos de presi\u00f3n de color negro, que es hermoso y confiable en t\u00e9rminos de estructura de dise\u00f1o.<\/li>\n<li>Kit de rodamientos preferidos para garantizar una trayectoria suave y duradera.<\/li>\n<li>El coj\u00edn de PU de una sola forma es bastante c\u00f3modo y duradero, despu\u00e9s de decenas de miles de pruebas de cuero de alta resistencia.<\/li>\n<li><strong>Colgador de placa de barra auxiliar:<\/strong> Modelos equipados con colgador de discos, con tubo de acero inoxidable y garant\u00eda de calidad, para colocar m\u00e1s cantidades de discos, lo cual es f\u00e1cil de usar.<\/li>\n<\/ul>\n<h5><b>\u00a0 \u00a0ESPECIFICACIONES T\u00c9CINAS:<\/b><\/h5>\n<ul>\n<li>Dimensiones: 161.5 X 146.4 X 131.8 CM.<\/li>\n<li>Peso: 64 KG.<\/li>\n<\/ul>\n<\/div>\n<\/div>\n<\/div>\n<p>&nbsp;<\/p>\n<div class=\"section the_content has_content\"><\/div>\n<div class=\"section the_content has_content\">\n<div class=\"section_wrapper\">\n<p>&nbsp;<\/p>\n<\/div>\n<\/div>\n<\/div>\n","protected":false},"excerpt":{"rendered":"<p>CARACTER\u00cdSTICAS: Marco hecho de tubo cuadrado y brazos de presi\u00f3n de color negro, que es hermoso y confiable en t\u00e9rminos de estructura de dise\u00f1o. Kit de<span class=\"excerpt-hellip\"> [\u2026]<\/span><\/p>\n","protected":false},"featured_media":8544,"template":"","meta":{"_joinchat":[]},"product_brand":[],"product_cat":[135,88,122,32],"product_tag":[],"class_list":{"0":"post-6304","1":"product","2":"type-product","3":"status-publish","4":"has-post-thumbnail","6":"product_cat-oferta","7":"product_cat-semiprofesional-peso-libre","8":"product_cat-stock","9":"product_cat-profesional","11":"first","12":"instock","13":"sale","14":"shipping-taxable","15":"purchasable","16":"product-type-simple"},"_links":{"self":[{"href":"https:\/\/letsgofitness.cl\/index.php\/wp-json\/wp\/v2\/product\/6304","targetHints":{"allow":["GET"]}}],"collection":[{"href":"https:\/\/letsgofitness.cl\/index.php\/wp-json\/wp\/v2\/product"}],"about":[{"href":"https:\/\/letsgofitness.cl\/index.php\/wp-json\/wp\/v2\/types\/product"}],"wp:featuredmedia":[{"embeddable":true,"href":"https:\/\/letsgofitness.cl\/index.php\/wp-json\/wp\/v2\/media\/8544"}],"wp:attachment":[{"href":"https:\/\/letsgofitness.cl\/index.php\/wp-json\/wp\/v2\/media?parent=6304"}],"wp:term":[{"taxonomy":"product_brand","embeddable":true,"href":"https:\/\/letsgofitness.cl\/index.php\/wp-json\/wp\/v2\/product_brand?post=6304"},{"taxonomy":"product_cat","embeddable":true,"href":"https:\/\/letsgofitness.cl\/index.php\/wp-json\/wp\/v2\/product_cat?post=6304"},{"taxonomy":"product_tag","embeddable":true,"href":"https:\/\/letsgofitness.cl\/index.php\/wp-json\/wp\/v2\/product_tag?post=6304"}],"curies":[{"name":"wp","href":"https:\/\/api.w.org\/{rel}","templated":true}]}}