{"id":596,"date":"2020-05-18T11:55:55","date_gmt":"2020-05-18T14:55:55","guid":{"rendered":"https:\/\/letsgofitness.cl\/?post_type=product&#038;p=596"},"modified":"2026-02-05T09:32:05","modified_gmt":"2026-02-05T12:32:05","slug":"seated-chest-press","status":"publish","type":"product","link":"https:\/\/letsgofitness.cl\/index.php\/producto\/seated-chest-press\/","title":{"rendered":"SEATED CHEST PRESS REALLEADER M7PRO USA"},"content":{"rendered":"<h6>La serie M7PR0-1001 es un equipo para uso profesional en el gimnasio. Ha sido desarrollado durante m\u00e1s de 10 a\u00f1os por profesionales del fitness de los Estados Unidos, Holanda y China, se ha sometido a rigurosas pruebas y es popular en gimnasios y clubes de alta gama. Esta serie ha demostrado ser capaz de satisfacer las necesidades de todos, desde el aficionado hasta el culturista profesional.<\/h6>\n<h5><\/h5>\n<p>&nbsp;<\/p>\n<h6><strong>\u00a0 \u00a0 CARACTER\u00cdSTICAS T\u00c9CNICAS:<\/strong><\/h6>\n<ul>\n<li>El radi\u00e1n de contracci\u00f3n del movimiento es similar al de la mancuerna.<\/li>\n<li>El brazo de ejercicio independiente garantiza un mejor equilibrio del entrenamiento de fuerza.<\/li>\n<li>El mango se puede ajustar f\u00e1cilmente a la posici\u00f3n que desee cuando est\u00e9 sentado.<\/li>\n<li>\n<div class=\"bac-item-label fl\">Mango \/ Polea: Aluminio.<\/div>\n<\/li>\n<li>\n<div class=\"bac-item-label fl\">Material del producto: Tubo de acero inoxidable, pl\u00e1stico, espuma.<\/div>\n<\/li>\n<li>2 capas de pintura y horneado.<\/li>\n<\/ul>\n<p>&nbsp;<\/p>\n<h6><strong>\u00a0 APLICACIONES RECOMENDADAS:<\/strong><\/h6>\n<ul>\n<li>\u00a0Ejercitar pectorales y deltoides espec\u00edficamente.<\/li>\n<li>\u00a0Ejercicio de estabilidad de la articulaci\u00f3n del hombro.<\/li>\n<li>\u00a0Mejorar el equilibrio de brazos.<\/li>\n<\/ul>\n<p>&nbsp;<\/p>\n<h6 class=\"bac-item-label fl\">\u00a0<strong> \u00a0ESPECIFICACIONES T\u00c9CNICAS:<\/strong><\/h6>\n<ul>\n<li class=\"bac-item-value fl\">Medidas: 160 x 160 x 180 CM<\/li>\n<li>Peso: 137kg<\/li>\n<li>Pila de pesas: 133 kg\/295 libras<\/li>\n<\/ul>\n","protected":false},"excerpt":{"rendered":"<p><strong>*\u00daLTIMA UNIDAD DISPONIBLE*<\/strong><\/p>\n","protected":false},"featured_media":1045,"template":"","meta":{"_joinchat":[]},"product_brand":[],"product_cat":[65,283,122,32,48],"product_tag":[],"class_list":{"0":"post-596","1":"product","2":"type-product","3":"status-publish","4":"has-post-thumbnail","6":"product_cat-profesional-pesolibre-chest-press","7":"product_cat-realleader","8":"product_cat-stock","9":"product_cat-profesional","10":"product_cat-peso-integrado-profesional","12":"first","13":"instock","14":"sale","15":"shipping-taxable","16":"purchasable","17":"product-type-simple"},"_links":{"self":[{"href":"https:\/\/letsgofitness.cl\/index.php\/wp-json\/wp\/v2\/product\/596","targetHints":{"allow":["GET"]}}],"collection":[{"href":"https:\/\/letsgofitness.cl\/index.php\/wp-json\/wp\/v2\/product"}],"about":[{"href":"https:\/\/letsgofitness.cl\/index.php\/wp-json\/wp\/v2\/types\/product"}],"wp:featuredmedia":[{"embeddable":true,"href":"https:\/\/letsgofitness.cl\/index.php\/wp-json\/wp\/v2\/media\/1045"}],"wp:attachment":[{"href":"https:\/\/letsgofitness.cl\/index.php\/wp-json\/wp\/v2\/media?parent=596"}],"wp:term":[{"taxonomy":"product_brand","embeddable":true,"href":"https:\/\/letsgofitness.cl\/index.php\/wp-json\/wp\/v2\/product_brand?post=596"},{"taxonomy":"product_cat","embeddable":true,"href":"https:\/\/letsgofitness.cl\/index.php\/wp-json\/wp\/v2\/product_cat?post=596"},{"taxonomy":"product_tag","embeddable":true,"href":"https:\/\/letsgofitness.cl\/index.php\/wp-json\/wp\/v2\/product_tag?post=596"}],"curies":[{"name":"wp","href":"https:\/\/api.w.org\/{rel}","templated":true}]}}