{"id":5958,"date":"2023-03-07T14:02:43","date_gmt":"2023-03-07T17:02:43","guid":{"rendered":"https:\/\/letsgofitness.cl\/?post_type=product&#038;p=5958"},"modified":"2026-05-05T11:17:20","modified_gmt":"2026-05-05T14:17:20","slug":"corrector-de-postura","status":"publish","type":"product","link":"https:\/\/letsgofitness.cl\/index.php\/producto\/corrector-de-postura\/","title":{"rendered":"CORRECTOR DE POSTURA Neoprene Back Bell"},"content":{"rendered":"<ul class=\"a-unordered-list a-vertical a-spacing-mini\">\n<li><span class=\"a-list-item\">Corrector de Postura Espalda: Corrige\u00a0 la postura de la espalda y es perfecta para mantener los hombros y la columna vertebral en una posici\u00f3n vertical en la vida cotidiana, tambi\u00e9n ayuda\u00a0 a aliviar de manera \u00f3ptima el dolor de cuello, hombros y espalda.<\/span><\/li>\n<li><span class=\"a-list-item\">F\u00e1cil de Usar:\u00a0 El s\u00f3lido corrector de postura tiene un dise\u00f1o ergon\u00f3mico y es f\u00e1cil de transportar, lo que ayuda a mejorar el jorobado y problema de los hombros (hombros adelantados) Usando el corrector de espalda todos los d\u00edas, notar\u00e1 una mejora significativa en la restauraci\u00f3n de su figura.\u00a0\u00a0<\/span><\/li>\n<li><span class=\"a-list-item\">Tama\u00f1o M-L\u00a0<\/span><\/li>\n<li><span class=\"a-list-item\">Materiales de alta calidad: Material con orificio transpirable que puede usar en cualquier lugar, brindar\u00e1 una comodidad total. . El material suave lo hace c\u00f3modo de llevar y no molesta durante el d\u00eda.\u00a0<\/span><\/li>\n<li><span class=\"a-list-item\">Duradera y amplia gama:\u00a0 Corrector de postura de espalda para hombres y mujeres sin presi\u00f3n, bueno para usar en actividades interiores y exteriores, pero NO para usar durante el descanso acostado o para\u00a0 dormir. Muy indicado para quienes pasan muchas horas en la computadora. Usando durante 2-3 meses, ver\u00e1 resultados sorprendentes !<\/span><\/li>\n<\/ul>\n","protected":false},"excerpt":{"rendered":"<p>Corrector de Postura Espalda: Corrige\u00a0 la postura de la espalda y es perfecta para mantener los hombros y la columna vertebral en una posici\u00f3n vertical en<span class=\"excerpt-hellip\"> [\u2026]<\/span><\/p>\n","protected":false},"featured_media":5795,"template":"","meta":{"_joinchat":[]},"product_brand":[],"product_cat":[106,135,122],"product_tag":[],"class_list":{"0":"post-5958","1":"product","2":"type-product","3":"status-publish","4":"has-post-thumbnail","6":"product_cat-accesorios","7":"product_cat-oferta","8":"product_cat-stock","10":"first","11":"instock","12":"sale","13":"shipping-taxable","14":"purchasable","15":"product-type-variable"},"_links":{"self":[{"href":"https:\/\/letsgofitness.cl\/index.php\/wp-json\/wp\/v2\/product\/5958","targetHints":{"allow":["GET"]}}],"collection":[{"href":"https:\/\/letsgofitness.cl\/index.php\/wp-json\/wp\/v2\/product"}],"about":[{"href":"https:\/\/letsgofitness.cl\/index.php\/wp-json\/wp\/v2\/types\/product"}],"wp:featuredmedia":[{"embeddable":true,"href":"https:\/\/letsgofitness.cl\/index.php\/wp-json\/wp\/v2\/media\/5795"}],"wp:attachment":[{"href":"https:\/\/letsgofitness.cl\/index.php\/wp-json\/wp\/v2\/media?parent=5958"}],"wp:term":[{"taxonomy":"product_brand","embeddable":true,"href":"https:\/\/letsgofitness.cl\/index.php\/wp-json\/wp\/v2\/product_brand?post=5958"},{"taxonomy":"product_cat","embeddable":true,"href":"https:\/\/letsgofitness.cl\/index.php\/wp-json\/wp\/v2\/product_cat?post=5958"},{"taxonomy":"product_tag","embeddable":true,"href":"https:\/\/letsgofitness.cl\/index.php\/wp-json\/wp\/v2\/product_tag?post=5958"}],"curies":[{"name":"wp","href":"https:\/\/api.w.org\/{rel}","templated":true}]}}