{"id":5634,"date":"2023-02-12T10:31:44","date_gmt":"2023-02-12T13:31:44","guid":{"rendered":"https:\/\/letsgofitness.cl\/?post_type=product&#038;p=5634"},"modified":"2026-04-10T11:13:04","modified_gmt":"2026-04-10T14:13:04","slug":"set-discos-olimpicos-urethane-bumpers-boos-strength","status":"publish","type":"product","link":"https:\/\/letsgofitness.cl\/index.php\/producto\/set-discos-olimpicos-urethane-bumpers-boos-strength\/","title":{"rendered":"Set Discos Ol\u00edmpicos Urethane Bumpers        BOSS STRENGTH"},"content":{"rendered":"<p>Bumpers\u00a0 Ol\u00edmpicos Boss Strength, Fabricados en URETHANE de alta resistencia son la mejor soluci\u00f3n posible de fiabilidad, calidad y durabilidad con un dise\u00f1o que impacta. El anillo interior de acero\u00a0 est\u00e1 fundido con la parte externa del disco, formando una sola pieza. Material extremadamente duradero y resistente a la abrasi\u00f3n.<\/p>\n<p><strong>Caracter\u00edsticas Bumpers URETHANE BOSS STRENGTH:<\/strong><\/p>\n<ul>\n<li>Tama\u00f1o ol\u00edmpico, fabricado para absorber fuertes impactos.<\/li>\n<li>Resistentes a la abrasi\u00f3n.<\/li>\n<li>Incorpora anillo interior de acero inoxidable.<\/li>\n<li>Fabricado con componentes de la mas alta calidad.<\/li>\n<li>Test de ca\u00eddas: M\u00e1s de 20.000.<\/li>\n<li>Reducci\u00f3n de rebote.<\/li>\n<li>No emite olores (inoloro)<\/li>\n<li>Resistentes al desgaste y deformaciones.<\/li>\n<\/ul>\n<p>TOTAL SET: 150 KG<\/p>\n<p>Incluye Par de : 5kg &#8211; 10kg &#8211; 15kg &#8211; 20kg &#8211; 25kg<\/p>\n<p>&nbsp;<\/p>\n<p>&nbsp;<\/p>\n","protected":false},"excerpt":{"rendered":"<p>Bumpers\u00a0 Ol\u00edmpicos Boss Strength, Fabricados en URETHANE de alta resistencia son la mejor soluci\u00f3n posible de fiabilidad, calidad y durabilidad con un dise\u00f1o que impacta. El<span class=\"excerpt-hellip\"> [\u2026]<\/span><\/p>\n","protected":false},"featured_media":5633,"template":"","meta":{"_joinchat":[]},"product_brand":[],"product_cat":[106,114,115,122,32,47],"product_tag":[],"class_list":{"0":"post-5634","1":"product","2":"type-product","3":"status-publish","4":"has-post-thumbnail","6":"product_cat-accesorios","7":"product_cat-discos","8":"product_cat-olimpicos","9":"product_cat-stock","10":"product_cat-profesional","11":"product_cat-peso-libre-profesional","13":"first","14":"instock","15":"sale","16":"shipping-taxable","17":"purchasable","18":"product-type-simple"},"_links":{"self":[{"href":"https:\/\/letsgofitness.cl\/index.php\/wp-json\/wp\/v2\/product\/5634","targetHints":{"allow":["GET"]}}],"collection":[{"href":"https:\/\/letsgofitness.cl\/index.php\/wp-json\/wp\/v2\/product"}],"about":[{"href":"https:\/\/letsgofitness.cl\/index.php\/wp-json\/wp\/v2\/types\/product"}],"wp:featuredmedia":[{"embeddable":true,"href":"https:\/\/letsgofitness.cl\/index.php\/wp-json\/wp\/v2\/media\/5633"}],"wp:attachment":[{"href":"https:\/\/letsgofitness.cl\/index.php\/wp-json\/wp\/v2\/media?parent=5634"}],"wp:term":[{"taxonomy":"product_brand","embeddable":true,"href":"https:\/\/letsgofitness.cl\/index.php\/wp-json\/wp\/v2\/product_brand?post=5634"},{"taxonomy":"product_cat","embeddable":true,"href":"https:\/\/letsgofitness.cl\/index.php\/wp-json\/wp\/v2\/product_cat?post=5634"},{"taxonomy":"product_tag","embeddable":true,"href":"https:\/\/letsgofitness.cl\/index.php\/wp-json\/wp\/v2\/product_tag?post=5634"}],"curies":[{"name":"wp","href":"https:\/\/api.w.org\/{rel}","templated":true}]}}