{"id":5388,"date":"2023-01-16T11:35:30","date_gmt":"2023-01-16T14:35:30","guid":{"rendered":"https:\/\/letsgofitness.cl\/?post_type=product&#038;p=5388"},"modified":"2026-04-20T10:12:24","modified_gmt":"2026-04-20T13:12:24","slug":"weightlifting-pad-colchonetas-de-impacto","status":"publish","type":"product","link":"https:\/\/letsgofitness.cl\/index.php\/producto\/weightlifting-pad-colchonetas-de-impacto\/","title":{"rendered":"WEIGHTLIFTING PAD \/ COLCHONETAS DE IMPACTO"},"content":{"rendered":"<p id=\"tw-target-text\" class=\"tw-data-text tw-text-large tw-ta\" dir=\"ltr\" data-placeholder=\"Traducci\u00f3n\"><span class=\"Y2IQFc\" lang=\"es\">Las almohadillas de levantamiento de pesas son la soluci\u00f3n perfecta cuando necesita mantener bajo el nivel de ruido, <\/span>estas almohadillas de aterrizaje lo ayudar\u00e1n a superar los problemas con los vecinos de la planta baja, si la vibraci\u00f3n y el ruido es su problema al levantar objetos, entonces estos son perfectos para usted.<\/p>\n<h5 dir=\"ltr\" data-placeholder=\"Traducci\u00f3n\">Caracter\u00edsticas y Beneficios<\/h5>\n<ul>\n<li id=\"tw-target-text\" class=\"tw-data-text tw-text-large tw-ta\" dir=\"ltr\" data-placeholder=\"Traducci\u00f3n\"><span class=\"Y2IQFc\" lang=\"es\"><strong>ANTIDESLIZANTE:<\/strong> El vinilo especial asegura que su plataforma permanezca en su lugar debido a la fricci\u00f3n. Esto tambi\u00e9n facilita el apilamiento de las plataformas cuando no est\u00e1n en uso.<\/span><\/li>\n<li class=\"tw-data-text tw-text-large tw-ta\" dir=\"ltr\" data-placeholder=\"Traducci\u00f3n\"><span class=\"Y2IQFc\" lang=\"es\"><strong>ASA:<\/strong> Poseen asa inteligente para mover y almacenar f\u00e1cilmente.<\/span><\/li>\n<li id=\"tw-target-text\" class=\"tw-data-text tw-text-large tw-ta\" dir=\"ltr\" data-placeholder=\"Traducci\u00f3n\"><span class=\"Y2IQFc\" lang=\"es\"><strong>ESPUMA:<\/strong> Fabricado con espuma de alta calidad: la espuma especial de alta densidad lo hace capaz de soportar ca\u00eddas continuas.<\/span><\/li>\n<li class=\"tw-data-text tw-text-large tw-ta\" dir=\"ltr\" data-placeholder=\"Traducci\u00f3n\"><span class=\"Y2IQFc\" lang=\"es\"><strong>DISE\u00d1O DE VENTILACI\u00d3N:<\/strong> Nuestro dise\u00f1o de ventilaci\u00f3n se puede utilizar como un sistema de ventilaci\u00f3n para permitir que la plataforma respire mientras reduce el peso. esto ayuda a minimizar la tensi\u00f3n y el desgaste de la carcasa de vinilo.<\/span><\/li>\n<li class=\"tw-data-text tw-text-large tw-ta\" dir=\"ltr\" data-placeholder=\"Traducci\u00f3n\">MEDIDAS: 80 X 60 X 20 CM<\/li>\n<li dir=\"ltr\" data-placeholder=\"Traducci\u00f3n\">PESO: 34KG<\/li>\n<\/ul>\n","protected":false},"excerpt":{"rendered":"<p>Las almohadillas de levantamiento de pesas son la soluci\u00f3n perfecta cuando necesita mantener bajo el nivel de ruido, estas almohadillas de aterrizaje lo ayudar\u00e1n a superar<span class=\"excerpt-hellip\"> [\u2026]<\/span><\/p>\n","protected":false},"featured_media":5360,"template":"","meta":{"_joinchat":[]},"product_brand":[],"product_cat":[106,130,135,122,32],"product_tag":[],"class_list":{"0":"post-5388","1":"product","2":"type-product","3":"status-publish","4":"has-post-thumbnail","6":"product_cat-accesorios","7":"product_cat-boss-strength","8":"product_cat-oferta","9":"product_cat-stock","10":"product_cat-profesional","12":"first","13":"instock","14":"sale","15":"shipping-taxable","16":"purchasable","17":"product-type-simple"},"_links":{"self":[{"href":"https:\/\/letsgofitness.cl\/index.php\/wp-json\/wp\/v2\/product\/5388","targetHints":{"allow":["GET"]}}],"collection":[{"href":"https:\/\/letsgofitness.cl\/index.php\/wp-json\/wp\/v2\/product"}],"about":[{"href":"https:\/\/letsgofitness.cl\/index.php\/wp-json\/wp\/v2\/types\/product"}],"wp:featuredmedia":[{"embeddable":true,"href":"https:\/\/letsgofitness.cl\/index.php\/wp-json\/wp\/v2\/media\/5360"}],"wp:attachment":[{"href":"https:\/\/letsgofitness.cl\/index.php\/wp-json\/wp\/v2\/media?parent=5388"}],"wp:term":[{"taxonomy":"product_brand","embeddable":true,"href":"https:\/\/letsgofitness.cl\/index.php\/wp-json\/wp\/v2\/product_brand?post=5388"},{"taxonomy":"product_cat","embeddable":true,"href":"https:\/\/letsgofitness.cl\/index.php\/wp-json\/wp\/v2\/product_cat?post=5388"},{"taxonomy":"product_tag","embeddable":true,"href":"https:\/\/letsgofitness.cl\/index.php\/wp-json\/wp\/v2\/product_tag?post=5388"}],"curies":[{"name":"wp","href":"https:\/\/api.w.org\/{rel}","templated":true}]}}