{"id":5119,"date":"2022-12-12T16:41:19","date_gmt":"2022-12-12T19:41:19","guid":{"rendered":"https:\/\/letsgofitness.cl\/?post_type=product&#038;p=5119"},"modified":"2026-04-14T12:29:33","modified_gmt":"2026-04-14T15:29:33","slug":"leg-press-nautilus-inspiration","status":"publish","type":"product","link":"https:\/\/letsgofitness.cl\/index.php\/producto\/leg-press-nautilus-inspiration\/","title":{"rendered":"PREVENTA LEG PRESS NAUTILUS INSPIRATION"},"content":{"rendered":"<div>La l\u00ednea Nautilus Inspiration Strength\u00ae trae una serie de actualizaciones a un circuito de fuerza sobresaliente. Redise\u00f1ado con una hermosa est\u00e9tica moderna y torres uniformes, Nautilus Inspiration causa una fuerte primera impresi\u00f3n. Cada m\u00e1quina captura la esencia del movimiento humano natural.\u00a0Los miembros apreciar\u00e1n las muchas funciones f\u00e1ciles de usar y f\u00e1ciles de ver, como el ajuste envolvente asistido del asiento, el preestiramiento y una gama de controles de movimiento, dise\u00f1ados para mejorar la experiencia de cada usuario.<\/div>\n<div>\n<p><strong>CARACTERISTICAS<\/strong><\/p>\n<ul>\n<li>Plataforma antideslizante extragrande<\/li>\n<li>La plataforma para los pies cuenta con un borde inferior biselado para el entrenamiento de las pantorrillas<\/li>\n<li>Rodillos de asiento de uretano para un funcionamiento suave y silencioso<\/li>\n<li>Ajuste envolvente del asiento<\/li>\n<li>Tapicer\u00eda contorneada con soporte lumbar<\/li>\n<li>Selecci\u00f3n de peso\u00a0Lock N Load\u00a0<sup>\u00ae<\/sup><\/li>\n<li>Sistema de pesas complementarias incrementales\u00a0Lock N Load\u00a0<sup>\u00ae<\/sup><\/li>\n<li>Cartel de instrucci\u00f3n lenticular de imagen en movimiento<\/li>\n<\/ul>\n<div><strong>MEDIDAS Y PESO<\/strong><\/div>\n<div>Longitud: 188 cm<\/div>\n<div>Ancho: 137cm<\/div>\n<div>Altura: 163 cm<\/div>\n<div>Peso del producto: 558 kg<\/div>\n<\/div>\n<div>\n<p><strong>TECNOLOG\u00cdA<\/strong><\/p>\n<p>Lock N Load\u00a0<sup>\u00ae<\/sup><br \/>\nAhora, la selecci\u00f3n de peso es tan f\u00e1cil como accionar un interruptor.\u00a0El dise\u00f1o intuitivo Lock N Load\u00a0<sup>\u00ae\u00a0<\/sup>\u00a0es f\u00e1cilmente reconocible.\u00a0Si alguna vez encendi\u00f3 y apag\u00f3 un interruptor de luz, comprender\u00e1 de inmediato c\u00f3mo funciona.\u00a0Los interruptores codificados por colores universales activan y desactivan el peso a trav\u00e9s de un pasador interno, lo que brinda una operaci\u00f3n m\u00e1s segura, m\u00e1s duradera y sin mantenimiento.\u00a0Lock N Load evita dolores de cabeza innecesarios de mantenimiento y servicio al cliente ya que no hay pines que perder o reemplazar.\u00a0\u201c<\/p>\n<\/div>\n","protected":false},"excerpt":{"rendered":"<p><strong>PREVENTA ACTIVA<\/strong><\/p>\n<p><strong>V\u00c1LIDA HASTA 01 DE ABRIL 2026<\/strong><\/p>\n<p><strong>STOCK DISPONIBLE DESDE EL 10 DE ABRIL 2026<\/strong><\/p>\n<p>(Contemplar posibles retrasos de embarque)<\/p>\n","protected":false},"featured_media":5720,"template":"","meta":{"_joinchat":[]},"product_brand":[],"product_cat":[156,121,122,32,48],"product_tag":[],"class_list":{"0":"post-5119","1":"product","2":"type-product","3":"status-publish","4":"has-post-thumbnail","6":"product_cat-nautilus","7":"product_cat-proximamente-en-stock","8":"product_cat-stock","9":"product_cat-profesional","10":"product_cat-peso-integrado-profesional","12":"first","13":"instock","14":"sale","15":"shipping-taxable","16":"purchasable","17":"product-type-variable"},"_links":{"self":[{"href":"https:\/\/letsgofitness.cl\/index.php\/wp-json\/wp\/v2\/product\/5119","targetHints":{"allow":["GET"]}}],"collection":[{"href":"https:\/\/letsgofitness.cl\/index.php\/wp-json\/wp\/v2\/product"}],"about":[{"href":"https:\/\/letsgofitness.cl\/index.php\/wp-json\/wp\/v2\/types\/product"}],"wp:featuredmedia":[{"embeddable":true,"href":"https:\/\/letsgofitness.cl\/index.php\/wp-json\/wp\/v2\/media\/5720"}],"wp:attachment":[{"href":"https:\/\/letsgofitness.cl\/index.php\/wp-json\/wp\/v2\/media?parent=5119"}],"wp:term":[{"taxonomy":"product_brand","embeddable":true,"href":"https:\/\/letsgofitness.cl\/index.php\/wp-json\/wp\/v2\/product_brand?post=5119"},{"taxonomy":"product_cat","embeddable":true,"href":"https:\/\/letsgofitness.cl\/index.php\/wp-json\/wp\/v2\/product_cat?post=5119"},{"taxonomy":"product_tag","embeddable":true,"href":"https:\/\/letsgofitness.cl\/index.php\/wp-json\/wp\/v2\/product_tag?post=5119"}],"curies":[{"name":"wp","href":"https:\/\/api.w.org\/{rel}","templated":true}]}}