{"id":5023,"date":"2022-11-29T12:40:09","date_gmt":"2022-11-29T15:40:09","guid":{"rendered":"https:\/\/letsgofitness.cl\/?post_type=product&#038;p=5023"},"modified":"2026-04-10T11:10:14","modified_gmt":"2026-04-10T14:10:14","slug":"dual-hi-pulley-seated-row-polea-alta-remo-sentado-evolution-preventa","status":"publish","type":"product","link":"https:\/\/letsgofitness.cl\/index.php\/producto\/dual-hi-pulley-seated-row-polea-alta-remo-sentado-evolution-preventa\/","title":{"rendered":"Dual High Pulley \/ Seated Row EVOLUTION \u201cBLACK EDITION\u201d Stack 120kg"},"content":{"rendered":"<h5><strong>STOCK DISPONIBLE DESDE EL 27 DE MARZO DE 2024<\/strong><\/h5>\n<h5 class=\"title\"><span style=\"font-size: 14px;font-weight: 400\">La nueva l\u00ednea <\/span><strong style=\"font-size: 14px\">\u201cEVOLUTION\u201d<\/strong><span style=\"font-size: 14px;font-weight: 400\">\u00a0de LFG es una nueva versi\u00f3n de l\u00ednea de alta gama.<\/span><\/h5>\n<div class=\"answer\">\n<div class=\"section the_content has_content\">\n<div class=\"section_wrapper\">\n<div class=\"the_content_wrapper \">\n<p><b>Caracter\u00edsticas<\/b><strong>\u00a0principales:<\/strong><\/p>\n<ul>\n<li>Estructura principal en tubo ovalado plano 50*120<\/li>\n<li>Contrapeso secundario con pasadores<\/li>\n<li>Poleas de aluminio<\/li>\n<li>Brazos de tubo redondo color rojo<\/li>\n<li>Tapices en espuma de alta densidad<\/li>\n<li>Cable de acero recubierto<\/li>\n<li>Pictograma descriptivo<\/li>\n<li>Cubierta trasera hecha de hierro<\/li>\n<li>Porta botellas<\/li>\n<li>Barras gu\u00edas de acero inoxidable<\/li>\n<li>Pin de pl\u00e1stico amarillo<\/li>\n<li>Etiquetas de placas de peso de pvc<\/li>\n<li>Placas de peso negras<\/li>\n<li>Manijas y cubiertas de pl\u00e1stico<\/li>\n<li>Tapas cromadas<\/li>\n<li>POLEAS DE ALUMINIO<\/li>\n<\/ul>\n<p><strong>STACK 120KG<\/strong><\/p>\n<p><strong>Dimensi\u00f3n armada:<\/strong> 183 x 143 x 221 CM<\/p>\n<\/div>\n<\/div>\n<\/div>\n<\/div>\n","protected":false},"excerpt":{"rendered":"<p>STOCK DISPONIBLE DESDE EL 27 DE MARZO DE 2024 La nueva l\u00ednea \u201cEVOLUTION\u201d\u00a0de LFG es una nueva versi\u00f3n de l\u00ednea de alta gama. Caracter\u00edsticas\u00a0principales: Estructura principal<span class=\"excerpt-hellip\"> [\u2026]<\/span><\/p>\n","protected":false},"featured_media":6019,"template":"","meta":{"_joinchat":[]},"product_brand":[],"product_cat":[158,135,122,32],"product_tag":[],"class_list":{"0":"post-5023","1":"product","2":"type-product","3":"status-publish","4":"has-post-thumbnail","6":"product_cat-evolution","7":"product_cat-oferta","8":"product_cat-stock","9":"product_cat-profesional","11":"first","12":"outofstock","13":"sale","14":"shipping-taxable","15":"purchasable","16":"product-type-simple"},"_links":{"self":[{"href":"https:\/\/letsgofitness.cl\/index.php\/wp-json\/wp\/v2\/product\/5023","targetHints":{"allow":["GET"]}}],"collection":[{"href":"https:\/\/letsgofitness.cl\/index.php\/wp-json\/wp\/v2\/product"}],"about":[{"href":"https:\/\/letsgofitness.cl\/index.php\/wp-json\/wp\/v2\/types\/product"}],"wp:featuredmedia":[{"embeddable":true,"href":"https:\/\/letsgofitness.cl\/index.php\/wp-json\/wp\/v2\/media\/6019"}],"wp:attachment":[{"href":"https:\/\/letsgofitness.cl\/index.php\/wp-json\/wp\/v2\/media?parent=5023"}],"wp:term":[{"taxonomy":"product_brand","embeddable":true,"href":"https:\/\/letsgofitness.cl\/index.php\/wp-json\/wp\/v2\/product_brand?post=5023"},{"taxonomy":"product_cat","embeddable":true,"href":"https:\/\/letsgofitness.cl\/index.php\/wp-json\/wp\/v2\/product_cat?post=5023"},{"taxonomy":"product_tag","embeddable":true,"href":"https:\/\/letsgofitness.cl\/index.php\/wp-json\/wp\/v2\/product_tag?post=5023"}],"curies":[{"name":"wp","href":"https:\/\/api.w.org\/{rel}","templated":true}]}}