{"id":4804,"date":"2022-10-14T09:31:48","date_gmt":"2022-10-14T12:31:48","guid":{"rendered":"https:\/\/letsgofitness.cl\/?post_type=product&#038;p=4804"},"modified":"2026-05-05T11:17:33","modified_gmt":"2026-05-05T14:17:33","slug":"nautilus-freedom-trainer-carbon","status":"publish","type":"product","link":"https:\/\/letsgofitness.cl\/index.php\/producto\/nautilus-freedom-trainer-carbon\/","title":{"rendered":"NAUTILUS Freedom Trainer Carbon"},"content":{"rendered":"<h1 class=\"product-title \">HUMANSPORT\u00ae FREEDOM TRAINER<\/h1>\n<div class=\"tabs product-tabs\">\n<p>HumanSport es tan simple, intuitivo y natural que parece hecho a medida para cada usuario. Siete m\u00e1quinas de polea con doble columna de pesas proporcionan una gama completa de entrenamientos para todo el cuerpo. Cuando se emparejan con la programaci\u00f3n dise\u00f1ada por nuestros Master Trainers, HumanSport se convierte en una poderosa atracci\u00f3n para los socios.<\/p>\n<div id=\"tab1\" class=\"tab-cnt\">\n<p>Ancho: 75 IN (191 CM) \u2013 Brazos Extendidos Izquierdo y Derecho 125 IN (317 CM)<br \/>\nLongitud: 43 IN (108 CM)<br \/>\nAltura: 72 IN (182 CM) \u2013 Brazos Extendidos en Vertical 92 IN (234 CM)<br \/>\nPeso Placas: 2x 80 LBS (2x 36 KG)<br \/>\nPeso Total: 1,100 LBS (499 KG)<br \/>\nPeso De Envio: 1150 LBS (522 KG)<\/p>\n<ul id=\"tabs-cnt\" class=\"tabs\">\n<li class=\"active\"><strong>CARACTER\u00cdSTICAS<\/strong><\/li>\n<\/ul>\n<\/div>\n<ul>\n<li>Pilas de pesas dobles para entrenamiento personalizado o grupal, como configuraci\u00f3n est\u00e1ndar<\/li>\n<li>El usuario siente la capacidad de peso de la pila: 2x 80 LB (2x 36 KG) en cada mango a trav\u00e9s de dos pilas de peso independientes y cerradas.<\/li>\n<li>Sistema de accionamiento por cable, trayectoria de movimiento definida por el usuario<\/li>\n<li>Nueve opciones de posici\u00f3n horizontal y 12 opciones de ajuste de posici\u00f3n vertical<\/li>\n<li>Relaci\u00f3n 3:1 con espacio de entrenamiento de 9,5 pies (289,5 cm) y recorrido del cable de 113 pulgadas (287 cm)<\/li>\n<li>Admite movimientos explosivos y de resistencia baja y lenta<\/li>\n<li>Barra de ballet integrada para ayudar con el estiramiento y la estabilidad.<\/li>\n<li>Accesorios est\u00e1ndar incluidos: par de empu\u00f1aduras, correa para el tobillo y barra acolchada<\/li>\n<li>12 ejercicios predefinidos con carteles est\u00e1ticos, muchos m\u00e1s disponibles<\/li>\n<li>F\u00e1cil acceso a las varas del gremio desde los obenques delantero o trasero<\/li>\n<li>Torre de respaldo plano para colocar contra una pared, pilar, m\u00e1quinas combinadas u otros en su(s) \u00e1rea(s) de entrenamiento funcional<\/li>\n<li>Procedimientos simples de reemplazo de cables<\/li>\n<li>Los rodamientos de rodillos est\u00e1ndar reemplazan los bujes de pl\u00e1stico para una rotaci\u00f3n m\u00e1s suave<\/li>\n<li>Cabe a trav\u00e9s de un marco de puerta est\u00e1ndar para facilitar la instalaci\u00f3n y el transporte<\/li>\n<li>Dise\u00f1o superior abierto para inspeccionar visualmente los cables sin tener que quitar las cubiertas<\/li>\n<li>3 ubicaciones de pernos de piso<\/li>\n<li>Placas de desgaste de acero inoxidable<\/li>\n<\/ul>\n<p><strong>Accesibilidad para sillas de ruedas:<\/strong><\/p>\n<ul>\n<li>Relaci\u00f3n de cable 3:1 para baja resistencia inicial<\/li>\n<li>La pila de pesas utiliza la tecnolog\u00eda de interruptor Lock N Load para una selecci\u00f3n de peso r\u00e1pida y f\u00e1cil, incluso mientras est\u00e1 sentado<\/li>\n<li>Asas giratorias contrapesadas y f\u00e1cilmente ajustables, incluso en posici\u00f3n sentada<\/li>\n<li>Dise\u00f1o abierto que permite el acceso de sillas de ruedas<\/li>\n<\/ul>\n<ul id=\"tabs-cnt\" class=\"tabs\">\n<li class=\"active\"><strong>TECNOLOG\u00cdA<\/strong><\/li>\n<\/ul>\n<p>Lock N Load\u00ae Ahora seleccionar el peso es tan f\u00e1cil como darle a un interruptor. El intuitivo dise\u00f1o de Lock N Load se reconoce r\u00e1pidamente y si alguna vez has utilizado un interruptor de la luz, sabr\u00e1s inmediatamente c\u00f3mo funciona. Unos interruptores con un c\u00f3digo de color universal enganchan y desenganchan las pesas por medio de un pasador interno, lo que proporciona un funcionamiento m\u00e1s seguro, duradero y sin mantenimiento. Lock N Load supone un alivio de remplazos de pines y costes de mantenimiento que suelen ir asociados a las columnas de pesas tradicionales.<\/p>\n<\/div>\n","protected":false},"excerpt":{"rendered":"<p>HUMANSPORT\u00ae FREEDOM TRAINER HumanSport es tan simple, intuitivo y natural que parece hecho a medida para cada usuario. Siete m\u00e1quinas de polea con doble columna de<span class=\"excerpt-hellip\"> [\u2026]<\/span><\/p>\n","protected":false},"featured_media":4805,"template":"","meta":{"_joinchat":[]},"product_brand":[],"product_cat":[66,156,122,32,49,50],"product_tag":[],"class_list":{"0":"post-4804","1":"product","2":"type-product","3":"status-publish","4":"has-post-thumbnail","6":"product_cat-profesional-pesointegrado-cable-crossover","7":"product_cat-nautilus","8":"product_cat-stock","9":"product_cat-profesional","10":"product_cat-dual-profesional","11":"product_cat-funcional-profesional","13":"first","14":"instock","15":"shipping-taxable","16":"purchasable","17":"product-type-simple"},"_links":{"self":[{"href":"https:\/\/letsgofitness.cl\/index.php\/wp-json\/wp\/v2\/product\/4804","targetHints":{"allow":["GET"]}}],"collection":[{"href":"https:\/\/letsgofitness.cl\/index.php\/wp-json\/wp\/v2\/product"}],"about":[{"href":"https:\/\/letsgofitness.cl\/index.php\/wp-json\/wp\/v2\/types\/product"}],"wp:featuredmedia":[{"embeddable":true,"href":"https:\/\/letsgofitness.cl\/index.php\/wp-json\/wp\/v2\/media\/4805"}],"wp:attachment":[{"href":"https:\/\/letsgofitness.cl\/index.php\/wp-json\/wp\/v2\/media?parent=4804"}],"wp:term":[{"taxonomy":"product_brand","embeddable":true,"href":"https:\/\/letsgofitness.cl\/index.php\/wp-json\/wp\/v2\/product_brand?post=4804"},{"taxonomy":"product_cat","embeddable":true,"href":"https:\/\/letsgofitness.cl\/index.php\/wp-json\/wp\/v2\/product_cat?post=4804"},{"taxonomy":"product_tag","embeddable":true,"href":"https:\/\/letsgofitness.cl\/index.php\/wp-json\/wp\/v2\/product_tag?post=4804"}],"curies":[{"name":"wp","href":"https:\/\/api.w.org\/{rel}","templated":true}]}}