{"id":4728,"date":"2022-09-21T12:54:54","date_gmt":"2022-09-21T15:54:54","guid":{"rendered":"https:\/\/letsgofitness.cl\/?post_type=product&#038;p=4728"},"modified":"2026-04-10T11:16:40","modified_gmt":"2026-04-10T14:16:40","slug":"adjustable-bench-2-sterling","status":"publish","type":"product","link":"https:\/\/letsgofitness.cl\/index.php\/producto\/adjustable-bench-2-sterling\/","title":{"rendered":"ADJUSTABLE BENCH 2 IMPULSE STERLING"},"content":{"rendered":"<p><strong>Impulse\u00a0<\/strong><strong>Health\u00ae<\/strong>\u00a0\u00a0es un fabricante y desarrollador l\u00edder de equipos de fitness.\u00a0Contamos con m\u00e1s de 42 a\u00f1os de experiencia en el suministro de equipos de entrenamiento cardiovascular y de fuerza y ??m\u00e1s de 22 a\u00f1os como empresa OEM, fabricando equipos de acondicionamiento f\u00edsico para las marcas de fitness l\u00edderes en el mundo.<\/p>\n<p>La\u00a0<strong>gama Impulse Sterling<\/strong>\u00a0se compone de 23 piezas de extraordinarias m\u00e1quinas de resistencia de peso libre y carga de placas.\u00a0El equipo est\u00e1 construido para satisfacer las demandas de entornos de alto uso, pero tambi\u00e9n tiene un dise\u00f1o simple y f\u00e1cil de usar que hace que sus entrenamientos sean efectivos y agradables.<\/p>\n<ul>\n<li>Construcci\u00f3n de acero de calibre pesado<\/li>\n<li>Electro-soldados para m\u00e1xima integridad estructural y rigidez.<\/li>\n<li>Acabado electrost\u00e1tico con recubrimiento en polvo<\/li>\n<li>Compacto: el dise\u00f1o que ahorra espacio requiere un espacio m\u00ednimo<\/li>\n<li>M\u00faltiples ajustes f\u00e1ciles de usar que permiten posiciones de ejercicio \u00f3ptimas.<\/li>\n<\/ul>\n","protected":false},"excerpt":{"rendered":"<p>Banco plano e inclinado tapizado de alta resistencia con asiento y respaldo ajustables.<\/p>\n<p><strong>Especificaciones t\u00e9cnicas:<\/strong><\/p>\n<ul>\n<li><strong>Dimensiones:<\/strong>\u00a071 x 47 x 140 cm<\/li>\n<li><strong>Peso:<\/strong>\u00a044 kg<\/li>\n<\/ul>\n","protected":false},"featured_media":4730,"template":"","meta":{"_joinchat":[]},"product_brand":[],"product_cat":[140,155,122,32,51],"product_tag":[],"class_list":{"0":"post-4728","1":"product","2":"type-product","3":"status-publish","4":"has-post-thumbnail","6":"product_cat-bancos-rack-smith","7":"product_cat-bancos-rack-smith-bancos-rack-smith","8":"product_cat-stock","9":"product_cat-profesional","10":"product_cat-bancos-rack-profesional","12":"first","13":"outofstock","14":"shipping-taxable","15":"purchasable","16":"product-type-simple"},"_links":{"self":[{"href":"https:\/\/letsgofitness.cl\/index.php\/wp-json\/wp\/v2\/product\/4728","targetHints":{"allow":["GET"]}}],"collection":[{"href":"https:\/\/letsgofitness.cl\/index.php\/wp-json\/wp\/v2\/product"}],"about":[{"href":"https:\/\/letsgofitness.cl\/index.php\/wp-json\/wp\/v2\/types\/product"}],"wp:featuredmedia":[{"embeddable":true,"href":"https:\/\/letsgofitness.cl\/index.php\/wp-json\/wp\/v2\/media\/4730"}],"wp:attachment":[{"href":"https:\/\/letsgofitness.cl\/index.php\/wp-json\/wp\/v2\/media?parent=4728"}],"wp:term":[{"taxonomy":"product_brand","embeddable":true,"href":"https:\/\/letsgofitness.cl\/index.php\/wp-json\/wp\/v2\/product_brand?post=4728"},{"taxonomy":"product_cat","embeddable":true,"href":"https:\/\/letsgofitness.cl\/index.php\/wp-json\/wp\/v2\/product_cat?post=4728"},{"taxonomy":"product_tag","embeddable":true,"href":"https:\/\/letsgofitness.cl\/index.php\/wp-json\/wp\/v2\/product_tag?post=4728"}],"curies":[{"name":"wp","href":"https:\/\/api.w.org\/{rel}","templated":true}]}}