{"id":4467,"date":"2022-08-05T15:14:59","date_gmt":"2022-08-05T18:14:59","guid":{"rendered":"https:\/\/letsgofitness.cl\/?post_type=product&#038;p=4467"},"modified":"2026-04-10T11:10:16","modified_gmt":"2026-04-10T14:10:16","slug":"hip-abduction-boss-strength","status":"publish","type":"product","link":"https:\/\/letsgofitness.cl\/index.php\/producto\/hip-abduction-boss-strength\/","title":{"rendered":"HIP ABDUCTION BOSS STRENGTH"},"content":{"rendered":"<p><strong>BOSS Strength<\/strong> HIP ABDUCCION\u00a0 m\u00e1quina Profesional\u00a0 para el entrenamiento de la musculatura de\u00a0 piernas y cadera.<\/p>\n<p>Dise\u00f1ado espec\u00edficamente para entrenamientos de alto rendimiento enfocados en la zona de los abductores. Esta m\u00e1quina realiza una extensi\u00f3n del m\u00fasculo localizado en la parte externa de las piernas. Esta m\u00e1quina utiliza cargas de discos a trav\u00e9s de un sistema \u00fanico de regulaci\u00f3n de la intensidad de la carga en tres fases para proporcionar resistencia a medida para el usuario. Ayuda a tonificar y fortalecer los m\u00fasculos del abductor, cadera y las piernas, mejorando la estabilidad y la funci\u00f3n de la zona principal de entrenamiento.<\/p>\n<p><strong>Caracter\u00edsticas T\u00e9cnicas:<\/strong><\/p>\n<ul>\n<li>Portadiscos de carga en acero inoxidable.<\/li>\n<li>Rodamientos industriales y torniller\u00eda con est\u00e1ndar de calidad.<\/li>\n<li dir=\"auto\">Tapizado con relleno viscoel\u00e1stico y polipiel antibacteriana e ign\u00edfuga.<\/li>\n<li dir=\"auto\">El proceso de pintado de las m\u00e1quinas se realiza en t\u00fanel de tratamiento de cuatro capas, que ofrece una absoluta garant\u00eda contra la corrosi\u00f3n. En la primera capa se procede al desengrasado y fosfatado en caliente. La segunda se trata de un pre fosfatado a temperatura ambiente. En la tercera se procede a fosfatar en caliente. Y por \u00faltimo, se cubre la estructura con pintura epoxi en polvo.<\/li>\n<li>Estructura principal en acero de alta resistencia de 3 mm de grosor.<\/li>\n<li dir=\"auto\">Pictograma explicativo sobre la postura correcta para la realizaci\u00f3n del ejercicio y los m\u00fasculos implicados en el mismo.<\/li>\n<li dir=\"auto\">Cuenta con un sistema de carga de discos con selector que posibilita la elecci\u00f3n entre 3 niveles distintos de tensi\u00f3n a la hora de ejecutar el ejercicio. Entre sus tres posiciones encontramos una tensi\u00f3n baja, neutra y alta con una variaci\u00f3n descendente o ascendente del 25% del peso cargado.<\/li>\n<li dir=\"auto\">Tacos de PVC blandos antideslizantes en su base.<\/li>\n<\/ul>\n<p><strong>Dimensiones y peso:<\/strong><\/p>\n<ul>\n<li><strong>Largo:\u00a0<\/strong>152.2 cm.<\/li>\n<li><strong>Ancho:<\/strong>\u00a0144.2 cm.<\/li>\n<li><strong>Altura:<\/strong>\u00a097 cm.<\/li>\n<li><strong>Peso:<\/strong>\u00a0111 kg.<\/li>\n<li><strong>Carga m\u00e1xima:<\/strong>\u00a0300 kg.<\/li>\n<\/ul>\n<p><strong>*OFERTA PAGO CONTADO $1.090.000 (Transferencia)*<\/strong><\/p>\n<p><strong>Datos de Transferencia:<\/strong><\/p>\n<ul>\n<li>Cuenta corriente Banco de Chile N\u00b0\u00a0<strong>2780129801<\/strong><\/li>\n<li>Nombre:<strong>\u00a0Lets Go Fitness SpA\u00a0<\/strong>\u00a0Rut:<strong>\u00a076.631.524-0<\/strong><\/li>\n<li>Email:\u00a0<strong>ventas@letsgofitness.cl<\/strong><\/li>\n<\/ul>\n<blockquote><p><strong>Incluir mensaje SKU + OFERTA + Fono Contacto<\/strong><\/p><\/blockquote>\n<p>&nbsp;<\/p>\n","protected":false},"excerpt":{"rendered":"<p><strong>*OFERTA PAGO CONTADO $1.090.000 (Transferencia)*\u00a0<\/strong><\/p>\n<p>Datos de Transferencia en\u00a0<strong>DESCRIPCI\u00d3N\u00a0 DEL PRODUCTO.<\/strong><\/p>\n","protected":false},"featured_media":6025,"template":"","meta":{"_joinchat":[]},"product_brand":[],"product_cat":[135,122,32,47],"product_tag":[],"class_list":{"0":"post-4467","1":"product","2":"type-product","3":"status-publish","4":"has-post-thumbnail","6":"product_cat-oferta","7":"product_cat-stock","8":"product_cat-profesional","9":"product_cat-peso-libre-profesional","11":"first","12":"outofstock","13":"sale","14":"shipping-taxable","15":"purchasable","16":"product-type-simple"},"_links":{"self":[{"href":"https:\/\/letsgofitness.cl\/index.php\/wp-json\/wp\/v2\/product\/4467","targetHints":{"allow":["GET"]}}],"collection":[{"href":"https:\/\/letsgofitness.cl\/index.php\/wp-json\/wp\/v2\/product"}],"about":[{"href":"https:\/\/letsgofitness.cl\/index.php\/wp-json\/wp\/v2\/types\/product"}],"wp:featuredmedia":[{"embeddable":true,"href":"https:\/\/letsgofitness.cl\/index.php\/wp-json\/wp\/v2\/media\/6025"}],"wp:attachment":[{"href":"https:\/\/letsgofitness.cl\/index.php\/wp-json\/wp\/v2\/media?parent=4467"}],"wp:term":[{"taxonomy":"product_brand","embeddable":true,"href":"https:\/\/letsgofitness.cl\/index.php\/wp-json\/wp\/v2\/product_brand?post=4467"},{"taxonomy":"product_cat","embeddable":true,"href":"https:\/\/letsgofitness.cl\/index.php\/wp-json\/wp\/v2\/product_cat?post=4467"},{"taxonomy":"product_tag","embeddable":true,"href":"https:\/\/letsgofitness.cl\/index.php\/wp-json\/wp\/v2\/product_tag?post=4467"}],"curies":[{"name":"wp","href":"https:\/\/api.w.org\/{rel}","templated":true}]}}