{"id":4377,"date":"2022-07-18T15:05:08","date_gmt":"2022-07-18T18:05:08","guid":{"rendered":"https:\/\/letsgofitness.cl\/?post_type=product&#038;p=4377"},"modified":"2026-04-10T11:10:16","modified_gmt":"2026-04-10T14:10:16","slug":"rack-porta-mancuernas-2-boss-strength","status":"publish","type":"product","link":"https:\/\/letsgofitness.cl\/index.php\/producto\/rack-porta-mancuernas-2-boss-strength\/","title":{"rendered":"RACK PORTA MANCUERNAS  BOSS STRENGTH"},"content":{"rendered":"<p><span dir=\"auto\">El Rack porta mancuernas profesional Boss Strength est\u00e1 dise\u00f1ado para satisfacer las necesidades de almacenamiento de gimnasios y centros de fitness. Con su robusta construcci\u00f3n y estantes ajustables, este soporte ofrece una soluci\u00f3n fiable y pr\u00e1ctica para organizar las mancuernas.<\/span><\/p>\n<p><strong>Caracter\u00edsticas:<\/strong><\/p>\n<ul>\n<li><span dir=\"auto\">Tres estantes planos con \u00e1ngulos ajustables para opciones de almacenamiento vers\u00e1tiles.<\/span><\/li>\n<li><span dir=\"auto\">Pernos de acero inoxidable para una colocaci\u00f3n segura del estante<\/span><\/li>\n<li><span dir=\"auto\">Construcci\u00f3n gruesa de acero pintado electrost\u00e1ticamente para mayor durabilidad y resistencia al desgaste.<\/span><\/li>\n<li><span dir=\"auto\">Acabado liso y uniforme, resistente al astillado y la decoloraci\u00f3n.<\/span><\/li>\n<li><span dir=\"auto\">Proporciona un espacio seguro y organizado para almacenar y acceder a mancuernas en un gimnasio o centro de fitness.<\/span><\/li>\n<li><span dir=\"auto\">Adecuado para entornos de fitness comerciales.<\/span><\/li>\n<li><span dir=\"auto\">Ayuda a mantener un \u00e1rea de entrenamiento limpia y ordenada.<\/span><\/li>\n<li><span dir=\"auto\">Mejora la est\u00e9tica general de la instalaci\u00f3n.<\/span><\/li>\n<li><span dir=\"auto\">F\u00e1cil de montar y mantener para uso a largo plazo.<\/span><\/li>\n<li><span dir=\"auto\"><span dir=\"auto\">Largo: 160 x 65 x 95 cm<\/span><\/span><\/li>\n<li><span dir=\"auto\"><span dir=\"auto\">Peso: 88 kg<\/span><\/span><\/li>\n<li><span dir=\"auto\"><span dir=\"auto\">Construcci\u00f3n de acero de 3 mm<\/span><\/span><\/li>\n<\/ul>\n<p>&nbsp;<\/p>\n<p>&nbsp;<\/p>\n","protected":false},"excerpt":{"rendered":"<p>El Rack porta mancuernas profesional Boss Strength est\u00e1 dise\u00f1ado para satisfacer las necesidades de almacenamiento de gimnasios y centros de fitness. Con su robusta construcci\u00f3n y<span class=\"excerpt-hellip\"> [\u2026]<\/span><\/p>\n","protected":false},"featured_media":5877,"template":"","meta":{"_joinchat":[]},"product_brand":[],"product_cat":[106,117,122,51],"product_tag":[],"class_list":{"0":"post-4377","1":"product","2":"type-product","3":"status-publish","4":"has-post-thumbnail","6":"product_cat-accesorios","7":"product_cat-mancuernas","8":"product_cat-stock","9":"product_cat-bancos-rack-profesional","11":"first","12":"instock","13":"sale","14":"shipping-taxable","15":"purchasable","16":"product-type-simple"},"_links":{"self":[{"href":"https:\/\/letsgofitness.cl\/index.php\/wp-json\/wp\/v2\/product\/4377","targetHints":{"allow":["GET"]}}],"collection":[{"href":"https:\/\/letsgofitness.cl\/index.php\/wp-json\/wp\/v2\/product"}],"about":[{"href":"https:\/\/letsgofitness.cl\/index.php\/wp-json\/wp\/v2\/types\/product"}],"wp:featuredmedia":[{"embeddable":true,"href":"https:\/\/letsgofitness.cl\/index.php\/wp-json\/wp\/v2\/media\/5877"}],"wp:attachment":[{"href":"https:\/\/letsgofitness.cl\/index.php\/wp-json\/wp\/v2\/media?parent=4377"}],"wp:term":[{"taxonomy":"product_brand","embeddable":true,"href":"https:\/\/letsgofitness.cl\/index.php\/wp-json\/wp\/v2\/product_brand?post=4377"},{"taxonomy":"product_cat","embeddable":true,"href":"https:\/\/letsgofitness.cl\/index.php\/wp-json\/wp\/v2\/product_cat?post=4377"},{"taxonomy":"product_tag","embeddable":true,"href":"https:\/\/letsgofitness.cl\/index.php\/wp-json\/wp\/v2\/product_tag?post=4377"}],"curies":[{"name":"wp","href":"https:\/\/api.w.org\/{rel}","templated":true}]}}