{"id":4376,"date":"2022-07-18T14:50:32","date_gmt":"2022-07-18T17:50:32","guid":{"rendered":"https:\/\/letsgofitness.cl\/?post_type=product&#038;p=4376"},"modified":"2026-04-10T11:10:16","modified_gmt":"2026-04-10T14:10:16","slug":"remo-sentado-peso-libre-boss-strength","status":"publish","type":"product","link":"https:\/\/letsgofitness.cl\/index.php\/producto\/remo-sentado-peso-libre-boss-strength\/","title":{"rendered":"SEATED ROW XPLUS BOSS STRENGTH"},"content":{"rendered":"<h5 class=\"price\"><strong>REMO SENTADO AJUSTABLE<\/strong><\/h5>\n<p>La XPlus Boss Strength Seated Row es una m\u00e1quina vers\u00e1til tanto para uso comercial como en casa, dise\u00f1ada para fortalecer los m\u00fasculos de la espalda, trapecios y deltoides posteriores.<\/p>\n<p>Fabricada con acero resistente, esta m\u00e1quina ofrece un dise\u00f1o s\u00f3lido que se adapta a cualquier usuario. La resistencia se ajusta cargando discos en sus soportes, inclinados para evitar desplazamientos durante el ejercicio.<\/p>\n<p>El asiento y el apoyo de pecho est\u00e1n acolchados con cuero resistente y son ajustables en altura y profundidad para brindar comodidad y seguridad durante el entrenamiento. Adem\u00e1s, cuenta con apoyo para los pies en la base para mayor estabilidad.<\/p>\n<p>Para proteger el suelo, el marco de la m\u00e1quina est\u00e1 equipado con topes en la base.<\/p>\n<p><strong>CARACTERISTICAS:<\/strong><\/p>\n<div class=\"woocommerce-product-details__short-description\">\n<ul>\n<li>La posici\u00f3n de la tableta se puede ajustar<\/li>\n<li>El lado unilateral se puede ajustar en 3 etapas antes y despu\u00e9s<\/li>\n<li>Cojines de lujo para apoyar al usuario<\/li>\n<li>El coj\u00edn y la almohadilla del pecho se pueden mover<\/li>\n<li>AJUSTE DE CARGA VARIABLE<\/li>\n<\/ul>\n<p><strong>DIMENSI\u00d3N Y PESO:<\/strong><\/p>\n<ul>\n<li>DIMENSI\u00d3N: 147,1 x 136,5 x 125,1 Cm<\/li>\n<li>PESO: 150kg<\/li>\n<li>PESO MAXIMO DE CARGA: 150 KG<\/li>\n<\/ul>\n<\/div>\n","protected":false},"excerpt":{"rendered":"<p>REMO SENTADO AJUSTABLE La XPlus Boss Strength Seated Row es una m\u00e1quina vers\u00e1til tanto para uso comercial como en casa, dise\u00f1ada para fortalecer los m\u00fasculos de<span class=\"excerpt-hellip\"> [\u2026]<\/span><\/p>\n","protected":false},"featured_media":8531,"template":"","meta":{"_joinchat":[]},"product_brand":[],"product_cat":[130,135,132,122,32,47],"product_tag":[],"class_list":{"0":"post-4376","1":"product","2":"type-product","3":"status-publish","4":"has-post-thumbnail","6":"product_cat-boss-strength","7":"product_cat-oferta","8":"product_cat-powercrown","9":"product_cat-stock","10":"product_cat-profesional","11":"product_cat-peso-libre-profesional","13":"first","14":"outofstock","15":"sale","16":"shipping-taxable","17":"purchasable","18":"product-type-simple"},"_links":{"self":[{"href":"https:\/\/letsgofitness.cl\/index.php\/wp-json\/wp\/v2\/product\/4376","targetHints":{"allow":["GET"]}}],"collection":[{"href":"https:\/\/letsgofitness.cl\/index.php\/wp-json\/wp\/v2\/product"}],"about":[{"href":"https:\/\/letsgofitness.cl\/index.php\/wp-json\/wp\/v2\/types\/product"}],"wp:featuredmedia":[{"embeddable":true,"href":"https:\/\/letsgofitness.cl\/index.php\/wp-json\/wp\/v2\/media\/8531"}],"wp:attachment":[{"href":"https:\/\/letsgofitness.cl\/index.php\/wp-json\/wp\/v2\/media?parent=4376"}],"wp:term":[{"taxonomy":"product_brand","embeddable":true,"href":"https:\/\/letsgofitness.cl\/index.php\/wp-json\/wp\/v2\/product_brand?post=4376"},{"taxonomy":"product_cat","embeddable":true,"href":"https:\/\/letsgofitness.cl\/index.php\/wp-json\/wp\/v2\/product_cat?post=4376"},{"taxonomy":"product_tag","embeddable":true,"href":"https:\/\/letsgofitness.cl\/index.php\/wp-json\/wp\/v2\/product_tag?post=4376"}],"curies":[{"name":"wp","href":"https:\/\/api.w.org\/{rel}","templated":true}]}}