{"id":3505,"date":"2022-03-04T10:29:23","date_gmt":"2022-03-04T13:29:23","guid":{"rendered":"https:\/\/letsgofitness.cl\/?post_type=product&#038;p=3505"},"modified":"2026-04-10T11:16:44","modified_gmt":"2026-04-10T14:16:44","slug":"hack-squat-dead-lift","status":"publish","type":"product","link":"https:\/\/letsgofitness.cl\/index.php\/producto\/hack-squat-dead-lift\/","title":{"rendered":"HACK SQUAT \/ DEAD LIFT"},"content":{"rendered":"<h5>CARACTER\u00cdSTICAS T\u00c9CNICAS:<\/h5>\n<p><strong>Caracter\u00edsticas de Dead Lift:<\/strong><\/p>\n<ul>\n<li>La placa de pie en \u00e1ngulo proporciona una base estable, especialmente para aquellos con m\u00fasculos de la pantorrilla limitados o tensos.<\/li>\n<li>El movimiento de ejercicio compuesto trae el peso hacia atr\u00e1s para llevar los hombros hacia atr\u00e1s y coloca la esc\u00e1pula en una posici\u00f3n de ejercicio final estable.<\/li>\n<li style=\"list-style-type: none\"><\/li>\n<\/ul>\n<p><strong>Caracter\u00edsticas generales generales:<\/strong><\/p>\n<ul>\n<li>La placa de pie de gran tama\u00f1o permite m\u00faltiples posiciones de pie para garantizar una biomec\u00e1nica correcta durante los ejercicios.<\/li>\n<li>Las empu\u00f1aduras giratorias proporcionan un posicionamiento adecuado<\/li>\n<\/ul>\n<ul class=\"tabingul\">\n<li style=\"list-style-type: none\"><\/li>\n<\/ul>\n<h4>DISPONIBLE EN COLOR ESTRUCTURA NEGRO \/ TAPIZ NEGRO<\/h4>\n","protected":false},"excerpt":{"rendered":"<h5><strong>DIMENSIONES Y PESO:<\/strong><\/h5>\n<ul class=\"tabingul\">\n<li><strong>Ancho del producto:<\/strong> 150 cm<\/li>\n<li><strong>Altura del producto:<\/strong> 149 cm<\/li>\n<li><strong>Longitud del producto:<\/strong> 221 cm<\/li>\n<li><strong>Peso:<\/strong> 272 kg<\/li>\n<\/ul>\n","protected":false},"featured_media":3485,"template":"","meta":{"_joinchat":[]},"product_brand":[],"product_cat":[124,122,32,47],"product_tag":[],"class_list":{"0":"post-3505","1":"product","2":"type-product","3":"status-publish","4":"has-post-thumbnail","6":"product_cat-ofertas","7":"product_cat-stock","8":"product_cat-profesional","9":"product_cat-peso-libre-profesional","11":"first","12":"instock","13":"sale","14":"shipping-taxable","15":"purchasable","16":"product-type-simple"},"_links":{"self":[{"href":"https:\/\/letsgofitness.cl\/index.php\/wp-json\/wp\/v2\/product\/3505","targetHints":{"allow":["GET"]}}],"collection":[{"href":"https:\/\/letsgofitness.cl\/index.php\/wp-json\/wp\/v2\/product"}],"about":[{"href":"https:\/\/letsgofitness.cl\/index.php\/wp-json\/wp\/v2\/types\/product"}],"wp:featuredmedia":[{"embeddable":true,"href":"https:\/\/letsgofitness.cl\/index.php\/wp-json\/wp\/v2\/media\/3485"}],"wp:attachment":[{"href":"https:\/\/letsgofitness.cl\/index.php\/wp-json\/wp\/v2\/media?parent=3505"}],"wp:term":[{"taxonomy":"product_brand","embeddable":true,"href":"https:\/\/letsgofitness.cl\/index.php\/wp-json\/wp\/v2\/product_brand?post=3505"},{"taxonomy":"product_cat","embeddable":true,"href":"https:\/\/letsgofitness.cl\/index.php\/wp-json\/wp\/v2\/product_cat?post=3505"},{"taxonomy":"product_tag","embeddable":true,"href":"https:\/\/letsgofitness.cl\/index.php\/wp-json\/wp\/v2\/product_tag?post=3505"}],"curies":[{"name":"wp","href":"https:\/\/api.w.org\/{rel}","templated":true}]}}