{"id":3463,"date":"2022-02-25T16:07:53","date_gmt":"2022-02-25T19:07:53","guid":{"rendered":"https:\/\/letsgofitness.cl\/?post_type=product&#038;p=3463"},"modified":"2026-02-05T09:29:17","modified_gmt":"2026-02-05T12:29:17","slug":"hac-squat-realleader","status":"publish","type":"product","link":"https:\/\/letsgofitness.cl\/index.php\/producto\/hac-squat-realleader\/","title":{"rendered":"HACK SQUAT REALLEADER USA"},"content":{"rendered":"<h5>La m\u00e1quina de sentadillas Hack de Let\u00b4s Go Fitness\/Realleader USA es una gran m\u00e1quina para fortalecer las piernas y desarrollar los cu\u00e1driceps, los gl\u00fateos, los isquiotibiales y los m\u00fasculos de la pantorrilla.<\/h5>\n<p>&nbsp;<\/p>\n<h5><strong>\u00a0 \u00a0CARACTERISTICAS:<\/strong><\/h5>\n<ul>\n<li>M\u00e1quina de dise\u00f1o ergon\u00f3mico con mango de bloqueo y desbloqueo r\u00e1pido y f\u00e1cil.<\/li>\n<li>C\u00f3moda almohadilla trasera de espuma en \u00e1ngulo para un m\u00e1ximo apoyo de la espalda durante el ejercicio.<\/li>\n<li>Amplia plataforma para ajustar la posici\u00f3n del pie c\u00f3modamente y trabajar diferentes grupos musculares.<\/li>\n<li>C\u00f3modos agarres para sujetar mientras haces ejercicio.<\/li>\n<li>Cuatro portadiscos almacenar pesos adicionales.<\/li>\n<\/ul>\n<h5><strong>\u00a0 \u00a0BENEFICIOS:<\/strong><\/h5>\n<ul>\n<li>Una m\u00e1quina de ejercicios de sentadillas es excelente para el entrenamiento de fuerza de las piernas, especialmente para los principiantes en el ejercicio de sentadillas.<\/li>\n<li>La m\u00e1quina en \u00e1ngulo soporta el peso de forma segura mientras conf\u00eda en sus piernas para impulsar el movimiento, lo que impacta los m\u00fasculos espec\u00edficos de manera efectiva.<\/li>\n<li>Agregar el ejercicio de sentadilla hack a cualquier entrenamiento de la parte inferior del cuerpo es un gran complemento para las sentadillas y el peso muerto.<\/li>\n<\/ul>\n<h5><strong>\u00a0 \u00a0ESPECIFICACIONES T\u00c9CNICAS:<\/strong><\/h5>\n<ul>\n<li>Medidas<strong>:<\/strong> 185 x 175 x 150 CM<\/li>\n<li>Peso<strong>:<\/strong> 245 kg<\/li>\n<\/ul>\n<p>&nbsp;<\/p>\n","protected":false},"excerpt":{"rendered":"<p>DISPONIBLE EN COLOR GRIS, TAPIZADO COLOR NEGRO<\/p>\n","protected":false},"featured_media":5944,"template":"","meta":{"_joinchat":[]},"product_brand":[],"product_cat":[122,32,47],"product_tag":[],"class_list":{"0":"post-3463","1":"product","2":"type-product","3":"status-publish","4":"has-post-thumbnail","6":"product_cat-stock","7":"product_cat-profesional","8":"product_cat-peso-libre-profesional","10":"first","11":"outofstock","12":"sale","13":"shipping-taxable","14":"purchasable","15":"product-type-simple"},"_links":{"self":[{"href":"https:\/\/letsgofitness.cl\/index.php\/wp-json\/wp\/v2\/product\/3463","targetHints":{"allow":["GET"]}}],"collection":[{"href":"https:\/\/letsgofitness.cl\/index.php\/wp-json\/wp\/v2\/product"}],"about":[{"href":"https:\/\/letsgofitness.cl\/index.php\/wp-json\/wp\/v2\/types\/product"}],"wp:featuredmedia":[{"embeddable":true,"href":"https:\/\/letsgofitness.cl\/index.php\/wp-json\/wp\/v2\/media\/5944"}],"wp:attachment":[{"href":"https:\/\/letsgofitness.cl\/index.php\/wp-json\/wp\/v2\/media?parent=3463"}],"wp:term":[{"taxonomy":"product_brand","embeddable":true,"href":"https:\/\/letsgofitness.cl\/index.php\/wp-json\/wp\/v2\/product_brand?post=3463"},{"taxonomy":"product_cat","embeddable":true,"href":"https:\/\/letsgofitness.cl\/index.php\/wp-json\/wp\/v2\/product_cat?post=3463"},{"taxonomy":"product_tag","embeddable":true,"href":"https:\/\/letsgofitness.cl\/index.php\/wp-json\/wp\/v2\/product_tag?post=3463"}],"curies":[{"name":"wp","href":"https:\/\/api.w.org\/{rel}","templated":true}]}}