{"id":3458,"date":"2022-02-25T08:01:20","date_gmt":"2022-02-25T11:01:20","guid":{"rendered":"https:\/\/letsgofitness.cl\/?post_type=product&#038;p=3458"},"modified":"2026-04-10T11:08:48","modified_gmt":"2026-04-10T14:08:48","slug":"iso-lateral-leg-press-realleader-usa","status":"publish","type":"product","link":"https:\/\/letsgofitness.cl\/index.php\/producto\/iso-lateral-leg-press-realleader-usa\/","title":{"rendered":"ISO LATERAL LEG PRESS REALLEADER USA"},"content":{"rendered":"<h5>\u00a0 \u00a0CARACTERISTICAS:<\/h5>\n<ul>\n<li>La serie de carga de placas adopta un dise\u00f1o <strong>ergon\u00f3mico<\/strong> perfecto y utiliza el mejor arco y \u00e1ngulos dise\u00f1ados para la fisiolog\u00eda del ejercicio humano.<\/li>\n<li>Construida a partir de una secci\u00f3n de tubo de <strong>acero de 80 mm x 40 mm x 3 mm<\/strong>.<\/li>\n<li>Es fuerte, resistente y robusta.<\/li>\n<li>Materia: <strong>Tubo de acero y espuma.<\/strong><\/li>\n<li>Apariencia:\u00a0 2 capas de pintura y horneado.<\/li>\n<li>Mango: Aleaci\u00f3n de aluminio.<\/li>\n<\/ul>\n<h5>\u00a0 \u00a0ESPECIFICACIONES T\u00c9CNICAS:<\/h5>\n<ul>\n<li>Medidas<strong>:<\/strong> 175 X 200 X 155 CM<\/li>\n<li>Peso: 165 kg<\/li>\n<\/ul>\n","protected":false},"excerpt":{"rendered":"<p>\u00a0 \u00a0CARACTERISTICAS: La serie de carga de placas adopta un dise\u00f1o ergon\u00f3mico perfecto y utiliza el mejor arco y \u00e1ngulos dise\u00f1ados para la fisiolog\u00eda del ejercicio<span class=\"excerpt-hellip\"> [\u2026]<\/span><\/p>\n","protected":false},"featured_media":5943,"template":"","meta":{"_joinchat":[]},"product_brand":[],"product_cat":[122,32,47],"product_tag":[],"class_list":{"0":"post-3458","1":"product","2":"type-product","3":"status-publish","4":"has-post-thumbnail","6":"product_cat-stock","7":"product_cat-profesional","8":"product_cat-peso-libre-profesional","10":"first","11":"outofstock","12":"sale","13":"shipping-taxable","14":"purchasable","15":"product-type-simple"},"_links":{"self":[{"href":"https:\/\/letsgofitness.cl\/index.php\/wp-json\/wp\/v2\/product\/3458","targetHints":{"allow":["GET"]}}],"collection":[{"href":"https:\/\/letsgofitness.cl\/index.php\/wp-json\/wp\/v2\/product"}],"about":[{"href":"https:\/\/letsgofitness.cl\/index.php\/wp-json\/wp\/v2\/types\/product"}],"wp:featuredmedia":[{"embeddable":true,"href":"https:\/\/letsgofitness.cl\/index.php\/wp-json\/wp\/v2\/media\/5943"}],"wp:attachment":[{"href":"https:\/\/letsgofitness.cl\/index.php\/wp-json\/wp\/v2\/media?parent=3458"}],"wp:term":[{"taxonomy":"product_brand","embeddable":true,"href":"https:\/\/letsgofitness.cl\/index.php\/wp-json\/wp\/v2\/product_brand?post=3458"},{"taxonomy":"product_cat","embeddable":true,"href":"https:\/\/letsgofitness.cl\/index.php\/wp-json\/wp\/v2\/product_cat?post=3458"},{"taxonomy":"product_tag","embeddable":true,"href":"https:\/\/letsgofitness.cl\/index.php\/wp-json\/wp\/v2\/product_tag?post=3458"}],"curies":[{"name":"wp","href":"https:\/\/api.w.org\/{rel}","templated":true}]}}