{"id":3152,"date":"2021-12-13T13:00:49","date_gmt":"2021-12-13T16:00:49","guid":{"rendered":"https:\/\/letsgofitness.cl\/?post_type=product&#038;p=3152"},"modified":"2026-04-10T11:17:26","modified_gmt":"2026-04-10T14:17:26","slug":"incline-chest-press-impulse-disponible-desde-el-5-de-nero-2022","status":"publish","type":"product","link":"https:\/\/letsgofitness.cl\/index.php\/producto\/incline-chest-press-impulse-disponible-desde-el-5-de-nero-2022\/","title":{"rendered":"INCLINE CHEST PRESS IMPULSE STERLING"},"content":{"rendered":"<p>La INCLINE CHEST PRESS IMPULSE STERLING SL7005, es el producto exclusivo que ejercita principalmente el pectoral mayor superior, ayuda en el ejercicio del deltoides anterior y el tr\u00edceps braquial. Impulse invita a los equipos del campo f\u00edsico y del culturismo a optimizarlo repetidamente para que tenga la trayectoria y la curva de fuerza muscular m\u00e1s ergon\u00f3micas, evitando la p\u00e9rdida de fuerza en la parte superior y permitiendo que el grupo muscular objetivo se contraiga por completo. La estructura din\u00e1mica puede entrenar eficazmente los m\u00fasculos del lado d\u00e9bil y fortalecer la capacidad del cuerpo para resistir la rotaci\u00f3n, lo que brinda a los usuarios una experiencia de entrenamiento segura y efectiva.<\/p>\n<h6><strong>CARACTER\u00cdSTICAS T\u00c9CNICAS:<\/strong><\/h6>\n<ul>\n<li>Carga de placa ol\u00edmpicas, asegura un bajo mantenimiento<\/li>\n<li>La tuber\u00eda cuadrada gruesa ha sido electrosoldada para m\u00e1xima integridad<\/li>\n<li>Recubierto de polvo electrost\u00e1tico y curado con calor para una durabilidad superior<\/li>\n<li>Asientos c\u00f3modos de 60 mm de grosor y acolchado con vinilo industrial, respaldo de madera contrachapada gruesa y n\u00facleo de espuma de 38 mm<\/li>\n<\/ul>\n<h6><strong>DIMENSIONES Y PESOS:<\/strong><\/h6>\n<p>Medidas: 1,90 x 152,3 x 177,9 cm<\/p>\n<p>Peso: 183,5 KG<\/p>\n<p>Peso inicial (un brazo): 8KG<\/p>\n<p>Peso m\u00e1ximo de usuario: 150KG<\/p>\n","protected":false},"excerpt":{"rendered":"<p>La INCLINE CHEST PRESS IMPULSE STERLING SL7005, es el producto exclusivo que ejercita principalmente el pectoral mayor superior, ayuda en el ejercicio del deltoides anterior y<span class=\"excerpt-hellip\"> [\u2026]<\/span><\/p>\n","protected":false},"featured_media":5965,"template":"","meta":{"_joinchat":[]},"product_brand":[],"product_cat":[65,211,291,32,47],"product_tag":[],"class_list":{"0":"post-3152","1":"product","2":"type-product","3":"status-publish","4":"has-post-thumbnail","6":"product_cat-profesional-pesolibre-chest-press","7":"product_cat-impulse","8":"product_cat-sterling","9":"product_cat-profesional","10":"product_cat-peso-libre-profesional","12":"first","13":"outofstock","14":"sale","15":"shipping-taxable","16":"purchasable","17":"product-type-simple"},"_links":{"self":[{"href":"https:\/\/letsgofitness.cl\/index.php\/wp-json\/wp\/v2\/product\/3152","targetHints":{"allow":["GET"]}}],"collection":[{"href":"https:\/\/letsgofitness.cl\/index.php\/wp-json\/wp\/v2\/product"}],"about":[{"href":"https:\/\/letsgofitness.cl\/index.php\/wp-json\/wp\/v2\/types\/product"}],"wp:featuredmedia":[{"embeddable":true,"href":"https:\/\/letsgofitness.cl\/index.php\/wp-json\/wp\/v2\/media\/5965"}],"wp:attachment":[{"href":"https:\/\/letsgofitness.cl\/index.php\/wp-json\/wp\/v2\/media?parent=3152"}],"wp:term":[{"taxonomy":"product_brand","embeddable":true,"href":"https:\/\/letsgofitness.cl\/index.php\/wp-json\/wp\/v2\/product_brand?post=3152"},{"taxonomy":"product_cat","embeddable":true,"href":"https:\/\/letsgofitness.cl\/index.php\/wp-json\/wp\/v2\/product_cat?post=3152"},{"taxonomy":"product_tag","embeddable":true,"href":"https:\/\/letsgofitness.cl\/index.php\/wp-json\/wp\/v2\/product_tag?post=3152"}],"curies":[{"name":"wp","href":"https:\/\/api.w.org\/{rel}","templated":true}]}}