{"id":3148,"date":"2021-12-13T12:56:49","date_gmt":"2021-12-13T15:56:49","guid":{"rendered":"https:\/\/letsgofitness.cl\/?post_type=product&#038;p=3148"},"modified":"2026-04-10T11:17:26","modified_gmt":"2026-04-10T14:17:26","slug":"shoulder-press-impulse-disponible-desde-el-5-de-enero","status":"publish","type":"product","link":"https:\/\/letsgofitness.cl\/index.php\/producto\/shoulder-press-impulse-disponible-desde-el-5-de-enero\/","title":{"rendered":"SHOULDER PRESS IMPULSE STERLING"},"content":{"rendered":"<p>La prensa de hombro Impulse Sterling ha sido dise\u00f1ada pensando tanto en el propietario de la instalaci\u00f3n como en el usuario. Cumple con las demandas de un entorno de alto uso, con caracter\u00edsticas de carga de placas para garantizar un bajo mantenimiento y cuatro clavijas de almacenamiento de placas integradas para ahorrar espacio en sus instalaciones. Tiene una trayectoria de movimiento biomec\u00e1nicamente precisa y un dise\u00f1o que replica la sensaci\u00f3n de las pesas libres mientras se dirige con precisi\u00f3n a los hombros y tr\u00edceps. Los ajustes de un solo toque tambi\u00e9n hacen que este equipo se adapte a cualquier altura del usuario, lo que se ve en toda la gama Impulse Sterling.<\/p>\n<h6><strong>CARACTER\u00cdSTICAS T\u00c9CNICAS:<\/strong><\/h6>\n<ul>\n<li>Carga de placa ol\u00edmpicas, asegura un bajo mantenimiento<\/li>\n<li>La tuber\u00eda cuadrada gruesa ha sido electrosoldada para m\u00e1xima integridad<\/li>\n<li>Recubierto de polvo electrost\u00e1tico y curado con calor para una durabilidad superior<\/li>\n<li>Asientos c\u00f3modos de 60 mm de grosor y acolchado con vinilo industrial, respaldo de madera contrachapada gruesa y n\u00facleo de espuma de 38 mm<\/li>\n<\/ul>\n<h6><strong>DIMENSIONES Y PESOS:<\/strong><\/h6>\n<p>Medidas: 155,8 x 181,8 x 148,7 cm<\/p>\n<p>Peso: 171 KG<\/p>\n<p>Peso inicial (un brazo): 10 KG<\/p>\n<p>Peso m\u00e1ximo de usuario: 150 KG<\/p>\n","protected":false},"excerpt":{"rendered":"<p>La prensa de hombro Impulse Sterling ha sido dise\u00f1ada pensando tanto en el propietario de la instalaci\u00f3n como en el usuario. Cumple con las demandas de<span class=\"excerpt-hellip\"> [\u2026]<\/span><\/p>\n","protected":false},"featured_media":6003,"template":"","meta":{"_joinchat":[]},"product_brand":[],"product_cat":[211,61,291,32,47],"product_tag":[],"class_list":{"0":"post-3148","1":"product","2":"type-product","3":"status-publish","4":"has-post-thumbnail","6":"product_cat-impulse","7":"product_cat-profesional-pesolibre-shoulder-press","8":"product_cat-sterling","9":"product_cat-profesional","10":"product_cat-peso-libre-profesional","12":"first","13":"outofstock","14":"sale","15":"shipping-taxable","16":"purchasable","17":"product-type-simple"},"_links":{"self":[{"href":"https:\/\/letsgofitness.cl\/index.php\/wp-json\/wp\/v2\/product\/3148","targetHints":{"allow":["GET"]}}],"collection":[{"href":"https:\/\/letsgofitness.cl\/index.php\/wp-json\/wp\/v2\/product"}],"about":[{"href":"https:\/\/letsgofitness.cl\/index.php\/wp-json\/wp\/v2\/types\/product"}],"wp:featuredmedia":[{"embeddable":true,"href":"https:\/\/letsgofitness.cl\/index.php\/wp-json\/wp\/v2\/media\/6003"}],"wp:attachment":[{"href":"https:\/\/letsgofitness.cl\/index.php\/wp-json\/wp\/v2\/media?parent=3148"}],"wp:term":[{"taxonomy":"product_brand","embeddable":true,"href":"https:\/\/letsgofitness.cl\/index.php\/wp-json\/wp\/v2\/product_brand?post=3148"},{"taxonomy":"product_cat","embeddable":true,"href":"https:\/\/letsgofitness.cl\/index.php\/wp-json\/wp\/v2\/product_cat?post=3148"},{"taxonomy":"product_tag","embeddable":true,"href":"https:\/\/letsgofitness.cl\/index.php\/wp-json\/wp\/v2\/product_tag?post=3148"}],"curies":[{"name":"wp","href":"https:\/\/api.w.org\/{rel}","templated":true}]}}