{"id":3078,"date":"2021-11-18T14:20:08","date_gmt":"2021-11-18T17:20:08","guid":{"rendered":"https:\/\/letsgofitness.cl\/?post_type=product&#038;p=3078"},"modified":"2026-05-05T11:25:26","modified_gmt":"2026-05-05T14:25:26","slug":"belt-squat-realader-usa-disponible-desde-el-27-de-diciembre","status":"publish","type":"product","link":"https:\/\/letsgofitness.cl\/index.php\/producto\/belt-squat-realader-usa-disponible-desde-el-27-de-diciembre\/","title":{"rendered":"BELT SQUAT REALLEADER USA"},"content":{"rendered":"<p>La singularidad del equipo radica en el hecho de que puede ser utilizado por usuarios que tienen problemas de espalda. En el proceso de ponerse en cuclillas, solo los m\u00fasculos objetivo, los cu\u00e1driceps de los muslos o las nalgas, est\u00e1n involucrados en el trabajo, y la carga pr\u00e1cticamente se elimina de la columna vertebral. La plataforma ajustable para las piernas le permite elegir una posici\u00f3n inicial para enfocarse en los gl\u00fateos o b\u00edceps del muslo.<\/p>\n<p>&nbsp;<\/p>\n<h6><strong>\u00a0 CARACTER\u00cdSTICAS T\u00c9CNICAS:<\/strong><\/h6>\n<ul>\n<li class=\"bac-item-label fl\">Material: Aluminio.<\/li>\n<li>\n<div class=\"bac-item-label fl\">2 capas de pintura y horneado.<\/div>\n<\/li>\n<li>Mangos antideslizantes en \u00e1ngulo que proporcionan un agarre seguro y una posici\u00f3n correcta de la mano y el cuerpo.<\/li>\n<li>Estructura de acero m\u00e1xima calidad.<\/li>\n<li>Grosor perfiles 3MM.<\/li>\n<li>En el proceso de ponerse en cuclillas, solo los m\u00fasculos objetivo, los cu\u00e1driceps de los muslos o las nalgas, est\u00e1n involucrados en el trabajo, y la carga se elimina de la columna vertebral. Por lo tanto, el simulador tambi\u00e9n es adecuado para aquellos que tienen problemas de espalda.<\/li>\n<li>La carga m\u00e1xima en las palancas es de 350 kg.<\/li>\n<li>Mangos antideslizantes en \u00e1ngulo que proporcionan un agarre seguro y una posici\u00f3n correcta de la mano y el cuerpo.<\/li>\n<li>La plataforma de la pata es ancha con un revestimiento antideslizante de goma. El \u00e1ngulo de inclinaci\u00f3n es ajustable, lo que le permite redistribuir la carga durante el entrenamiento.<\/li>\n<\/ul>\n<p>&nbsp;<\/p>\n<h6><strong>\u00a0 \u00a0 \u00a0DIMENSIONES Y PESOS:<\/strong><\/h6>\n<p>Medidas: 158 x 165 x 168 cm<\/p>\n<p>Peso: 240 KG<\/p>\n<p>Tama\u00f1o del tubo: 8 x 4 x 0,3 cm<\/p>\n","protected":false},"excerpt":{"rendered":"<p>La singularidad del equipo radica en el hecho de que puede ser utilizado por usuarios que tienen problemas de espalda. En el proceso de ponerse en<span class=\"excerpt-hellip\"> [\u2026]<\/span><\/p>\n","protected":false},"featured_media":3077,"template":"","meta":{"_joinchat":[]},"product_brand":[],"product_cat":[283,32,47],"product_tag":[],"class_list":{"0":"post-3078","1":"product","2":"type-product","3":"status-publish","4":"has-post-thumbnail","6":"product_cat-realleader","7":"product_cat-profesional","8":"product_cat-peso-libre-profesional","10":"first","11":"outofstock","12":"sale","13":"shipping-taxable","14":"purchasable","15":"product-type-simple"},"_links":{"self":[{"href":"https:\/\/letsgofitness.cl\/index.php\/wp-json\/wp\/v2\/product\/3078","targetHints":{"allow":["GET"]}}],"collection":[{"href":"https:\/\/letsgofitness.cl\/index.php\/wp-json\/wp\/v2\/product"}],"about":[{"href":"https:\/\/letsgofitness.cl\/index.php\/wp-json\/wp\/v2\/types\/product"}],"wp:featuredmedia":[{"embeddable":true,"href":"https:\/\/letsgofitness.cl\/index.php\/wp-json\/wp\/v2\/media\/3077"}],"wp:attachment":[{"href":"https:\/\/letsgofitness.cl\/index.php\/wp-json\/wp\/v2\/media?parent=3078"}],"wp:term":[{"taxonomy":"product_brand","embeddable":true,"href":"https:\/\/letsgofitness.cl\/index.php\/wp-json\/wp\/v2\/product_brand?post=3078"},{"taxonomy":"product_cat","embeddable":true,"href":"https:\/\/letsgofitness.cl\/index.php\/wp-json\/wp\/v2\/product_cat?post=3078"},{"taxonomy":"product_tag","embeddable":true,"href":"https:\/\/letsgofitness.cl\/index.php\/wp-json\/wp\/v2\/product_tag?post=3078"}],"curies":[{"name":"wp","href":"https:\/\/api.w.org\/{rel}","templated":true}]}}