{"id":1780,"date":"2021-03-24T00:03:01","date_gmt":"2021-03-24T03:03:01","guid":{"rendered":"https:\/\/letsgofitness.cl\/?post_type=product&#038;p=1780"},"modified":"2026-05-05T11:20:05","modified_gmt":"2026-05-05T14:20:05","slug":"crossover-pulley-boss-strength-heavy-weight131-8kg-x-2","status":"publish","type":"product","link":"https:\/\/letsgofitness.cl\/index.php\/producto\/crossover-pulley-boss-strength-heavy-weight131-8kg-x-2\/","title":{"rendered":"CROSSOVER PULLEY BOSS STRENGTH (HEAVY WEIGHT)"},"content":{"rendered":"<h6><strong>CARACTER\u00cdSTICAS T\u00c9CNICAS:<\/strong><\/h6>\n<ul>\n<li>El bastidor principal del equipo adopta una tuber\u00eda soldada de alta calidad con paredes de 3 mm de grosor.<\/li>\n<li>Las piezas de enlace y carga est\u00e1n sujetas a an\u00e1lisis de fuerza y ??prueba de resistencia m\u00e1xima para garantizar una excelente estabilidad del equipo.<\/li>\n<li>El equipo vincula el uso de pernos de grado 8.8 de alta resistencia.<\/li>\n<li>El exclusivo sistema de polea especial est\u00e1 en consonancia con el dise\u00f1o ergon\u00f3mico del mango.<\/li>\n<li>Dise\u00f1o de contrapeso doble de 131.8 kg con funci\u00f3n pull-up.<\/li>\n<\/ul>\n<h6><strong>DIMENSIONES Y PESO:<\/strong><\/h6>\n<ul>\n<li>Peso neto: 293kg \/ 640Lb<\/li>\n<li>Peso m\u00e1ximo del usuario: 180 kg \/ 400 lb<\/li>\n<li>Pila de pesas: 131.8 * 2<\/li>\n<li>Dimensi\u00f3n ensamblada: 4091 (L) x1065 (W) x2344mm (H)<\/li>\n<\/ul>\n","protected":false},"excerpt":{"rendered":"<p>CARACTER\u00cdSTICAS T\u00c9CNICAS: El bastidor principal del equipo adopta una tuber\u00eda soldada de alta calidad con paredes de 3 mm de grosor. Las piezas de enlace y<span class=\"excerpt-hellip\"> [\u2026]<\/span><\/p>\n","protected":false},"featured_media":6008,"template":"","meta":{"_joinchat":[]},"product_brand":[],"product_cat":[130,66,32,48],"product_tag":[],"class_list":{"0":"post-1780","1":"product","2":"type-product","3":"status-publish","4":"has-post-thumbnail","6":"product_cat-boss-strength","7":"product_cat-profesional-pesointegrado-cable-crossover","8":"product_cat-profesional","9":"product_cat-peso-integrado-profesional","11":"first","12":"outofstock","13":"sale","14":"shipping-taxable","15":"purchasable","16":"product-type-simple"},"_links":{"self":[{"href":"https:\/\/letsgofitness.cl\/index.php\/wp-json\/wp\/v2\/product\/1780","targetHints":{"allow":["GET"]}}],"collection":[{"href":"https:\/\/letsgofitness.cl\/index.php\/wp-json\/wp\/v2\/product"}],"about":[{"href":"https:\/\/letsgofitness.cl\/index.php\/wp-json\/wp\/v2\/types\/product"}],"wp:featuredmedia":[{"embeddable":true,"href":"https:\/\/letsgofitness.cl\/index.php\/wp-json\/wp\/v2\/media\/6008"}],"wp:attachment":[{"href":"https:\/\/letsgofitness.cl\/index.php\/wp-json\/wp\/v2\/media?parent=1780"}],"wp:term":[{"taxonomy":"product_brand","embeddable":true,"href":"https:\/\/letsgofitness.cl\/index.php\/wp-json\/wp\/v2\/product_brand?post=1780"},{"taxonomy":"product_cat","embeddable":true,"href":"https:\/\/letsgofitness.cl\/index.php\/wp-json\/wp\/v2\/product_cat?post=1780"},{"taxonomy":"product_tag","embeddable":true,"href":"https:\/\/letsgofitness.cl\/index.php\/wp-json\/wp\/v2\/product_tag?post=1780"}],"curies":[{"name":"wp","href":"https:\/\/api.w.org\/{rel}","templated":true}]}}