{"id":14571,"date":"2026-02-10T16:35:16","date_gmt":"2026-02-10T19:35:16","guid":{"rendered":"https:\/\/letsgofitness.cl\/?post_type=product&#038;p=14571"},"modified":"2026-04-10T11:08:37","modified_gmt":"2026-04-10T14:08:37","slug":"preventa-nautilus-leveg-deltoid-raise","status":"publish","type":"product","link":"https:\/\/letsgofitness.cl\/index.php\/producto\/preventa-nautilus-leveg-deltoid-raise\/","title":{"rendered":"NAUTILUS DELTOID RAISE"},"content":{"rendered":"<p>Deltoid Raise Nautilus forma parte de la l\u00ednea Impact, que incorpora numerosas innovaciones sutiles para potenciar tu pr\u00f3xima sesi\u00f3n de entrenamiento. La evoluci\u00f3n de su biomec\u00e1nica probada y las caracter\u00edsticas de uso han convertido a esta l\u00ednea de fuerza en un producto s\u00f3lido y competitivo. Impact incorpora nuevas caracter\u00edsticas est\u00e9ticas y biomec\u00e1nicas que la han consolidado como una l\u00ednea de productos de fuerza competitiva y diversa.<\/p>\n<p><strong><span dir=\"auto\">BLOQUEAR Y CARGAR<\/span><\/strong><\/p>\n<p><span dir=\"auto\">Seleccionar una pesa con el dise\u00f1o intuitivo Lock N Load es tan f\u00e1cil como pulsar un interruptor. Los interruptores con c\u00f3digo de color universal activan y desactivan la pesa mediante un pasador interno, lo que proporciona un funcionamiento m\u00e1s seguro, duradero y sin necesidad de mantenimiento. Nautilus Impact Deltoid Raise Lock N Load evita problemas de mantenimiento innecesarios, ya que no hay pasadores que perder ni reemplazar.<\/span><\/p>\n<p><strong>CARACTER\u00cdSTICAS:<\/strong><\/p>\n<ul>\n<li><span dir=\"auto\">Selecci\u00f3n de pilas de pesas f\u00e1cil de usar<\/span><\/li>\n<li><span dir=\"auto\">Sistema de peso incremental de 5 lb para una progresi\u00f3n \u00f3ptima.<\/span><\/li>\n<li><span dir=\"auto\">\u00a0Con el sistema patentado de selecci\u00f3n de peso Lock N Load.<\/span><\/li>\n<li>Dimensiones: 129.5 cm de largo x 116.8 cm de ancho x 152.4 cm de alto.<\/li>\n<\/ul>\n","protected":false},"excerpt":{"rendered":"<p>Deltoid Raise Nautilus forma parte de la l\u00ednea Impact, que incorpora numerosas innovaciones sutiles para potenciar tu pr\u00f3xima sesi\u00f3n de entrenamiento. La evoluci\u00f3n de su biomec\u00e1nica<span class=\"excerpt-hellip\"> [\u2026]<\/span><\/p>\n","protected":false},"featured_media":14573,"template":"","meta":{"_joinchat":[]},"product_brand":[],"product_cat":[135],"product_tag":[],"class_list":{"0":"post-14571","1":"product","2":"type-product","3":"status-publish","4":"has-post-thumbnail","6":"product_cat-oferta","8":"first","9":"outofstock","10":"sale","11":"shipping-taxable","12":"purchasable","13":"product-type-simple"},"_links":{"self":[{"href":"https:\/\/letsgofitness.cl\/index.php\/wp-json\/wp\/v2\/product\/14571","targetHints":{"allow":["GET"]}}],"collection":[{"href":"https:\/\/letsgofitness.cl\/index.php\/wp-json\/wp\/v2\/product"}],"about":[{"href":"https:\/\/letsgofitness.cl\/index.php\/wp-json\/wp\/v2\/types\/product"}],"wp:featuredmedia":[{"embeddable":true,"href":"https:\/\/letsgofitness.cl\/index.php\/wp-json\/wp\/v2\/media\/14573"}],"wp:attachment":[{"href":"https:\/\/letsgofitness.cl\/index.php\/wp-json\/wp\/v2\/media?parent=14571"}],"wp:term":[{"taxonomy":"product_brand","embeddable":true,"href":"https:\/\/letsgofitness.cl\/index.php\/wp-json\/wp\/v2\/product_brand?post=14571"},{"taxonomy":"product_cat","embeddable":true,"href":"https:\/\/letsgofitness.cl\/index.php\/wp-json\/wp\/v2\/product_cat?post=14571"},{"taxonomy":"product_tag","embeddable":true,"href":"https:\/\/letsgofitness.cl\/index.php\/wp-json\/wp\/v2\/product_tag?post=14571"}],"curies":[{"name":"wp","href":"https:\/\/api.w.org\/{rel}","templated":true}]}}