{"id":14157,"date":"2026-02-13T15:08:11","date_gmt":"2026-02-13T18:08:11","guid":{"rendered":"https:\/\/letsgofitness.cl\/?post_type=product&#038;p=14157"},"modified":"2026-04-10T11:10:01","modified_gmt":"2026-04-10T14:10:01","slug":"mid-row-ts-tuff-stuff-peso-libre","status":"publish","type":"product","link":"https:\/\/letsgofitness.cl\/index.php\/producto\/mid-row-ts-tuff-stuff-peso-libre\/","title":{"rendered":"MID ROW TS TUFF STUFF PESO LIBRE"},"content":{"rendered":"<div class=\"WaaZC\">\n<div class=\"RJPOee EIJn2\"><\/div>\n<\/div>\n","protected":false},"excerpt":{"rendered":"<p><span data-huuid=\"16821278406836473296\"><strong>MID ROW TS TUFF STUFF PESO LIBRE<\/strong> es una m\u00e1quina de gimnasio profesional dise\u00f1ada para ejercitar los m\u00fasculos dorsales, deltoides posteriores, trapecios y b\u00edceps.<span class=\"pjBG2e\" data-cid=\"584b0159-4351-4a99-8ffe-0d04877cbe07\"><span class=\"UV3uM\">\u00a0<\/span><\/span><\/span><\/p>\n","protected":false},"featured_media":14766,"template":"","meta":{"_joinchat":[]},"product_brand":[],"product_cat":[135],"product_tag":[],"class_list":{"0":"post-14157","1":"product","2":"type-product","3":"status-publish","4":"has-post-thumbnail","6":"product_cat-oferta","8":"first","9":"instock","10":"sale","11":"shipping-taxable","12":"purchasable","13":"product-type-simple"},"_links":{"self":[{"href":"https:\/\/letsgofitness.cl\/index.php\/wp-json\/wp\/v2\/product\/14157","targetHints":{"allow":["GET"]}}],"collection":[{"href":"https:\/\/letsgofitness.cl\/index.php\/wp-json\/wp\/v2\/product"}],"about":[{"href":"https:\/\/letsgofitness.cl\/index.php\/wp-json\/wp\/v2\/types\/product"}],"wp:featuredmedia":[{"embeddable":true,"href":"https:\/\/letsgofitness.cl\/index.php\/wp-json\/wp\/v2\/media\/14766"}],"wp:attachment":[{"href":"https:\/\/letsgofitness.cl\/index.php\/wp-json\/wp\/v2\/media?parent=14157"}],"wp:term":[{"taxonomy":"product_brand","embeddable":true,"href":"https:\/\/letsgofitness.cl\/index.php\/wp-json\/wp\/v2\/product_brand?post=14157"},{"taxonomy":"product_cat","embeddable":true,"href":"https:\/\/letsgofitness.cl\/index.php\/wp-json\/wp\/v2\/product_cat?post=14157"},{"taxonomy":"product_tag","embeddable":true,"href":"https:\/\/letsgofitness.cl\/index.php\/wp-json\/wp\/v2\/product_tag?post=14157"}],"curies":[{"name":"wp","href":"https:\/\/api.w.org\/{rel}","templated":true}]}}