{"id":13522,"date":"2025-10-06T12:57:04","date_gmt":"2025-10-06T15:57:04","guid":{"rendered":"https:\/\/letsgofitness.cl\/?post_type=product&#038;p=13522"},"modified":"2026-04-10T11:13:09","modified_gmt":"2026-04-10T14:13:09","slug":"preventa-glute-builder-pro-fit","status":"publish","type":"product","link":"https:\/\/letsgofitness.cl\/index.php\/producto\/preventa-glute-builder-pro-fit\/","title":{"rendered":"GLUTE BUILDER PRO FIT **OFERTA PAGO CONTADO $800.000** (TRANSFERENCIA)"},"content":{"rendered":"<p>HIP THRUST GLUTE BUILDER PRO FIT, dise\u00f1ada para la ejecuci\u00f3n segura y eficiente de empuje de cadera con barra. Su estructura de acero gruesa garantiza la robustez, mientras que el respaldo fijo, la plataforma reforzada y los soportes ajustables ofrecen estabilidad y comodidad al usuario. El equipo permite entrenar con barra y tambi\u00e9n con bandas el\u00e1sticas, ampliando las posibilidades de sobrecarga e intensificando la contracci\u00f3n de los gl\u00fateos. Para una mayor ergonom\u00eda, la plataforma de soporte de pie es ajustable, adapt\u00e1ndose a diferentes biotipos y niveles de entrenamiento.<\/p>\n<ul>\n<li>Dimensiones: 189 x 95 x 52cm<\/li>\n<li>Carga m\u00e1xima: 166kg<\/li>\n<\/ul>\n<p>&nbsp;<\/p>\n","protected":false},"excerpt":{"rendered":"<p>HIP THRUST GLUTE BUILDER PRO FIT, dise\u00f1ada para la ejecuci\u00f3n segura y eficiente de empuje de cadera con barra. Su estructura de acero gruesa garantiza la<span class=\"excerpt-hellip\"> [\u2026]<\/span><\/p>\n","protected":false},"featured_media":13661,"template":"","meta":{"_joinchat":[]},"product_brand":[],"product_cat":[135],"product_tag":[],"class_list":{"0":"post-13522","1":"product","2":"type-product","3":"status-publish","4":"has-post-thumbnail","6":"product_cat-oferta","8":"first","9":"instock","10":"sale","11":"shipping-taxable","12":"purchasable","13":"product-type-simple"},"_links":{"self":[{"href":"https:\/\/letsgofitness.cl\/index.php\/wp-json\/wp\/v2\/product\/13522","targetHints":{"allow":["GET"]}}],"collection":[{"href":"https:\/\/letsgofitness.cl\/index.php\/wp-json\/wp\/v2\/product"}],"about":[{"href":"https:\/\/letsgofitness.cl\/index.php\/wp-json\/wp\/v2\/types\/product"}],"wp:featuredmedia":[{"embeddable":true,"href":"https:\/\/letsgofitness.cl\/index.php\/wp-json\/wp\/v2\/media\/13661"}],"wp:attachment":[{"href":"https:\/\/letsgofitness.cl\/index.php\/wp-json\/wp\/v2\/media?parent=13522"}],"wp:term":[{"taxonomy":"product_brand","embeddable":true,"href":"https:\/\/letsgofitness.cl\/index.php\/wp-json\/wp\/v2\/product_brand?post=13522"},{"taxonomy":"product_cat","embeddable":true,"href":"https:\/\/letsgofitness.cl\/index.php\/wp-json\/wp\/v2\/product_cat?post=13522"},{"taxonomy":"product_tag","embeddable":true,"href":"https:\/\/letsgofitness.cl\/index.php\/wp-json\/wp\/v2\/product_tag?post=13522"}],"curies":[{"name":"wp","href":"https:\/\/api.w.org\/{rel}","templated":true}]}}