{"id":13510,"date":"2026-03-12T17:57:44","date_gmt":"2026-03-12T20:57:44","guid":{"rendered":"https:\/\/letsgofitness.cl\/?post_type=product&#038;p=13510"},"modified":"2026-04-10T11:16:38","modified_gmt":"2026-04-10T14:16:38","slug":"air-resistance-dual-arm-impulse-oferta-pago-contado-3-900-000-transferencia","status":"publish","type":"product","link":"https:\/\/letsgofitness.cl\/index.php\/producto\/air-resistance-dual-arm-impulse-oferta-pago-contado-3-900-000-transferencia\/","title":{"rendered":"AIR RESISTANCE DUAL ARM IMPULSE **OFERTA PAGO CONTADO $3.900.000** (TRANSFERENCIA)"},"content":{"rendered":"<h6><strong>CARACTER\u00cdSTICAS T\u00c9CNICAS:<\/strong><\/h6>\n<p class=\"product__model fs--x-small fw--medium\">El <strong>entrenador funcional de dos brazos HSP-PRO001<\/strong> muestra los valores de resistencia, los tiempos de entrenamiento, los porcentajes de potencia m\u00e1xima y los par\u00e1metros de potencia m\u00e1xima en una pantalla de 5 LED para que los instructores puedan tener la informaci\u00f3n personalizada de sus entrenamientos. Los brazos\u00a0 se puede ajustar para adaptarse a la altura del usuario y varios movimientos de entrenamiento. Se puede ajustar 180 grados verticalmente y en 13 niveles, ambos brazos\u00a0 en el plano horizontal a 90 \u00b0, 7 niveles para adaptarse a todas las alturas y tipos de entrenamiento. Tambi\u00e9n se puede ampliar con varios accesorios como tiradores dobles, correas de tobillo, cinturones de entrenamiento, correas de muslos, cuerdas de entrenamiento de tr\u00edceps, etc. para coordinar sus rutinas con varios entrenamientos funcionales especiales.<\/p>\n<div class=\"product__content\">\n<p><strong>El<\/strong>\u00a0equipo de entrenamiento de\u00a0<strong>resistencia al aire<\/strong>\u00a0es necesario en el equipo de entrenamiento profesional de alta gama actual basado en el mercado competitivo profesional.\u00a0Con 30 a\u00f1os de experiencia en el desarrollo de productos, <strong>Impulse<\/strong>\u00a0, despu\u00e9s de tres a\u00f1os de investigaci\u00f3n y desarrollo,\u00a0<strong>Impulse ha<\/strong>\u00a0presentado el\u00a0<strong>Entrenador funcional de doble brazo resistente al aire\u00a0<\/strong><strong>HSP &#8211; PRO001.<\/strong><\/p>\n<p>Actualmente, los deportes competitivos son populares en todo el mundo y decenas de miles de fan\u00e1ticos\u00a0 participan constantemente en sus deportes competitivos favoritos. Esto dio origen al concepto\u00a0 &#8220;<strong>entrenamiento de rendimiento deportivo y rehabilitaci\u00f3n deportiva. <\/strong><strong>Los<\/strong>\u00a0equipos de\u00a0<strong>resistencia al aire<\/strong>\u00a0se utilizan ampliamente en\u00a0esta \u00e1rea\u00a0.\u00a0Encontrar\u00e1 dicho equipo de entrenamiento en la NBA \/ NFL y en varios centros\u00a0 de las mejores ligas.<\/p>\n<p>En esta \u00e1rea, se requiere una combinaci\u00f3n de entrenamiento de fuerza y velocidad. Es posible que el equipo de fuerza de contrapeso convencional (PLACAS) no satisfaga la combinaci\u00f3n de entrenamiento de fuerza y velocidad. Impulse ofrece herramientas de desarrollo que hasta ahora solo han estado disponibles en los mejores centros deportivos y de rehabilitaci\u00f3n.<\/p>\n<h6><strong>DIMENSIONES Y PESO:<\/strong><\/h6>\n<p>Medidas: 216 x 150 x 164 cm<\/p>\n<p>Peso: 150 KG<\/p>\n<\/div>\n","protected":false},"excerpt":{"rendered":"<p>CARACTER\u00cdSTICAS T\u00c9CNICAS: El entrenador funcional de dos brazos HSP-PRO001 muestra los valores de resistencia, los tiempos de entrenamiento, los porcentajes de potencia m\u00e1xima y los par\u00e1metros<span class=\"excerpt-hellip\"> [\u2026]<\/span><\/p>\n","protected":false},"featured_media":14053,"template":"","meta":{"_joinchat":[]},"product_brand":[],"product_cat":[135],"product_tag":[],"class_list":{"0":"post-13510","1":"product","2":"type-product","3":"status-publish","4":"has-post-thumbnail","6":"product_cat-oferta","8":"first","9":"instock","10":"sale","11":"shipping-taxable","12":"purchasable","13":"product-type-simple"},"_links":{"self":[{"href":"https:\/\/letsgofitness.cl\/index.php\/wp-json\/wp\/v2\/product\/13510","targetHints":{"allow":["GET"]}}],"collection":[{"href":"https:\/\/letsgofitness.cl\/index.php\/wp-json\/wp\/v2\/product"}],"about":[{"href":"https:\/\/letsgofitness.cl\/index.php\/wp-json\/wp\/v2\/types\/product"}],"wp:featuredmedia":[{"embeddable":true,"href":"https:\/\/letsgofitness.cl\/index.php\/wp-json\/wp\/v2\/media\/14053"}],"wp:attachment":[{"href":"https:\/\/letsgofitness.cl\/index.php\/wp-json\/wp\/v2\/media?parent=13510"}],"wp:term":[{"taxonomy":"product_brand","embeddable":true,"href":"https:\/\/letsgofitness.cl\/index.php\/wp-json\/wp\/v2\/product_brand?post=13510"},{"taxonomy":"product_cat","embeddable":true,"href":"https:\/\/letsgofitness.cl\/index.php\/wp-json\/wp\/v2\/product_cat?post=13510"},{"taxonomy":"product_tag","embeddable":true,"href":"https:\/\/letsgofitness.cl\/index.php\/wp-json\/wp\/v2\/product_tag?post=13510"}],"curies":[{"name":"wp","href":"https:\/\/api.w.org\/{rel}","templated":true}]}}