{"id":13484,"date":"2025-09-26T17:08:13","date_gmt":"2025-09-26T20:08:13","guid":{"rendered":"https:\/\/letsgofitness.cl\/?post_type=product&#038;p=13484"},"modified":"2026-04-10T11:08:53","modified_gmt":"2026-04-10T14:08:53","slug":"preventa-unilateral-prone-leg-curl-boss-strength-b","status":"publish","type":"product","link":"https:\/\/letsgofitness.cl\/index.php\/producto\/preventa-unilateral-prone-leg-curl-boss-strength-b\/","title":{"rendered":"UNILATERAL PRONE LEG CURL BOSS STRENGTH B **OFERTA PAGO CONTADO $1.100.000** (Transferencia)"},"content":{"rendered":"<p><span dir=\"auto\">La m\u00e1quina UNILATERAL PRONE LEG CURL BOSS STRENGTH B trabaja los isquiotibiales con la flexibilidad de una m\u00e1quina de pesas con placas, lo que permite una variedad de resistencias para todos los usuarios. La posici\u00f3n de camilla femoral maximiza el rango de movimiento al realizar curls de isquiotibiales, trabajando todo el grupo muscular.<\/span><\/p>\n<p><strong><span dir=\"auto\">Caracter\u00edsticas principales<\/span><\/strong><\/p>\n<ul>\n<li><span dir=\"auto\">4 Posiciones iniciales que ampl\u00edan o acortan el rango de movimiento<\/span><\/li>\n<li><span dir=\"auto\">Almohadillas isolaterales divididas y dobles para ejercicios con una sola pierna<\/span><\/li>\n<li><span dir=\"auto\">Reduce los desequilibrios musculares en los isquiotibiales.<\/span><\/li>\n<li><span dir=\"auto\">Permite ajustar el peso por pierna para trabajos de rehabilitaci\u00f3n.<\/span><\/li>\n<li><span dir=\"auto\">Almohadilla de pierna ajustable con 4 ajustes para todos los usuarios.<\/span><\/li>\n<li><span dir=\"auto\">Sistema de correa resistente para una resistencia suave<\/span><\/li>\n<li><span dir=\"auto\">Tapicer\u00eda de PU comercial<\/span><\/li>\n<li><span dir=\"auto\">2 asas de agarre para apoyar la parte superior del cuerpo<\/span><\/li>\n<li><span dir=\"auto\">8 portadiscos de almacenamiento<\/span><\/li>\n<li><span dir=\"auto\">Construcci\u00f3n de marco resistente de 100 x 50 x 3 mm<\/span><\/li>\n<li><span dir=\"auto\">Recubrimiento en polvo premium de alta calidad de 2 capas<\/span><\/li>\n<li><span dir=\"auto\">Clasificado para 125 kg cada pierna<\/span><\/li>\n<li><span dir=\"auto\">Dise\u00f1o de marco compacto perfecto para gimnasios m\u00e1s peque\u00f1os.<\/span><\/li>\n<\/ul>\n<p><strong><span dir=\"auto\">Dimensi\u00f3n<\/span><\/strong><\/p>\n<ul>\n<li><span dir=\"auto\">1,67 mx 1,6 mx 1,0 m (largo x ancho x alto)\u00a0<\/span><\/li>\n<\/ul>\n","protected":false},"excerpt":{"rendered":"<p>&nbsp;<\/p>\n<p>&nbsp;<\/p>\n","protected":false},"featured_media":13486,"template":"","meta":{"_joinchat":[]},"product_brand":[],"product_cat":[135,275,122,32,47],"product_tag":[],"class_list":{"0":"post-13484","1":"product","2":"type-product","3":"status-publish","4":"has-post-thumbnail","6":"product_cat-oferta","7":"product_cat-ofertas-fin-de-ano-2024","8":"product_cat-stock","9":"product_cat-profesional","10":"product_cat-peso-libre-profesional","12":"first","13":"instock","14":"sale","15":"shipping-taxable","16":"purchasable","17":"product-type-simple"},"_links":{"self":[{"href":"https:\/\/letsgofitness.cl\/index.php\/wp-json\/wp\/v2\/product\/13484","targetHints":{"allow":["GET"]}}],"collection":[{"href":"https:\/\/letsgofitness.cl\/index.php\/wp-json\/wp\/v2\/product"}],"about":[{"href":"https:\/\/letsgofitness.cl\/index.php\/wp-json\/wp\/v2\/types\/product"}],"wp:featuredmedia":[{"embeddable":true,"href":"https:\/\/letsgofitness.cl\/index.php\/wp-json\/wp\/v2\/media\/13486"}],"wp:attachment":[{"href":"https:\/\/letsgofitness.cl\/index.php\/wp-json\/wp\/v2\/media?parent=13484"}],"wp:term":[{"taxonomy":"product_brand","embeddable":true,"href":"https:\/\/letsgofitness.cl\/index.php\/wp-json\/wp\/v2\/product_brand?post=13484"},{"taxonomy":"product_cat","embeddable":true,"href":"https:\/\/letsgofitness.cl\/index.php\/wp-json\/wp\/v2\/product_cat?post=13484"},{"taxonomy":"product_tag","embeddable":true,"href":"https:\/\/letsgofitness.cl\/index.php\/wp-json\/wp\/v2\/product_tag?post=13484"}],"curies":[{"name":"wp","href":"https:\/\/api.w.org\/{rel}","templated":true}]}}