{"id":13438,"date":"2025-12-05T23:53:38","date_gmt":"2025-12-06T02:53:38","guid":{"rendered":"https:\/\/letsgofitness.cl\/?post_type=product&#038;p=13438"},"modified":"2026-04-22T17:20:35","modified_gmt":"2026-04-22T20:20:35","slug":"glute-drive-nautilus","status":"publish","type":"product","link":"https:\/\/letsgofitness.cl\/index.php\/producto\/glute-drive-nautilus\/","title":{"rendered":"GLUTE DRIVE NAUTILUS"},"content":{"rendered":"<p><span class=\"s1\"><span dir=\"auto\">la m\u00e1quina Nautilus Glute Drive a\u00edsla los gl\u00fateos de forma segura e inteligente, desarrollando potencia mediante un potente puente de cadera, mejorando la estabilidad de la cadera y el core. Estos beneficios son universalmente deseables, importantes para una amplia variedad de deportes y ejercicios, y posiblemente los m\u00fasculos m\u00e1s importantes para un atletismo completo. <\/span><\/span><span class=\"s1\"><span dir=\"auto\">Glute Drive te ofrece todos los beneficios del ejercicio de empuje de cadera de forma sencilla, segura y con una buena postura. La m\u00e1quina est\u00e1 dise\u00f1ada para promover una buena biomec\u00e1nica y una curva de peso equilibrada.\u00a0\u00a0<\/span><\/span><span class=\"s1\"><span dir=\"auto\">Un c\u00f3modo cintur\u00f3n acolchado sujeta al usuario a la almohadilla dorsal, que soporta toda la columna vertebral para mayor seguridad. Los usuarios pueden cargar hasta cuatro discos de cada lado,\u00a0\u00a0<\/span><\/span><span class=\"s1\"><span dir=\"auto\">lo que le da a la m\u00e1quina una carga m\u00e1xima de 160 kg.<\/span><\/span><\/p>\n<p><strong><span dir=\"auto\">Especificaciones<\/span><\/strong><\/p>\n<ul>\n<li><span dir=\"auto\">Ancho: 60 pulgadas (152,5 cm)<\/span><\/li>\n<li><span dir=\"auto\">Largo: 62 pulgadas (157,5 cm)<\/span><\/li>\n<li><span dir=\"auto\">Alto: 35 pulgadas (89 cm)<\/span><\/li>\n<li><span dir=\"auto\">PESO DE LA PILA: N\/D<\/span><\/li>\n<li><span dir=\"auto\">PESO : 252 LIBRAS (114 KG)<\/span><\/li>\n<li><span dir=\"auto\">PESO NETO: 305 LIBRAS (138 KG)<\/span><\/li>\n<\/ul>\n","protected":false},"excerpt":{"rendered":"<p><strong>**NO INCLUYE DISCO**<\/strong><\/p>\n","protected":false},"featured_media":14059,"template":"","meta":{"_joinchat":[]},"product_brand":[],"product_cat":[135],"product_tag":[],"class_list":{"0":"post-13438","1":"product","2":"type-product","3":"status-publish","4":"has-post-thumbnail","6":"product_cat-oferta","8":"first","9":"instock","10":"sale","11":"shipping-taxable","12":"purchasable","13":"product-type-simple"},"_links":{"self":[{"href":"https:\/\/letsgofitness.cl\/index.php\/wp-json\/wp\/v2\/product\/13438","targetHints":{"allow":["GET"]}}],"collection":[{"href":"https:\/\/letsgofitness.cl\/index.php\/wp-json\/wp\/v2\/product"}],"about":[{"href":"https:\/\/letsgofitness.cl\/index.php\/wp-json\/wp\/v2\/types\/product"}],"wp:featuredmedia":[{"embeddable":true,"href":"https:\/\/letsgofitness.cl\/index.php\/wp-json\/wp\/v2\/media\/14059"}],"wp:attachment":[{"href":"https:\/\/letsgofitness.cl\/index.php\/wp-json\/wp\/v2\/media?parent=13438"}],"wp:term":[{"taxonomy":"product_brand","embeddable":true,"href":"https:\/\/letsgofitness.cl\/index.php\/wp-json\/wp\/v2\/product_brand?post=13438"},{"taxonomy":"product_cat","embeddable":true,"href":"https:\/\/letsgofitness.cl\/index.php\/wp-json\/wp\/v2\/product_cat?post=13438"},{"taxonomy":"product_tag","embeddable":true,"href":"https:\/\/letsgofitness.cl\/index.php\/wp-json\/wp\/v2\/product_tag?post=13438"}],"curies":[{"name":"wp","href":"https:\/\/api.w.org\/{rel}","templated":true}]}}