{"id":13407,"date":"2025-11-17T16:10:01","date_gmt":"2025-11-17T19:10:01","guid":{"rendered":"https:\/\/letsgofitness.cl\/?post_type=product&#038;p=13407"},"modified":"2026-04-22T17:22:37","modified_gmt":"2026-04-22T20:22:37","slug":"nautilus-polea-doble-ajustable","status":"publish","type":"product","link":"https:\/\/letsgofitness.cl\/index.php\/producto\/nautilus-polea-doble-ajustable\/","title":{"rendered":"NAUTILUS POLEA DOBLE AJUSTABLE"},"content":{"rendered":"<p>La l\u00ednea Nautilus Inspiration Strength\u00a0ofrece una serie de actualizaciones imprescindibles para un circuito de fuerza excepcional. Redise\u00f1ada con una est\u00e9tica bella y moderna y torres uniformes, Nautilus Inspiration causa una poderosa primera impresi\u00f3n. Cada m\u00e1quina captura la esencia del movimiento humano natural. Los usuarios apreciar\u00e1n las numerosas funciones f\u00e1ciles de usar y de ver, como el ajuste envolvente del asiento asistido, los carteles con im\u00e1genes lenticulares, el preestiramiento y los controles de amplitud de movimiento dise\u00f1ados para mejorar la experiencia de cada usuario.<\/p>\n<ul>\n<li>Sistema de selecci\u00f3n de pesas Lock N Load.<\/li>\n<li>Combinaciones ilimitadas de posicionamiento de cables alto-bajo<\/li>\n<li>Poleas ajustables totalmente de acero con dise\u00f1o de ajuste con una sola mano<\/li>\n<li>Barra de dominadas integrada con posicionamiento de manos multiagarre<\/li>\n<li>Huella fija para una planificaci\u00f3n y ubicaci\u00f3n \u00f3ptimas del piso<\/li>\n<li>Carteles de ejercicios intuitivos con 12 movimientos espec\u00edficos<\/li>\n<\/ul>\n<p>Estacas de almacenamiento de accesorios integradas. Viene de serie con (2) manijas de agarre de 6&#8243;, (1) estribo, (1) correa para el tobillo, (1) correa para el cuerpo, (1) barra larga.<\/p>\n<p>DIMENSIONES:<\/p>\n<p>Medidas: 118 x 157 x 224 cm<\/p>\n","protected":false},"excerpt":{"rendered":"<p>La l\u00ednea Nautilus Inspiration Strength\u00a0ofrece una serie de actualizaciones imprescindibles para un circuito de fuerza excepcional. Redise\u00f1ada con una est\u00e9tica bella y moderna y torres uniformes,<span class=\"excerpt-hellip\"> [\u2026]<\/span><\/p>\n","protected":false},"featured_media":13532,"template":"","meta":{"_joinchat":[]},"product_brand":[],"product_cat":[140,145,307,135,122,32,48],"product_tag":[],"class_list":{"0":"post-13407","1":"product","2":"type-product","3":"status-publish","4":"has-post-thumbnail","6":"product_cat-bancos-rack-smith","7":"product_cat-funcional","8":"product_cat-nautilus-2","9":"product_cat-oferta","10":"product_cat-stock","11":"product_cat-profesional","12":"product_cat-peso-integrado-profesional","14":"first","15":"instock","16":"sale","17":"shipping-taxable","18":"purchasable","19":"product-type-simple"},"_links":{"self":[{"href":"https:\/\/letsgofitness.cl\/index.php\/wp-json\/wp\/v2\/product\/13407","targetHints":{"allow":["GET"]}}],"collection":[{"href":"https:\/\/letsgofitness.cl\/index.php\/wp-json\/wp\/v2\/product"}],"about":[{"href":"https:\/\/letsgofitness.cl\/index.php\/wp-json\/wp\/v2\/types\/product"}],"wp:featuredmedia":[{"embeddable":true,"href":"https:\/\/letsgofitness.cl\/index.php\/wp-json\/wp\/v2\/media\/13532"}],"wp:attachment":[{"href":"https:\/\/letsgofitness.cl\/index.php\/wp-json\/wp\/v2\/media?parent=13407"}],"wp:term":[{"taxonomy":"product_brand","embeddable":true,"href":"https:\/\/letsgofitness.cl\/index.php\/wp-json\/wp\/v2\/product_brand?post=13407"},{"taxonomy":"product_cat","embeddable":true,"href":"https:\/\/letsgofitness.cl\/index.php\/wp-json\/wp\/v2\/product_cat?post=13407"},{"taxonomy":"product_tag","embeddable":true,"href":"https:\/\/letsgofitness.cl\/index.php\/wp-json\/wp\/v2\/product_tag?post=13407"}],"curies":[{"name":"wp","href":"https:\/\/api.w.org\/{rel}","templated":true}]}}