{"id":13398,"date":"2025-12-05T23:30:22","date_gmt":"2025-12-06T02:30:22","guid":{"rendered":"https:\/\/letsgofitness.cl\/?post_type=product&#038;p=13398"},"modified":"2026-04-22T16:56:29","modified_gmt":"2026-04-22T19:56:29","slug":"abdominal-crunch-nautilus-inspiration","status":"publish","type":"product","link":"https:\/\/letsgofitness.cl\/index.php\/producto\/abdominal-crunch-nautilus-inspiration\/","title":{"rendered":"ABDOMINAL CRUNCH NAUTILUS INSPIRATION"},"content":{"rendered":"<p>El abdominal crunch original de Nautilus, Cuenta con un varillaje de cuatro barras Ajuste ergon\u00f3mico envolvente del asiento asistido, Eje de rotaci\u00f3n resaltado para un posicionamiento preciso del usuario Selecci\u00f3n de peso Lock N Load con incrementos de 5 lb Cartel lenticular con imagen en movimiento Lock N Load\u00ae Ahora la selecci\u00f3n de peso es tan f\u00e1cil como accionar un interruptor. El dise\u00f1o intuitivo de Lock N Load es f\u00e1cilmente reconocible. Lock N Load evita mantenimientos innecesarios y dolores de cabeza de servicio al cliente, ya que no hay pasadores que perder o reemplazar.<\/p>\n<p><span dir=\"auto\">Dise\u00f1ada para reflejar la calidad premium de la l\u00ednea Inspiration. Este excepcional equipo de fitness es reconocido por su capacidad para trabajar todo el torso, ya que piernas y brazos trabajan en perfecta alineaci\u00f3n para facilitar una flexi\u00f3n completa del tronco.<\/span><\/p>\n<p><span dir=\"auto\">El Abdominal Crunch ofrece un entrenamiento b\u00e1sico integral, lo que lo convierte en un componente esencial para mejorar su r\u00e9gimen de entrenamiento en circuito.<\/span><\/p>\n<p><strong>DIMENSIONES Y PESO:<\/strong><\/p>\n<ul>\n<li><span dir=\"auto\">ANCHO: 52 PULG. (132 CM)<\/span><\/li>\n<li><span dir=\"auto\">LARGO: 51 PULG. (130 CM)<\/span><\/li>\n<li><span dir=\"auto\">ALTO: 64 PULG. (163 CM)<\/span><\/li>\n<li><span dir=\"auto\">PESO DE APILADO: 200 LB (91 KG)<\/span><\/li>\n<li><span dir=\"auto\">PESO TOTAL: 684 LB (310 KG)<\/span><\/li>\n<li><span dir=\"auto\">PESO NETO: 776 LB (352 KG)<\/span><\/li>\n<\/ul>\n","protected":false},"excerpt":{"rendered":"<p>El abdominal crunch original de Nautilus, Cuenta con un varillaje de cuatro barras Ajuste ergon\u00f3mico envolvente del asiento asistido, Eje de rotaci\u00f3n resaltado para un posicionamiento<span class=\"excerpt-hellip\"> [\u2026]<\/span><\/p>\n","protected":false},"featured_media":14105,"template":"","meta":{"_joinchat":[]},"product_brand":[],"product_cat":[307,156,135,122,32,48],"product_tag":[],"class_list":{"0":"post-13398","1":"product","2":"type-product","3":"status-publish","4":"has-post-thumbnail","6":"product_cat-nautilus-2","7":"product_cat-nautilus","8":"product_cat-oferta","9":"product_cat-stock","10":"product_cat-profesional","11":"product_cat-peso-integrado-profesional","13":"first","14":"instock","15":"sale","16":"shipping-taxable","17":"purchasable","18":"product-type-simple"},"_links":{"self":[{"href":"https:\/\/letsgofitness.cl\/index.php\/wp-json\/wp\/v2\/product\/13398","targetHints":{"allow":["GET"]}}],"collection":[{"href":"https:\/\/letsgofitness.cl\/index.php\/wp-json\/wp\/v2\/product"}],"about":[{"href":"https:\/\/letsgofitness.cl\/index.php\/wp-json\/wp\/v2\/types\/product"}],"wp:featuredmedia":[{"embeddable":true,"href":"https:\/\/letsgofitness.cl\/index.php\/wp-json\/wp\/v2\/media\/14105"}],"wp:attachment":[{"href":"https:\/\/letsgofitness.cl\/index.php\/wp-json\/wp\/v2\/media?parent=13398"}],"wp:term":[{"taxonomy":"product_brand","embeddable":true,"href":"https:\/\/letsgofitness.cl\/index.php\/wp-json\/wp\/v2\/product_brand?post=13398"},{"taxonomy":"product_cat","embeddable":true,"href":"https:\/\/letsgofitness.cl\/index.php\/wp-json\/wp\/v2\/product_cat?post=13398"},{"taxonomy":"product_tag","embeddable":true,"href":"https:\/\/letsgofitness.cl\/index.php\/wp-json\/wp\/v2\/product_tag?post=13398"}],"curies":[{"name":"wp","href":"https:\/\/api.w.org\/{rel}","templated":true}]}}