{"id":13295,"date":"2025-09-03T11:34:38","date_gmt":"2025-09-03T14:34:38","guid":{"rendered":"https:\/\/letsgofitness.cl\/?post_type=product&#038;p=13295"},"modified":"2026-04-10T11:16:43","modified_gmt":"2026-04-10T14:16:43","slug":"preventa-leg-curl-ts","status":"publish","type":"product","link":"https:\/\/letsgofitness.cl\/index.php\/producto\/preventa-leg-curl-ts\/","title":{"rendered":"LEG CURL TS TUFF STUFF"},"content":{"rendered":"<h6><strong>CARACTERISTICAS T\u00c9CNICAS:<\/strong><\/h6>\n<ul>\n<li>El cuerpo del usuario se mueve a lo largo de una trayectoria de arco lineal.<\/li>\n<li>Nos ofrece mayor rango de movimiento.<\/li>\n<li>Mantiene el \u00e1ngulo de la cadera \/ inclinaci\u00f3n p\u00e9lvica.<\/li>\n<li>Rollo de patas de flujo libre.<\/li>\n<li>Almohadillas para las piernas, el respaldo y el asiento.<\/li>\n<li>La liberaci\u00f3n r\u00e1pida permite ajustes f\u00e1ciles.<br \/>\n<h6><strong>DIMENSIONES Y PESO:<\/strong><\/h6>\n<\/li>\n<li>Medidas: 162,5 x 122 x 147,3 cm<\/li>\n<li>Peso: 251 Kg<\/li>\n<\/ul>\n","protected":false},"excerpt":{"rendered":"<p>CARACTERISTICAS T\u00c9CNICAS: El cuerpo del usuario se mueve a lo largo de una trayectoria de arco lineal. Nos ofrece mayor rango de movimiento. Mantiene el \u00e1ngulo<span class=\"excerpt-hellip\"> [\u2026]<\/span><\/p>\n","protected":false},"featured_media":13296,"template":"","meta":{"_joinchat":[]},"product_brand":[],"product_cat":[312,135,288,122,308,32,48],"product_tag":[],"class_list":{"0":"post-13295","1":"product","2":"type-product","3":"status-publish","4":"has-post-thumbnail","6":"product_cat-leg-curl","7":"product_cat-oferta","8":"product_cat-proximamente","9":"product_cat-stock","10":"product_cat-tuffstuff","11":"product_cat-profesional","12":"product_cat-peso-integrado-profesional","14":"first","15":"instock","16":"sale","17":"shipping-taxable","18":"purchasable","19":"product-type-simple"},"_links":{"self":[{"href":"https:\/\/letsgofitness.cl\/index.php\/wp-json\/wp\/v2\/product\/13295","targetHints":{"allow":["GET"]}}],"collection":[{"href":"https:\/\/letsgofitness.cl\/index.php\/wp-json\/wp\/v2\/product"}],"about":[{"href":"https:\/\/letsgofitness.cl\/index.php\/wp-json\/wp\/v2\/types\/product"}],"wp:featuredmedia":[{"embeddable":true,"href":"https:\/\/letsgofitness.cl\/index.php\/wp-json\/wp\/v2\/media\/13296"}],"wp:attachment":[{"href":"https:\/\/letsgofitness.cl\/index.php\/wp-json\/wp\/v2\/media?parent=13295"}],"wp:term":[{"taxonomy":"product_brand","embeddable":true,"href":"https:\/\/letsgofitness.cl\/index.php\/wp-json\/wp\/v2\/product_brand?post=13295"},{"taxonomy":"product_cat","embeddable":true,"href":"https:\/\/letsgofitness.cl\/index.php\/wp-json\/wp\/v2\/product_cat?post=13295"},{"taxonomy":"product_tag","embeddable":true,"href":"https:\/\/letsgofitness.cl\/index.php\/wp-json\/wp\/v2\/product_tag?post=13295"}],"curies":[{"name":"wp","href":"https:\/\/api.w.org\/{rel}","templated":true}]}}