{"id":13109,"date":"2025-08-06T18:51:11","date_gmt":"2025-08-06T21:51:11","guid":{"rendered":"https:\/\/letsgofitness.cl\/?post_type=product&#038;p=13109"},"modified":"2026-04-22T17:26:09","modified_gmt":"2026-04-22T20:26:09","slug":"nautilus-leverage-chest-press","status":"publish","type":"product","link":"https:\/\/letsgofitness.cl\/index.php\/producto\/nautilus-leverage-chest-press\/","title":{"rendered":"NAUTILUS Leverage Chest Press"},"content":{"rendered":"<div class=\"tabs product-tabs\">\n<div class=\"red-line\"><strong>UNA EXPERIENCIA \u00daNICA DE CARGA DE PLACAS<\/strong><\/div>\n<div id=\"tab1\" class=\"tab-cnt\">\n<p>La l\u00ednea Nautilus\u00a0<sup>Leverage<\/sup>\u00a0ofrece una experiencia \u00fanica de carga de placas con caracter\u00edsticas que eclipsan a la competencia. Leverage cuenta con empu\u00f1aduras moleteadas de acero inoxidable, ajustes de asiento asistidos y ajustes de preestiramiento definidos por el usuario. Utilizando m\u00faltiples palancas y levas, Leverage crea un perfil de elevaci\u00f3n \u00fanico para cada movimiento que maximiza la mec\u00e1nica del cuerpo humano. Con un aspecto elegante y almacenamiento integrado, la l\u00ednea de fuerza Leverage atraer\u00e1 a los operadores de instalaciones y a sus miembros. Se trata de la sensaci\u00f3n y una vez que haya entrenado con Leverage, empujar y tirar de los platos de pesas nunca volver\u00e1 a ser lo mismo.<\/p>\n<p>&nbsp;<\/p>\n<\/div>\n<p>DIMENSIONES Y PESO:<\/p>\n<p>Medidas: 180 x 150 x 147 cm<\/p>\n<p>Peso: 218 KG (481 LB)<\/p>\n<p>PESO DE ENV\u00cdO: 282 KG (622 LB)<\/p>\n<\/div>\n","protected":false},"excerpt":{"rendered":"<p>UNA EXPERIENCIA \u00daNICA DE CARGA DE PLACAS La l\u00ednea Nautilus\u00a0Leverage\u00a0ofrece una experiencia \u00fanica de carga de placas con caracter\u00edsticas que eclipsan a la competencia. Leverage cuenta<span class=\"excerpt-hellip\"> [\u2026]<\/span><\/p>\n","protected":false},"featured_media":13110,"template":"","meta":{"_joinchat":[]},"product_brand":[],"product_cat":[65,307,135,288,122,32,47],"product_tag":[],"class_list":{"0":"post-13109","1":"product","2":"type-product","3":"status-publish","4":"has-post-thumbnail","6":"product_cat-profesional-pesolibre-chest-press","7":"product_cat-nautilus-2","8":"product_cat-oferta","9":"product_cat-proximamente","10":"product_cat-stock","11":"product_cat-profesional","12":"product_cat-peso-libre-profesional","14":"first","15":"instock","16":"sale","17":"shipping-taxable","18":"purchasable","19":"product-type-simple"},"_links":{"self":[{"href":"https:\/\/letsgofitness.cl\/index.php\/wp-json\/wp\/v2\/product\/13109","targetHints":{"allow":["GET"]}}],"collection":[{"href":"https:\/\/letsgofitness.cl\/index.php\/wp-json\/wp\/v2\/product"}],"about":[{"href":"https:\/\/letsgofitness.cl\/index.php\/wp-json\/wp\/v2\/types\/product"}],"wp:featuredmedia":[{"embeddable":true,"href":"https:\/\/letsgofitness.cl\/index.php\/wp-json\/wp\/v2\/media\/13110"}],"wp:attachment":[{"href":"https:\/\/letsgofitness.cl\/index.php\/wp-json\/wp\/v2\/media?parent=13109"}],"wp:term":[{"taxonomy":"product_brand","embeddable":true,"href":"https:\/\/letsgofitness.cl\/index.php\/wp-json\/wp\/v2\/product_brand?post=13109"},{"taxonomy":"product_cat","embeddable":true,"href":"https:\/\/letsgofitness.cl\/index.php\/wp-json\/wp\/v2\/product_cat?post=13109"},{"taxonomy":"product_tag","embeddable":true,"href":"https:\/\/letsgofitness.cl\/index.php\/wp-json\/wp\/v2\/product_tag?post=13109"}],"curies":[{"name":"wp","href":"https:\/\/api.w.org\/{rel}","templated":true}]}}