{"id":12805,"date":"2025-07-29T09:42:39","date_gmt":"2025-07-29T12:42:39","guid":{"rendered":"https:\/\/letsgofitness.cl\/?post_type=product&#038;p=12805"},"modified":"2026-04-10T11:08:47","modified_gmt":"2026-04-10T14:08:47","slug":"seated-row-impulse","status":"publish","type":"product","link":"https:\/\/letsgofitness.cl\/index.php\/producto\/seated-row-impulse\/","title":{"rendered":"SEATED ROW &#8211; IMPULSE"},"content":{"rendered":"<p id=\"tw-target-text\" class=\"tw-data-text tw-text-large tw-ta\" dir=\"ltr\" data-placeholder=\"Traducci\u00f3n\" data-ved=\"2ahUKEwjZpu6l9aCOAxUpAbkGHYd-LtUQ3ewLegQICRAV\" aria-label=\"Texto traducido: Descripci\u00f3n: ? Dise\u00f1o de acceso bajo para facilitar el acceso a la m\u00e1quina. ? Dise\u00f1o de doble asa con agarres por encima y por debajo. ? \u00c1ngulo ajustable de la almohadilla pectoral con 4 posiciones para adaptarse a usuarios con diferentes longitudes de brazo. ? Las amplias asas de apoyo tipo pasamanos brindan un mejor soporte durante los ejercicios con un solo brazo.\"><strong><span class=\"Y2IQFc\" lang=\"es\">Descripci\u00f3n:<\/span><\/strong><\/p>\n<ul>\n<li class=\"tw-data-text tw-text-large tw-ta\" dir=\"ltr\" data-placeholder=\"Traducci\u00f3n\" data-ved=\"2ahUKEwjZpu6l9aCOAxUpAbkGHYd-LtUQ3ewLegQICRAV\" aria-label=\"Texto traducido: Descripci\u00f3n: ? Dise\u00f1o de acceso bajo para facilitar el acceso a la m\u00e1quina. ? Dise\u00f1o de doble asa con agarres por encima y por debajo. ? \u00c1ngulo ajustable de la almohadilla pectoral con 4 posiciones para adaptarse a usuarios con diferentes longitudes de brazo. ? Las amplias asas de apoyo tipo pasamanos brindan un mejor soporte durante los ejercicios con un solo brazo.\"><span class=\"Y2IQFc\" lang=\"es\">Dise\u00f1o de acceso bajo para facilitar el ingreso a la m\u00e1quina.<\/span><\/li>\n<li class=\"tw-data-text tw-text-large tw-ta\" dir=\"ltr\" data-placeholder=\"Traducci\u00f3n\" data-ved=\"2ahUKEwjZpu6l9aCOAxUpAbkGHYd-LtUQ3ewLegQICRAV\" aria-label=\"Texto traducido: Descripci\u00f3n: ? Dise\u00f1o de acceso bajo para facilitar el acceso a la m\u00e1quina. ? Dise\u00f1o de doble asa con agarres por encima y por debajo. ? \u00c1ngulo ajustable de la almohadilla pectoral con 4 posiciones para adaptarse a usuarios con diferentes longitudes de brazo. ? Las amplias asas de apoyo tipo pasamanos brindan un mejor soporte durante los ejercicios con un solo brazo.\"><span class=\"Y2IQFc\" lang=\"es\">Dise\u00f1o de doble empu\u00f1adura con agarres por encima y por debajo.<\/span><\/li>\n<li class=\"tw-data-text tw-text-large tw-ta\" dir=\"ltr\" data-placeholder=\"Traducci\u00f3n\" data-ved=\"2ahUKEwjZpu6l9aCOAxUpAbkGHYd-LtUQ3ewLegQICRAV\" aria-label=\"Texto traducido: Descripci\u00f3n: ? Dise\u00f1o de acceso bajo para facilitar el acceso a la m\u00e1quina. ? Dise\u00f1o de doble asa con agarres por encima y por debajo. ? \u00c1ngulo ajustable de la almohadilla pectoral con 4 posiciones para adaptarse a usuarios con diferentes longitudes de brazo. ? Las amplias asas de apoyo tipo pasamanos brindan un mejor soporte durante los ejercicios con un solo brazo.\"><span class=\"Y2IQFc\" lang=\"es\">\u00c1ngulo ajustable de la almohadilla pectoral con 4 posiciones para adaptarse a usuarios con diferentes longitudes de brazo.<\/span><\/li>\n<li class=\"tw-data-text tw-text-large tw-ta\" dir=\"ltr\" data-placeholder=\"Traducci\u00f3n\" data-ved=\"2ahUKEwjZpu6l9aCOAxUpAbkGHYd-LtUQ3ewLegQICRAV\" aria-label=\"Texto traducido: Descripci\u00f3n: ? Dise\u00f1o de acceso bajo para facilitar el acceso a la m\u00e1quina. ? Dise\u00f1o de doble asa con agarres por encima y por debajo. ? \u00c1ngulo ajustable de la almohadilla pectoral con 4 posiciones para adaptarse a usuarios con diferentes longitudes de brazo. ? Las amplias asas de apoyo tipo pasamanos brindan un mejor soporte durante los ejercicios con un solo brazo.\"><span class=\"Y2IQFc\" lang=\"es\">Las amplias empu\u00f1aduras de apoyo tipo pasamanos brindan un mejor soporte durante los ejercicios con un solo brazo.<\/span><\/li>\n<\/ul>\n","protected":false},"excerpt":{"rendered":"<p>Descripci\u00f3n: Dise\u00f1o de acceso bajo para facilitar el ingreso a la m\u00e1quina. Dise\u00f1o de doble empu\u00f1adura con agarres por encima y por debajo. \u00c1ngulo ajustable de<span class=\"excerpt-hellip\"> [\u2026]<\/span><\/p>\n","protected":false},"featured_media":12799,"template":"","meta":{"_joinchat":[]},"product_brand":[],"product_cat":[211,122,32,47],"product_tag":[],"class_list":{"0":"post-12805","1":"product","2":"type-product","3":"status-publish","4":"has-post-thumbnail","6":"product_cat-impulse","7":"product_cat-stock","8":"product_cat-profesional","9":"product_cat-peso-libre-profesional","11":"first","12":"outofstock","13":"sale","14":"shipping-taxable","15":"purchasable","16":"product-type-simple"},"_links":{"self":[{"href":"https:\/\/letsgofitness.cl\/index.php\/wp-json\/wp\/v2\/product\/12805","targetHints":{"allow":["GET"]}}],"collection":[{"href":"https:\/\/letsgofitness.cl\/index.php\/wp-json\/wp\/v2\/product"}],"about":[{"href":"https:\/\/letsgofitness.cl\/index.php\/wp-json\/wp\/v2\/types\/product"}],"wp:featuredmedia":[{"embeddable":true,"href":"https:\/\/letsgofitness.cl\/index.php\/wp-json\/wp\/v2\/media\/12799"}],"wp:attachment":[{"href":"https:\/\/letsgofitness.cl\/index.php\/wp-json\/wp\/v2\/media?parent=12805"}],"wp:term":[{"taxonomy":"product_brand","embeddable":true,"href":"https:\/\/letsgofitness.cl\/index.php\/wp-json\/wp\/v2\/product_brand?post=12805"},{"taxonomy":"product_cat","embeddable":true,"href":"https:\/\/letsgofitness.cl\/index.php\/wp-json\/wp\/v2\/product_cat?post=12805"},{"taxonomy":"product_tag","embeddable":true,"href":"https:\/\/letsgofitness.cl\/index.php\/wp-json\/wp\/v2\/product_tag?post=12805"}],"curies":[{"name":"wp","href":"https:\/\/api.w.org\/{rel}","templated":true}]}}