{"id":12803,"date":"2025-08-06T16:37:25","date_gmt":"2025-08-06T19:37:25","guid":{"rendered":"https:\/\/letsgofitness.cl\/?post_type=product&#038;p=12803"},"modified":"2026-04-10T11:13:02","modified_gmt":"2026-04-10T14:13:02","slug":"chest-press-impulse","status":"publish","type":"product","link":"https:\/\/letsgofitness.cl\/index.php\/producto\/chest-press-impulse\/","title":{"rendered":"CHEST PRESS &#8211; IMPULSE"},"content":{"rendered":"<p><strong>Descripci\u00f3n:<\/strong><\/p>\n<ul>\n<li>Los empu\u00f1aduras de entrenamiento cuentan con mangos de aluminio ergon\u00f3micos con marcas de escala, lo que mejora la experiencia de entrenamiento.<\/li>\n<li>Dise\u00f1ado con posiciones de agarre planas y angulares para mayor versatilidad.<\/li>\n<li>Altura del asiento ajustable con 18 niveles, ideal para usuarios de diferentes alturas y preferencias de entrenamiento.<\/li>\n<li>Dise\u00f1o de funci\u00f3n dividida para adaptarse a las necesidades de entrenamiento unilaterales y bilaterales.<\/li>\n<li>La funci\u00f3n de inicio asistido garantiza un inicio seguro del entrenamiento, manteniendo la tensi\u00f3n en los m\u00fasculos objetivo durante todo el entrenamiento, lo que mejora la eficiencia.<\/li>\n<li>Equipado con cuatro barras de almacenamiento para pesas, con una capacidad m\u00e1xima de almacenamiento de 400 kg.<\/li>\n<\/ul>\n","protected":false},"excerpt":{"rendered":"<p>Descripci\u00f3n: Los empu\u00f1aduras de entrenamiento cuentan con mangos de aluminio ergon\u00f3micos con marcas de escala, lo que mejora la experiencia de entrenamiento. Dise\u00f1ado con posiciones de<span class=\"excerpt-hellip\"> [\u2026]<\/span><\/p>\n","protected":false},"featured_media":12801,"template":"","meta":{"_joinchat":[]},"product_brand":[],"product_cat":[211,122,32,47],"product_tag":[],"class_list":{"0":"post-12803","1":"product","2":"type-product","3":"status-publish","4":"has-post-thumbnail","6":"product_cat-impulse","7":"product_cat-stock","8":"product_cat-profesional","9":"product_cat-peso-libre-profesional","11":"first","12":"outofstock","13":"sale","14":"shipping-taxable","15":"purchasable","16":"product-type-simple"},"_links":{"self":[{"href":"https:\/\/letsgofitness.cl\/index.php\/wp-json\/wp\/v2\/product\/12803","targetHints":{"allow":["GET"]}}],"collection":[{"href":"https:\/\/letsgofitness.cl\/index.php\/wp-json\/wp\/v2\/product"}],"about":[{"href":"https:\/\/letsgofitness.cl\/index.php\/wp-json\/wp\/v2\/types\/product"}],"wp:featuredmedia":[{"embeddable":true,"href":"https:\/\/letsgofitness.cl\/index.php\/wp-json\/wp\/v2\/media\/12801"}],"wp:attachment":[{"href":"https:\/\/letsgofitness.cl\/index.php\/wp-json\/wp\/v2\/media?parent=12803"}],"wp:term":[{"taxonomy":"product_brand","embeddable":true,"href":"https:\/\/letsgofitness.cl\/index.php\/wp-json\/wp\/v2\/product_brand?post=12803"},{"taxonomy":"product_cat","embeddable":true,"href":"https:\/\/letsgofitness.cl\/index.php\/wp-json\/wp\/v2\/product_cat?post=12803"},{"taxonomy":"product_tag","embeddable":true,"href":"https:\/\/letsgofitness.cl\/index.php\/wp-json\/wp\/v2\/product_tag?post=12803"}],"curies":[{"name":"wp","href":"https:\/\/api.w.org\/{rel}","templated":true}]}}