{"id":12192,"date":"2025-04-21T22:07:55","date_gmt":"2025-04-22T01:07:55","guid":{"rendered":"https:\/\/letsgofitness.cl\/?post_type=product&#038;p=12192"},"modified":"2026-04-10T11:13:11","modified_gmt":"2026-04-10T14:13:11","slug":"rueda-abdominal","status":"publish","type":"product","link":"https:\/\/letsgofitness.cl\/index.php\/producto\/rueda-abdominal\/","title":{"rendered":"RUEDA ABDOMINAL LGF"},"content":{"rendered":"<p>El rodillo abdominal hecho de goma antideslizante, se empuja hacia adelante, el resorte interno de acero al carbono se bloquear\u00e1 al estado extremo. Si comparamos con la rueda abdominal tradicional, esta puede frenar autom\u00e1ticamente, detener hacia adelante, lo que garantiza la estabilidad y comodidad durante el ejercicio.<\/p>\n<p>Al momento del ejercicio el agarre es c\u00f3modo y es antideslizante. La rueda abdominal adopta el dise\u00f1o del bot\u00f3n del mango, solo necesita presionarse ligeramente, es f\u00e1cil de instalar y f\u00e1cil de desmontar.<\/p>\n<p>&nbsp;<\/p>\n<p>&nbsp;<\/p>\n<p>DE AQUI PARA ABAJO, ME FALTA EDITAR LA DESCRIPCION<\/p>\n<div>La rueda abdominal est\u00e1 hecha de materiales multicapa, el anillo exterior est\u00e1 hecho de caucho ecol\u00f3gico, suave y silencioso, que es m\u00e1s estable y seguro y no da\u00f1a el suelo. En comparaci\u00f3n con los m\u00fasculos abdominales de ruedas estrechas, aumenta el ancho de la polea y mejora el equilibrio y la estabilidad de la rueda abdominal.<\/div>\n<div><\/div>\n<div>la rueda de Rebote puede deslizarse en m\u00faltiples \u00e1ngulos y la direcci\u00f3n se puede cambiar de forma flexible. Puede fortalecer y ajustar los m\u00fasculos de los m\u00fasculos abdominales, hombros, brazos y piernas, ejercitar los m\u00fasculos y las articulaciones de manera equilibrada, reducir el peso y esculpir los m\u00fasculos abdominales en cualquier momento y en cualquier lugar.<\/div>\n<div><\/div>\n<div>El rodillo para abdominales es un excelente ejercicio tanto para principiantes como personas avanzadas, sabiendo que se necesita una gran cantidad de energ\u00eda para lograr hacerlo, se ven involucradas diferentes zonas del cuerpo mientras se realiza el ejercicio. Los abdominales, pectoral mayor, oblicuo externo, serrato anterior, erector de la columna, gl\u00fateos, dorsal ancho, b\u00edceps, tr\u00edceps, deltoides, recto femoral, todos estas zonas se ven involucradas en el desarrollo del ejercicio. Evita ejercer mucha presi\u00f3n en los hombros para evitar alguna lesi\u00f3n.<\/div>\n","protected":false},"excerpt":{"rendered":"<p>El rodillo abdominal hecho de goma antideslizante, se empuja hacia adelante, el resorte interno de acero al carbono se bloquear\u00e1 al estado extremo. Si comparamos con<span class=\"excerpt-hellip\"> [\u2026]<\/span><\/p>\n","protected":false},"featured_media":12193,"template":"","meta":{"_joinchat":[]},"product_brand":[],"product_cat":[106,135,122],"product_tag":[],"class_list":{"0":"post-12192","1":"product","2":"type-product","3":"status-publish","4":"has-post-thumbnail","6":"product_cat-accesorios","7":"product_cat-oferta","8":"product_cat-stock","10":"first","11":"instock","12":"sale","13":"shipping-taxable","14":"purchasable","15":"product-type-simple"},"_links":{"self":[{"href":"https:\/\/letsgofitness.cl\/index.php\/wp-json\/wp\/v2\/product\/12192","targetHints":{"allow":["GET"]}}],"collection":[{"href":"https:\/\/letsgofitness.cl\/index.php\/wp-json\/wp\/v2\/product"}],"about":[{"href":"https:\/\/letsgofitness.cl\/index.php\/wp-json\/wp\/v2\/types\/product"}],"wp:featuredmedia":[{"embeddable":true,"href":"https:\/\/letsgofitness.cl\/index.php\/wp-json\/wp\/v2\/media\/12193"}],"wp:attachment":[{"href":"https:\/\/letsgofitness.cl\/index.php\/wp-json\/wp\/v2\/media?parent=12192"}],"wp:term":[{"taxonomy":"product_brand","embeddable":true,"href":"https:\/\/letsgofitness.cl\/index.php\/wp-json\/wp\/v2\/product_brand?post=12192"},{"taxonomy":"product_cat","embeddable":true,"href":"https:\/\/letsgofitness.cl\/index.php\/wp-json\/wp\/v2\/product_cat?post=12192"},{"taxonomy":"product_tag","embeddable":true,"href":"https:\/\/letsgofitness.cl\/index.php\/wp-json\/wp\/v2\/product_tag?post=12192"}],"curies":[{"name":"wp","href":"https:\/\/api.w.org\/{rel}","templated":true}]}}