{"id":12100,"date":"2025-04-08T15:51:53","date_gmt":"2025-04-08T18:51:53","guid":{"rendered":"https:\/\/letsgofitness.cl\/?post_type=product&#038;p=12100"},"modified":"2026-04-10T11:13:11","modified_gmt":"2026-04-10T14:13:11","slug":"commercial-adjustable-bench-strength","status":"publish","type":"product","link":"https:\/\/letsgofitness.cl\/index.php\/producto\/commercial-adjustable-bench-strength\/","title":{"rendered":"COMMERCIAL ADJUSTABLE BENCH STRENGTH"},"content":{"rendered":"<p><strong>COMMERCIAL ADJUSTABLE BENCH STRENGTH<\/strong><\/p>\n<p>Banco de entrenamiento multifuncional dise\u00f1ado para mejorar las rutinas de entrenamiento de fuerza. Cuenta con un respaldo que se puede ajustar a m\u00faltiples \u00e1ngulos, incluyendo posiciones planas e inclinadas, lo que permite a los usuarios realizar una amplia gama de ejercicios. Esta versatilidad hace que sea una pieza esencial de equipo para dirigirse a diferentes grupos musculares y lograr una rutina de fitness en un gimnasio profesional.<\/p>\n<p>CARACTERISTICAS T\u00c9CNICAS:<\/p>\n<ul>\n<li>PESO: 57 KG<\/li>\n<li>DIMENSIONES: 135 x 44 x 65 cm<\/li>\n<li>CAPACIDAD DE CARGA: 300 KG<\/li>\n<li>PERFIL : 75x75x3 mm<\/li>\n<li>RESPALDO: 9 Niveles de ajuste: Al usar este banco de mancuernas, puedes elegir ajustar el \u00e1ngulo del respaldo<\/li>\n<li>TAPIZADO: Proporciona una excelente comodidad durante el ejercicio, asegurando que puedas mejorar tu rendimiento y resistencia en el ejercicio<\/li>\n<\/ul>\n","protected":false},"excerpt":{"rendered":"<h6>Banco de entrenamiento ajustable con distintos \u00e1ngulos, permite la ejecuci\u00f3n de diversos ejercicios dirigidos a diferentes grupos musculares.<\/h6>\n","protected":false},"featured_media":12147,"template":"","meta":{"_joinchat":[]},"product_brand":[],"product_cat":[210,140,155,135,122],"product_tag":[],"class_list":{"0":"post-12100","1":"product","2":"type-product","3":"status-publish","4":"has-post-thumbnail","6":"product_cat-abdomen","7":"product_cat-bancos-rack-smith","8":"product_cat-bancos-rack-smith-bancos-rack-smith","9":"product_cat-oferta","10":"product_cat-stock","12":"first","13":"outofstock","14":"sale","15":"shipping-taxable","16":"purchasable","17":"product-type-simple"},"_links":{"self":[{"href":"https:\/\/letsgofitness.cl\/index.php\/wp-json\/wp\/v2\/product\/12100","targetHints":{"allow":["GET"]}}],"collection":[{"href":"https:\/\/letsgofitness.cl\/index.php\/wp-json\/wp\/v2\/product"}],"about":[{"href":"https:\/\/letsgofitness.cl\/index.php\/wp-json\/wp\/v2\/types\/product"}],"wp:featuredmedia":[{"embeddable":true,"href":"https:\/\/letsgofitness.cl\/index.php\/wp-json\/wp\/v2\/media\/12147"}],"wp:attachment":[{"href":"https:\/\/letsgofitness.cl\/index.php\/wp-json\/wp\/v2\/media?parent=12100"}],"wp:term":[{"taxonomy":"product_brand","embeddable":true,"href":"https:\/\/letsgofitness.cl\/index.php\/wp-json\/wp\/v2\/product_brand?post=12100"},{"taxonomy":"product_cat","embeddable":true,"href":"https:\/\/letsgofitness.cl\/index.php\/wp-json\/wp\/v2\/product_cat?post=12100"},{"taxonomy":"product_tag","embeddable":true,"href":"https:\/\/letsgofitness.cl\/index.php\/wp-json\/wp\/v2\/product_tag?post=12100"}],"curies":[{"name":"wp","href":"https:\/\/api.w.org\/{rel}","templated":true}]}}