{"id":1175,"date":"2020-08-12T08:30:58","date_gmt":"2020-08-12T11:30:58","guid":{"rendered":"https:\/\/letsgofitness.cl\/?post_type=product&#038;p=1175"},"modified":"2026-05-05T11:20:06","modified_gmt":"2026-05-05T14:20:06","slug":"trotadora-profesional-android-rct-900-4-0hp-peak-9-0hp","status":"publish","type":"product","link":"https:\/\/letsgofitness.cl\/index.php\/producto\/trotadora-profesional-android-rct-900-4-0hp-peak-9-0hp\/","title":{"rendered":"TROTADORA PROFESIONAL ANDROID RCT-900 4.0HP-PEAK 9.0HP"},"content":{"rendered":"<p>&nbsp;<\/p>\n<h6><strong>CARACTER\u00cdSTICAS T\u00c9CNICAS:<\/strong><\/h6>\n<p>Requisitos de alimentaci\u00f3n: 550V \/ 50 \/ 60Hz<br \/>\nVelocidad: 0.8-20km \/ h<br \/>\nInclinaci\u00f3n: 0-20%<br \/>\nEstribo: Muy resistente tabla de pino<br \/>\nPantalla: FULL TOUCH SCREEN<br \/>\nFunci\u00f3n: WIFI, USB, MP3, Auto-parada y Parada de emergencia, 5 programas de velocidad, 5 programas de Inclinaci\u00f3n<br \/>\nTiempo, Distancia, Inclinaci\u00f3n, Velocidad, Frecuencia card\u00edaca,\u00a0 Calor\u00edas.<br \/>\nModelo de entrenamiento: Manual P1-P4, 32 programas\u00a0 auto definidos, sistema de monta\u00f1a y colina<\/p>\n<p>Motor de corriente alterna de 4 Hp (9Hp de peak) MITSUBISHI<\/p>\n<p>GARANT\u00cdA: Motor 5 a\u00f1os, otras piezas y partes 1 a\u00f1o<\/p>\n<p>&nbsp;<\/p>\n<h6><strong>DIMENSIONES Y PESO:<\/strong><\/h6>\n<p>Medidas: 217 X 93 X 165 (cms)<\/p>\n<p>Superficie de carrera: 56 x 152 (cms)<\/p>\n<p>Peso m\u00e1ximo de usuario: 180 kilos.<\/p>\n<p>GW \/ NW: 230KG \/ 260KG<\/p>\n<p>&nbsp;<\/p>\n","protected":false},"excerpt":{"rendered":"<p>&nbsp; CARACTER\u00cdSTICAS T\u00c9CNICAS: Requisitos de alimentaci\u00f3n: 550V \/ 50 \/ 60Hz Velocidad: 0.8-20km \/ h Inclinaci\u00f3n: 0-20% Estribo: Muy resistente tabla de pino Pantalla: FULL TOUCH<span class=\"excerpt-hellip\"> [\u2026]<\/span><\/p>\n","protected":false},"featured_media":1176,"template":"","meta":{"_joinchat":[]},"product_brand":[],"product_cat":[283,32,46,57],"product_tag":[],"class_list":{"0":"post-1175","1":"product","2":"type-product","3":"status-publish","4":"has-post-thumbnail","6":"product_cat-realleader","7":"product_cat-profesional","8":"product_cat-cardio-profesional","9":"product_cat-profesional-cardio-trotadoras","11":"first","12":"outofstock","13":"sale","14":"shipping-taxable","15":"purchasable","16":"product-type-simple"},"_links":{"self":[{"href":"https:\/\/letsgofitness.cl\/index.php\/wp-json\/wp\/v2\/product\/1175","targetHints":{"allow":["GET"]}}],"collection":[{"href":"https:\/\/letsgofitness.cl\/index.php\/wp-json\/wp\/v2\/product"}],"about":[{"href":"https:\/\/letsgofitness.cl\/index.php\/wp-json\/wp\/v2\/types\/product"}],"wp:featuredmedia":[{"embeddable":true,"href":"https:\/\/letsgofitness.cl\/index.php\/wp-json\/wp\/v2\/media\/1176"}],"wp:attachment":[{"href":"https:\/\/letsgofitness.cl\/index.php\/wp-json\/wp\/v2\/media?parent=1175"}],"wp:term":[{"taxonomy":"product_brand","embeddable":true,"href":"https:\/\/letsgofitness.cl\/index.php\/wp-json\/wp\/v2\/product_brand?post=1175"},{"taxonomy":"product_cat","embeddable":true,"href":"https:\/\/letsgofitness.cl\/index.php\/wp-json\/wp\/v2\/product_cat?post=1175"},{"taxonomy":"product_tag","embeddable":true,"href":"https:\/\/letsgofitness.cl\/index.php\/wp-json\/wp\/v2\/product_tag?post=1175"}],"curies":[{"name":"wp","href":"https:\/\/api.w.org\/{rel}","templated":true}]}}