{"id":11389,"date":"2025-01-10T09:35:16","date_gmt":"2025-01-10T12:35:16","guid":{"rendered":"https:\/\/letsgofitness.cl\/?post_type=product&#038;p=11389"},"modified":"2026-04-10T11:12:31","modified_gmt":"2026-04-10T14:12:31","slug":"par-discos-olimpicos-urethane-bumpers-boss-strength","status":"publish","type":"product","link":"https:\/\/letsgofitness.cl\/index.php\/producto\/par-discos-olimpicos-urethane-bumpers-boss-strength\/","title":{"rendered":"PAR Discos Ol\u00edmpicos Urethane Bumpers BOSS STRENGTH"},"content":{"rendered":"<p>Bumpers\u00a0 Ol\u00edmpicos Boss Strength, Fabricados en URETHANE de alta resistencia son la mejor soluci\u00f3n posible de fiabilidad, calidad y durabilidad con un dise\u00f1o que impacta. El anillo interior de acero\u00a0 est\u00e1 fundido con la parte externa del disco, formando una sola pieza. Material extremadamente duradero y resistente a la abrasi\u00f3n.<\/p>\n<p><strong>Caracter\u00edsticas Bumpers URETHANE BOSS STRENGTH:<\/strong><\/p>\n<ul>\n<li>Tama\u00f1o ol\u00edmpico, fabricado para absorber fuertes impactos.<\/li>\n<li>Resistentes a la abrasi\u00f3n.<\/li>\n<li>Incorpora anillo interior de acero inoxidable.<\/li>\n<li>Fabricado con componentes de la mas alta calidad.<\/li>\n<li>Test de ca\u00eddas: M\u00e1s de 20.000.<\/li>\n<li>Reducci\u00f3n de rebote.<\/li>\n<li>No emite olores (inoloro)<\/li>\n<li>Resistentes al desgaste y deformaciones.<\/li>\n<\/ul>\n<p>&nbsp;<\/p>\n<p>&nbsp;<\/p>\n<p>&nbsp;<\/p>\n<p>&nbsp;<\/p>\n","protected":false},"excerpt":{"rendered":"<p>PRECIO POR PAR<\/p>\n","protected":false},"featured_media":11390,"template":"","meta":{"_joinchat":[]},"product_brand":[],"product_cat":[106,114,135,115,122,32,47],"product_tag":[],"class_list":{"0":"post-11389","1":"product","2":"type-product","3":"status-publish","4":"has-post-thumbnail","6":"product_cat-accesorios","7":"product_cat-discos","8":"product_cat-oferta","9":"product_cat-olimpicos","10":"product_cat-stock","11":"product_cat-profesional","12":"product_cat-peso-libre-profesional","14":"first","15":"instock","16":"sale","17":"shipping-taxable","18":"purchasable","19":"product-type-variable"},"_links":{"self":[{"href":"https:\/\/letsgofitness.cl\/index.php\/wp-json\/wp\/v2\/product\/11389","targetHints":{"allow":["GET"]}}],"collection":[{"href":"https:\/\/letsgofitness.cl\/index.php\/wp-json\/wp\/v2\/product"}],"about":[{"href":"https:\/\/letsgofitness.cl\/index.php\/wp-json\/wp\/v2\/types\/product"}],"wp:featuredmedia":[{"embeddable":true,"href":"https:\/\/letsgofitness.cl\/index.php\/wp-json\/wp\/v2\/media\/11390"}],"wp:attachment":[{"href":"https:\/\/letsgofitness.cl\/index.php\/wp-json\/wp\/v2\/media?parent=11389"}],"wp:term":[{"taxonomy":"product_brand","embeddable":true,"href":"https:\/\/letsgofitness.cl\/index.php\/wp-json\/wp\/v2\/product_brand?post=11389"},{"taxonomy":"product_cat","embeddable":true,"href":"https:\/\/letsgofitness.cl\/index.php\/wp-json\/wp\/v2\/product_cat?post=11389"},{"taxonomy":"product_tag","embeddable":true,"href":"https:\/\/letsgofitness.cl\/index.php\/wp-json\/wp\/v2\/product_tag?post=11389"}],"curies":[{"name":"wp","href":"https:\/\/api.w.org\/{rel}","templated":true}]}}