{"id":11303,"date":"2025-01-02T18:51:58","date_gmt":"2025-01-02T21:51:58","guid":{"rendered":"https:\/\/letsgofitness.cl\/?post_type=product&#038;p=11303"},"modified":"2026-05-05T11:22:04","modified_gmt":"2026-05-05T14:22:04","slug":"cerakote-bar-10-rodamientos","status":"publish","type":"product","link":"https:\/\/letsgofitness.cl\/index.php\/producto\/cerakote-bar-10-rodamientos\/","title":{"rendered":"Barra OLIMPICA Cerakote  RED &#8211; 10 RODAMIENTOS"},"content":{"rendered":"<p><strong><em>Cerakote Multi Cross Bar\u00a0<\/em><em>Roja<\/em><\/strong><\/p>\n<p>Barra BOSS STRENGTH cerakote, es ideal para todo tipo de entrenamiento, el revestimiento de Cerakote , como muchas otras innovaciones, se hizo con fines \u00a0militares y luego se avanz\u00f3 para uso civil. El revestimiento de cer\u00e1mica se caracteriza por un alto grado de protecci\u00f3n contra la corrosi\u00f3n, el desgaste y tambi\u00e9n mejora la resistencia ante impactos y ca\u00eddas de la barra en esos duros entrenamientos, lo que garantiza una vida \u00fatil muy larga si se mantiene adecuadamente.<\/p>\n<ul>\n<li><strong>Peso<\/strong> 20 Kg<\/li>\n<li><strong>Carga m\u00e1xima<\/strong> 1500 libras (680 Kilos)<\/li>\n<li><strong>\u00danica<\/strong> con 10 rodamientos aguja (5 por lado)<\/li>\n<li><strong>Longitud<\/strong> de la Barra 2200 mm<\/li>\n<li><strong>Di\u00e1metro<\/strong> de la barra \u00f8 28 mm<\/li>\n<li><strong>Bujes de bronce<\/strong><\/li>\n<li><strong>Seguros seger<\/strong><\/li>\n<li><strong>Incluye par de tenazas<\/strong><\/li>\n<li><strong>Resistencia<\/strong>\u00a0a la tracci\u00f3n del eje es de 190.000 PSI<\/li>\n<\/ul>\n<p>&nbsp;<\/p>\n<p><strong>\u00a1Look impresionante con grabado laser,<\/strong>\u00a0<strong>se tu propio BOSS en cada entrenamiento!<\/strong><\/p>\n","protected":false},"excerpt":{"rendered":"<p>Cerakote Multi Cross Bar\u00a0Roja Barra BOSS STRENGTH cerakote, es ideal para todo tipo de entrenamiento, el revestimiento de Cerakote , como muchas otras innovaciones, se hizo<span class=\"excerpt-hellip\"> [\u2026]<\/span><\/p>\n","protected":false},"featured_media":9819,"template":"","meta":{"_joinchat":[]},"product_brand":[],"product_cat":[106,107,135,122],"product_tag":[],"class_list":{"0":"post-11303","1":"product","2":"type-product","3":"status-publish","4":"has-post-thumbnail","6":"product_cat-accesorios","7":"product_cat-accesorios-barras","8":"product_cat-oferta","9":"product_cat-stock","11":"first","12":"instock","13":"sale","14":"shipping-taxable","15":"purchasable","16":"product-type-simple"},"_links":{"self":[{"href":"https:\/\/letsgofitness.cl\/index.php\/wp-json\/wp\/v2\/product\/11303","targetHints":{"allow":["GET"]}}],"collection":[{"href":"https:\/\/letsgofitness.cl\/index.php\/wp-json\/wp\/v2\/product"}],"about":[{"href":"https:\/\/letsgofitness.cl\/index.php\/wp-json\/wp\/v2\/types\/product"}],"wp:featuredmedia":[{"embeddable":true,"href":"https:\/\/letsgofitness.cl\/index.php\/wp-json\/wp\/v2\/media\/9819"}],"wp:attachment":[{"href":"https:\/\/letsgofitness.cl\/index.php\/wp-json\/wp\/v2\/media?parent=11303"}],"wp:term":[{"taxonomy":"product_brand","embeddable":true,"href":"https:\/\/letsgofitness.cl\/index.php\/wp-json\/wp\/v2\/product_brand?post=11303"},{"taxonomy":"product_cat","embeddable":true,"href":"https:\/\/letsgofitness.cl\/index.php\/wp-json\/wp\/v2\/product_cat?post=11303"},{"taxonomy":"product_tag","embeddable":true,"href":"https:\/\/letsgofitness.cl\/index.php\/wp-json\/wp\/v2\/product_tag?post=11303"}],"curies":[{"name":"wp","href":"https:\/\/api.w.org\/{rel}","templated":true}]}}