{"id":11283,"date":"2024-12-30T16:30:13","date_gmt":"2024-12-30T19:30:13","guid":{"rendered":"https:\/\/letsgofitness.cl\/?post_type=product&#038;p=11283"},"modified":"2026-04-17T13:06:00","modified_gmt":"2026-04-17T16:06:00","slug":"preventa-seated-leg-press-st3","status":"publish","type":"product","link":"https:\/\/letsgofitness.cl\/index.php\/producto\/preventa-seated-leg-press-st3\/","title":{"rendered":"SEATED LEG PRESS ST3 **OFERTA PAGO CONTADO $930.000** (Transferencia)"},"content":{"rendered":"<h5><strong>CARACTER\u00cdSTICAS T\u00c9CNICAS<\/strong><\/h5>\n<ul>\n<li>Fabricada en tubo cuadrado de acero Q235 de 3 mm de espesor.<\/li>\n<li>Estructura con pintura en polvo para una fijaci\u00f3n total y una alta resistencia.<\/li>\n<li>Movimiento unilateral.<\/li>\n<li>Biomec\u00e1nica dise\u00f1ada especialmente para permitir la accesibilidad a cualquier tipo de usuario.<\/li>\n<li>Cuenta con asiento regulable en posici\u00f3n y altura.<\/li>\n<li>Tapizado de asientos y respaldo con relleno de PU, antibacteriano e ign\u00edfugo.<\/li>\n<li>Rodamientos industriales y perner\u00eda de alta calidad.<\/li>\n<li>6 portadiscos de carga en acero inoxidable.<\/li>\n<li>Agarres c\u00f3modos recubiertos de goma no porosa. Ofrecen una muy buena sensaci\u00f3n de agarre y seguridad al contacto.<\/li>\n<li>Pictograma explicativo sobre la postura correcta para la realizaci\u00f3n del ejercicio y los m\u00fasculos implicados en el mismo.<\/li>\n<\/ul>\n<h5>DIMENSIONES Y PESO<\/h5>\n<ul>\n<li><strong>Largo:\u00a0<\/strong>177\u00a0cm.<\/li>\n<li><strong>Ancho:\u00a0<\/strong>169 cm.<\/li>\n<li><strong>Alto:\u00a0<\/strong>150 cm.<\/li>\n<li><strong>Peso:<\/strong>\u00a0145 kg.<\/li>\n<li><strong>Capacidad de carga m\u00e1xima:<\/strong>\u00a0400 kg.<\/li>\n<\/ul>\n","protected":false},"excerpt":{"rendered":"<p>Con un dise\u00f1o elegante y sofisticado, este equipo ha sido desarrollado tras un exhaustivo estudio de calidad, asegurando un uso profesional y altamente efectivo. Su enfoque est\u00e1 en trabajar toda la zona de las piernas, ofreciendo ejercicios dirigidos espec\u00edficamente a los cu\u00e1driceps, femorales, aductores, isquiotibiales y pantorrillas.<\/p>\n","protected":false},"featured_media":11252,"template":"","meta":{"_joinchat":[]},"product_brand":[],"product_cat":[135,122,32,47],"product_tag":[],"class_list":{"0":"post-11283","1":"product","2":"type-product","3":"status-publish","4":"has-post-thumbnail","6":"product_cat-oferta","7":"product_cat-stock","8":"product_cat-profesional","9":"product_cat-peso-libre-profesional","11":"first","12":"instock","13":"sale","14":"shipping-taxable","15":"purchasable","16":"product-type-simple"},"_links":{"self":[{"href":"https:\/\/letsgofitness.cl\/index.php\/wp-json\/wp\/v2\/product\/11283","targetHints":{"allow":["GET"]}}],"collection":[{"href":"https:\/\/letsgofitness.cl\/index.php\/wp-json\/wp\/v2\/product"}],"about":[{"href":"https:\/\/letsgofitness.cl\/index.php\/wp-json\/wp\/v2\/types\/product"}],"wp:featuredmedia":[{"embeddable":true,"href":"https:\/\/letsgofitness.cl\/index.php\/wp-json\/wp\/v2\/media\/11252"}],"wp:attachment":[{"href":"https:\/\/letsgofitness.cl\/index.php\/wp-json\/wp\/v2\/media?parent=11283"}],"wp:term":[{"taxonomy":"product_brand","embeddable":true,"href":"https:\/\/letsgofitness.cl\/index.php\/wp-json\/wp\/v2\/product_brand?post=11283"},{"taxonomy":"product_cat","embeddable":true,"href":"https:\/\/letsgofitness.cl\/index.php\/wp-json\/wp\/v2\/product_cat?post=11283"},{"taxonomy":"product_tag","embeddable":true,"href":"https:\/\/letsgofitness.cl\/index.php\/wp-json\/wp\/v2\/product_tag?post=11283"}],"curies":[{"name":"wp","href":"https:\/\/api.w.org\/{rel}","templated":true}]}}