{"id":11280,"date":"2024-12-27T15:34:37","date_gmt":"2024-12-27T18:34:37","guid":{"rendered":"https:\/\/letsgofitness.cl\/?post_type=product&#038;p=11280"},"modified":"2026-04-10T11:10:05","modified_gmt":"2026-04-10T14:10:05","slug":"preventa-banco-press-declinado-st3","status":"publish","type":"product","link":"https:\/\/letsgofitness.cl\/index.php\/producto\/preventa-banco-press-declinado-st3\/","title":{"rendered":"BANCO PRESS DECLINADO ST3 **OFERTA PAGO CONTADO $365.000** (Transferencia)"},"content":{"rendered":"<p>El banco press declinado est\u00e1 dise\u00f1ado para ser usado por usuarios de distintas altiras, adem\u00e1s gran firmenza debido al material con que es forrado, lo que permite un agarre \u00fanico a la superficie del banco.<\/p>\n<p>Cuenta con dos brazos en J para asisitir tus ejericios y asegurar las abrras en cada repitici\u00f3n.<\/p>\n<p><strong>OTRAS CARACTER\u00cdSTICAS:<\/strong><\/p>\n<ul>\n<li>4 brazos para almacenar discos ol\u00edmpicos.<\/li>\n<li>Relleno con espuma, forrada en cuero sint\u00e9tico (para una mayor higiene).<\/li>\n<li>Los topes del piso son de goma de alta resistencia.<\/li>\n<li>Dise\u00f1o robusto y firme.<\/li>\n<\/ul>\n","protected":false},"excerpt":{"rendered":"<p>El banco press declinado est\u00e1 dise\u00f1ado para ser usado por usuarios de distintas altiras, adem\u00e1s gran firmenza debido al material con que es forrado, lo que<span class=\"excerpt-hellip\"> [\u2026]<\/span><\/p>\n","protected":false},"featured_media":11258,"template":"","meta":{"_joinchat":[]},"product_brand":[],"product_cat":[135,122,32],"product_tag":[],"class_list":{"0":"post-11280","1":"product","2":"type-product","3":"status-publish","4":"has-post-thumbnail","6":"product_cat-oferta","7":"product_cat-stock","8":"product_cat-profesional","10":"first","11":"instock","12":"sale","13":"shipping-taxable","14":"purchasable","15":"product-type-simple"},"_links":{"self":[{"href":"https:\/\/letsgofitness.cl\/index.php\/wp-json\/wp\/v2\/product\/11280","targetHints":{"allow":["GET"]}}],"collection":[{"href":"https:\/\/letsgofitness.cl\/index.php\/wp-json\/wp\/v2\/product"}],"about":[{"href":"https:\/\/letsgofitness.cl\/index.php\/wp-json\/wp\/v2\/types\/product"}],"wp:featuredmedia":[{"embeddable":true,"href":"https:\/\/letsgofitness.cl\/index.php\/wp-json\/wp\/v2\/media\/11258"}],"wp:attachment":[{"href":"https:\/\/letsgofitness.cl\/index.php\/wp-json\/wp\/v2\/media?parent=11280"}],"wp:term":[{"taxonomy":"product_brand","embeddable":true,"href":"https:\/\/letsgofitness.cl\/index.php\/wp-json\/wp\/v2\/product_brand?post=11280"},{"taxonomy":"product_cat","embeddable":true,"href":"https:\/\/letsgofitness.cl\/index.php\/wp-json\/wp\/v2\/product_cat?post=11280"},{"taxonomy":"product_tag","embeddable":true,"href":"https:\/\/letsgofitness.cl\/index.php\/wp-json\/wp\/v2\/product_tag?post=11280"}],"curies":[{"name":"wp","href":"https:\/\/api.w.org\/{rel}","templated":true}]}}